000
CXUS54 KBMX 011110
CF6EET
PRELIMINARY LOCAL CLIMATOLOGICAL DATA (WS FORM: F-6)
STATION: SHELBY COUNTY AIRPORT
MONTH: NOVEMBER
YEAR: 2022
LATITUDE: 33 10 N
LONGITUDE: 86 47 W
TEMPERATURE IN F: :PCPN: SNOW: WIND :SUNSHINE: SKY :PK WND
================================================================================
1 2 3 4 5 6A 6B 7 8 9 10 11 12 13 14 15 16 17 18
12Z AVG MX 2MIN
DY MAX MIN AVG DEP HDD CDD WTR SNW DPTH SPD SPD DIR MIN PSBL S-S WX SPD DR
================================================================================
1 74 50 62 3 3 0 0.00 0.0 0 1.6 10 360 M M 0 1 14 360
2 78 55 67 9 0 2 0.00 0.0 0 1.3 10 170 M M 0 13 350
3 79 53 66 8 0 1 0.00 0.0 0 2.1 8 70 M M 0 13 70
4 78 55 67 9 0 2 0.00 0.0 0 2.8 12 160 M M 0 17 140
5 70 56 63 6 2 0 0.15 0.0 0 4.6 13 150 M M 4 18 19 130
6 81 59 70 13 0 5 0.00 0.0 0 0.8 6 100 M M 5 1 8 70
7 84 63 74 17 0 9 0.00 0.0 0 1.3 8 100 M M 2 1 12 80
8 86 64 75 19 0 10 0.00 0.0 0 2.4 8 110 M M 1 12 50
9 72 54 63 7 2 0 0.00 0.0 0 4.6 10 60 M M 0 20 60
10 74 55 65 9 0 0 0.03 0.0 0 4.8 12 10 M M 5 1 21 10
11 72 58 65 9 0 0 0.04 0.0 0 5.0 14 300 M M 8 1 20 310
12 61 39 50 -5 15 0 T M 0 6.9 16 300 M M 8 1 26 310
13 49 33 41 -14 24 0 0.00 0.0 0 5.5 13 350 M M 3 19 360
14 60 30 45 -10 20 0 0.02 0.0 0 5.1 14 150 M M 1 20 140
15 54 44 49 -5 16 0 0.70 M 0 4.8 13 310 M M 10 1 20 310
16 53 34 44 -10 21 0 0.00 0.0 0 5.7 12 310 M M 2 18 360
17 47 30 39 -15 26 0 0.00 0.0 M 2.9 13 300 M M 0 17 310
18 56 26 41 -13 24 0 0.00 0.0 0 1.1 8 350 M M 0 13 320
19 51 30 41 -13 24 0 0.00 0.0 0 1.9 9 310 M M M 13 310
20 49 30 40 -13 25 0 0.00 0.0 0 2.3 10 310 M M 0 15 320
21 59 27 43 -10 22 0 0.00 0.0 0 0.7 7 350 M M 1 9 100
22 63 44 54 1 11 0 T 0.0 0 1.0 7 360 M M 5 10 80
23 72 41 57 5 8 0 0.00 0.0 0 1.2 7 350 M M 4 10 50
24 72 45 59 7 6 0 0.13 0.0 0 3.0 8 80 M M 2 1 15 120
25 68 51 60 8 5 0 0.36 0.0 0 2.9 9 40 M M 6 1 16 70
26 64 50 57 5 8 0 0.79 0.0 0 5.3 14 140 M M 5 18 22 120
27 67 48 58 6 7 0 0.03 0.0 0 6.1 17 270 M M 3 1 26 210
28 65 42 54 2 11 0 0.00 0.0 M 0.9 7 280 M M 0 10 330
29 72 42 57 6 8 0 0.33 0.0 0 6.5 18 160 M M 5 13 24 170
30 69 40 55 4 10 0 1.83 0.0 0 7.7 20 310 M M 4 13 27 360
================================================================================
SM 1999 1348 298 29 4.41 0.0 102.8 M 84
================================================================================
AV 66.6 44.9 3.4 FASTST M M 3 MAX(MPH)
MISC ----> 20 310 27 360
================================================================================
NOTES:
# LAST OF SEVERAL OCCURRENCES
COLUMN 17 PEAK WIND IN M.P.H.
PRELIMINARY LOCAL CLIMATOLOGICAL DATA (WS FORM: F-6) , PAGE 2
STATION: SHELBY COUNTY AIRPORT
MONTH: NOVEMBER
YEAR: 2022
LATITUDE: 33 10 N
LONGITUDE: 86 47 W
[TEMPERATURE DATA] [PRECIPITATION DATA] SYMBOLS USED IN COLUMN 16
AVERAGE MONTHLY: 55.8 TOTAL FOR MONTH: 4.41 1 = FOG OR MIST
DPTR FM NORMAL: 1.2 DPTR FM NORMAL: -0.15 2 = FOG REDUCING VISIBILITY
HIGHEST: 86 ON 8 GRTST 24HR 2.16 ON 29-30 TO 1/4 MILE OR LESS
LOWEST: 26 ON 18 3 = THUNDER
SNOW, ICE PELLETS, HAIL 4 = ICE PELLETS
TOTAL MONTH: 0.0 INCH 5 = HAIL
GRTST 24HR 0.0 6 = FREEZING RAIN OR DRIZZLE
GRTST DEPTH: 0 7 = DUSTSTORM OR SANDSTORM:
VSBY 1/2 MILE OR LESS
8 = SMOKE OR HAZE
[NO. OF DAYS WITH] [WEATHER - DAYS WITH] 9 = BLOWING SNOW
X = TORNADO
MAX 32 OR BELOW: 0 0.01 INCH OR MORE: 11
MAX 90 OR ABOVE: 0 0.10 INCH OR MORE: 7
MIN 32 OR BELOW: 6 0.50 INCH OR MORE: 3
MIN 0 OR BELOW: 0 1.00 INCH OR MORE: 1
[HDD (BASE 65) ]
TOTAL THIS MO. 298 CLEAR (SCALE 0-3) 16
DPTR FM NORMAL -28 PTCLDY (SCALE 4-7) 12
TOTAL FM JUL 1 397 CLOUDY (SCALE 8-10) 2
DPTR FM NORMAL -33
[CDD (BASE 65) ]
TOTAL THIS MO. 29
DPTR FM NORMAL 16 [PRESSURE DATA]
TOTAL FM JAN 1 2271 HIGHEST SLP 30.47 ON 21
DPTR FM NORMAL 93 LOWEST SLP 29.58 ON 11
[REMARKS]
#FINAL-11-22#