000
CXUS56 KEKA 191230
CF6EKA
PRELIMINARY LOCAL CLIMATOLOGICAL DATA (WS FORM: F-6)
STATION: EUREKA CA
MONTH: APRIL
YEAR: 2024
LATITUDE: 40 47 N
LONGITUDE: 124 10 W
TEMPERATURE IN F: :PCPN: SNOW: WIND :SUNSHINE: SKY :PK WND
================================================================================
1 2 3 4 5 6A 6B 7 8 9 10 11 12 13 14 15 16 17 18
12Z AVG MX 2MIN
DY MAX MIN AVG DEP HDD CDD WTR SNW DPTH SPD SPD DIR MIN PSBL S-S WX SPD DR
================================================================================
1 61 40 51 1 14 0 0.00 0.0 0 3.2 8 360 M M 0 8 9 M
2 57 44 51 1 14 0 0.01 0.0 0 4.0 8 240 M M 9 1 12 M
3 51 41 46 -4 19 0 0.02 0.0 0 6.4 13 360 M M 10 1 15 M
4 51 39 45 -5 20 0 0.00 0.0 0 9.3 15 20 M M 8 30 M
5 53 37 45 -5 20 0 T 0.0 0 4.8 12 350 M M 4 24 M
6 55 40 48 -2 17 0 0.08 0.0 0 5.5 13 290 M M 8 17 M
7 56 42 49 -1 16 0 0.04 0.0 0 5.4 13 330 M M 2 16 M
8 57 44 51 1 14 0 0.00 0.0 0 6.4 10 350 M M 3 16 M
9 58 46 52 2 13 0 0.00 0.0 0 5.1 9 360 M M 7 14 M
10 56 44 50 0 15 0 0.00 0.0 0 4.6 14 20 M M 8 1 14 M
11 55 45 50 0 15 0 0.00 0.0 0 2.9 10 340 M M 7 12 M
12 57 42 50 0 15 0 T 0.0 0 2.3 10 340 M M 9 13 M
13 55 46 51 0 14 0 0.36 0.0 0 2.1 12 230 M M 10 13 M
14 55 47 51 0 14 0 0.30 0.0 0 3.6 9 350 M M 10 1 9 M
15 57 46 52 1 13 0 0.00 0.0 0 8.5 18 340 M M 4 21 M
16 56 43 50 -1 15 0 0.00 0.0 0 5.8 16 10 M M 7 21 340
17 56 40 48 -3 17 0 0.00 0.0 0 2.7 8 360 M M 3 M M
18 62 40 51 0 14 0 0.00 0.0 0 1.8 6 30 M M 4 6 0
================================================================================
SM 1008 766 279 0 0.81 0.0 84.4 M 113
================================================================================
AV 56.0 42.6 4.7 FASTST M M 6 MAX(MPH)
MISC ----> 18 340 30 9999
================================================================================
NOTES:
# LAST OF SEVERAL OCCURRENCES
COLUMN 17 PEAK WIND IN M.P.H.
PRELIMINARY LOCAL CLIMATOLOGICAL DATA (WS FORM: F-6) , PAGE 2
STATION: EUREKA CA
MONTH: APRIL
YEAR: 2024
LATITUDE: 40 47 N
LONGITUDE: 124 10 W
[TEMPERATURE DATA] [PRECIPITATION DATA] SYMBOLS USED IN COLUMN 16
AVERAGE MONTHLY: 49.3 TOTAL FOR MONTH: 0.81 1 = FOG OR MIST
DPTR FM NORMAL: -1.1 DPTR FM NORMAL: -1.70 2 = FOG REDUCING VISIBILITY
HIGHEST: 62 ON 18 GRTST 24HR 0.36 ON 13-13 TO 1/4 MILE OR LESS
LOWEST: 37 ON 5 3 = THUNDER
SNOW, ICE PELLETS, HAIL 4 = ICE PELLETS
TOTAL MONTH: 0.0 INCH 5 = HAIL
GRTST 24HR 0.0 6 = FREEZING RAIN OR DRIZZLE
GRTST DEPTH: 0 7 = DUSTSTORM OR SANDSTORM:
VSBY 1/2 MILE OR LESS
8 = SMOKE OR HAZE
[NO. OF DAYS WITH] [WEATHER - DAYS WITH] 9 = BLOWING SNOW
X = TORNADO
MAX 32 OR BELOW: 0 0.01 INCH OR MORE: 6
MAX 90 OR ABOVE: 0 0.10 INCH OR MORE: 2
MIN 32 OR BELOW: 0 0.50 INCH OR MORE: 0
MIN 0 OR BELOW: 0 1.00 INCH OR MORE: 0
[HDD (BASE 65) ]
TOTAL THIS MO. 279 CLEAR (SCALE 0-3) 3
DPTR FM NORMAL 16 PTCLDY (SCALE 4-7) 10
TOTAL FM JUL 1 3201 CLOUDY (SCALE 8-10) 5
DPTR FM NORMAL -519
[CDD (BASE 65) ]
TOTAL THIS MO. 0
DPTR FM NORMAL 0 [PRESSURE DATA]
TOTAL FM JAN 1 0 HIGHEST SLP M ON M
DPTR FM NORMAL 0 LOWEST SLP 29.69 ON 12
[REMARKS]