000
CXUS54 KEPZ 011130
CF6ELP
PRELIMINARY LOCAL CLIMATOLOGICAL DATA (WS FORM: F-6)
STATION: EL PASO
MONTH: NOVEMBER
YEAR: 2021
LATITUDE: 31 47 N
LONGITUDE: 106 24 W
TEMPERATURE IN F: :PCPN: SNOW: WIND :SUNSHINE: SKY :PK WND
================================================================================
1 2 3 4 5 6A 6B 7 8 9 10 11 12 13 14 15 16 17 18
12Z AVG MX 2MIN
DY MAX MIN AVG DEP HDD CDD WTR SNW DPTH SPD SPD DIR MIN PSBL S-S WX SPD DR
================================================================================
1 80 49 65 5 0 0 0.00 0.0 0 5.2 17 250 M M 3 25 230
2 80 46 63 3 2 0 0.00 0.0 0 6.1 17 300 M M 5 23 300
3 73 43 58 -2 7 0 0.00 0.0 0 6.0 17 110 M M 2 23 100
4 68 43 56 -3 9 0 0.00 0.0 0 2.1 9 110 M M 0 13 100
5 79 42 61 2 4 0 0.00 0.0 0 2.5 9 160 M M 0 8 10 150
6 81 43 62 4 3 0 0.00 0.0 0 2.6 9 200 M M 2 12 210
7 82 43 63 5 2 0 0.00 0.0 0 2.7 8 190 M M 1 12 200
8 79 46 63 5 2 0 0.00 0.0 0 3.4 10 180 M M 8 8 13 170
9 81 47 64 7 1 0 0.00 0.0 0 4.2 10 260 M M 3 14 270
10 76 50 63 6 2 0 0.00 0.0 0 8.4 23 330 M M 3 32 340
11 74 50 62 6 3 0 0.00 0.0 0 9.0 14 10 M M 0 24 360
12 74 37 56 0 9 0 0.00 0.0 0 5.5 17 20 M M 0 22 360
13 75 39 57 2 8 0 0.00 0.0 0 3.8 9 20 M M 0 12 250
14 77 38 58 3 7 0 0.00 0.0 0 3.5 10 360 M M 1 13 10
15 78 38 58 4 7 0 0.00 0.0 0 4.7 10 210 M M 2 14 210
16 79 46 63 9 2 0 0.00 0.0 0 8.7 20 250 M M 2 27 230
17 76 51 64 10 1 0 0.00 0.0 0 8.2 20 280 M M 6 26 280
18 58 41 50 -3 15 0 0.00 0.0 0 8.2 16 90 M M 1 24 80
19 66 34 50 -3 15 0 0.00 0.0 0 3.2 8 10 M M 3 10 180
20 76 37 57 4 8 0 0.00 0.0 0 5.6 17 250 M M 5 20 260
21 67 47 57 5 8 0 0.00 0.0 0 9.8 20 80 M M 8 26 90
22 66 44 55 3 10 0 0.00 0.0 0 5.8 15 350 M M 7 18 350
23 69 43 56 5 9 0 0.00 0.0 0 5.6 10 20 M M 8 13 210
24 70 55 63 12 2 0 0.02 0.0 0 10.2 26 270 M M 8 37 280
25 57 40 49 -2 16 0 0.02 0.0 0 11.3 23 50 M M 7 32 60
26 54 34 44 -6 21 0 0.04 0.0 0 4.6 12 180 M M 6 14 180
27 60 42 51 1 14 0 0.26 0.0 0 4.4 14 200 M M 5 1 19 200
28 63 39 51 1 14 0 0.00 0.0 0 3.4 14 360 M M 0 17 360
29 68 34 51 2 14 0 0.00 0.0 0 2.4 7 170 M M 2 9 20
30 71 42 57 8 8 0 0.00 0.0 0 3.5 10 280 M M 4 12 270
================================================================================
SM 2157 1283 223 0 0.34 0.0 164.6 M 102
================================================================================
AV 71.9 42.8 5.5 FASTST M M 3 MAX(MPH)
MISC ----> 26 270 37 280
================================================================================
NOTES:
# LAST OF SEVERAL OCCURRENCES
COLUMN 17 PEAK WIND IN M.P.H.
PRELIMINARY LOCAL CLIMATOLOGICAL DATA (WS FORM: F-6) , PAGE 2
STATION: EL PASO
MONTH: NOVEMBER
YEAR: 2021
LATITUDE: 31 47 N
LONGITUDE: 106 24 W
[TEMPERATURE DATA] [PRECIPITATION DATA] SYMBOLS USED IN COLUMN 16
AVERAGE MONTHLY: 57.3 TOTAL FOR MONTH: 0.34 1 = FOG OR MIST
DPTR FM NORMAL: 2.8 DPTR FM NORMAL: -0.09 2 = FOG REDUCING VISIBILITY
HIGHEST: 82 ON 7 GRTST 24HR 0.30 ON 26-27 TO 1/4 MILE OR LESS
LOWEST: 34 ON 29,26 3 = THUNDER
SNOW, ICE PELLETS, HAIL 4 = ICE PELLETS
TOTAL MONTH: 0.0 INCH 5 = HAIL
GRTST 24HR 0.0 6 = FREEZING RAIN OR DRIZZLE
GRTST DEPTH: 0 7 = DUSTSTORM OR SANDSTORM:
VSBY 1/2 MILE OR LESS
8 = SMOKE OR HAZE
[NO. OF DAYS WITH] [WEATHER - DAYS WITH] 9 = BLOWING SNOW
X = TORNADO
MAX 32 OR BELOW: 0 0.01 INCH OR MORE: 4
MAX 90 OR ABOVE: 0 0.10 INCH OR MORE: 1
MIN 32 OR BELOW: 0 0.50 INCH OR MORE: 0
MIN 0 OR BELOW: 0 1.00 INCH OR MORE: 0
[HDD (BASE 65) ]
TOTAL THIS MO. 223 CLEAR (SCALE 0-3) 15
DPTR FM NORMAL -98 PTCLDY (SCALE 4-7) 14
TOTAL FM JUL 1 246 CLOUDY (SCALE 8-10) 1
DPTR FM NORMAL -139
[CDD (BASE 65) ]
TOTAL THIS MO. 0
DPTR FM NORMAL -6 [PRESSURE DATA]
TOTAL FM JAN 1 2679 HIGHEST SLP 30.39 ON 25
DPTR FM NORMAL 18 LOWEST SLP 29.77 ON 24
[REMARKS]
#FINAL-11-21#