000
CXUS54 KEPZ 011030
CF6ELP
PRELIMINARY LOCAL CLIMATOLOGICAL DATA (WS FORM: F-6)
STATION: EL PASO
MONTH: OCTOBER
YEAR: 2021
LATITUDE: 31 47 N
LONGITUDE: 106 24 W
TEMPERATURE IN F: :PCPN: SNOW: WIND :SUNSHINE: SKY :PK WND
================================================================================
1 2 3 4 5 6A 6B 7 8 9 10 11 12 13 14 15 16 17 18
12Z AVG MX 2MIN
DY MAX MIN AVG DEP HDD CDD WTR SNW DPTH SPD SPD DIR MIN PSBL S-S WX SPD DR
================================================================================
1 78 56 67 -5 0 2 T 0.0 0 6.1 16 340 M M 3 21 340
2 81 56 69 -3 0 4 0.00 0.0 0 7.5 14 360 M M 1 17 360
3 86 60 73 2 0 8 0.00 0.0 0 5.4 13 160 M M 3 19 180
4 87 60 74 3 0 9 0.00 0.0 0 3.9 10 110 M M 2 15 40
5 86 60 73 2 0 8 0.00 0.0 0 4.3 14 90 M M 4 22 100
6 89 65 77 7 0 12 T 0.0 0 4.1 16 260 M M 3 22 260
7 90 58 74 4 0 9 0.00 0.0 0 6.8 17 210 M M 4 25 240
8 92 60 76 6 0 11 0.00 0.0 0 5.0 14 270 M M 5 19 260
9 92 64 78 9 0 13 0.00 0.0 0 14.3 31 260 M M 0 39 270
10 79 55 67 -2 0 2 0.00 0.0 0 16.6 35 280 M M 1 50 270
11 85 51 68 -1 0 3 0.00 0.0 0 10.6 26 260 M M 3 34 250
12 88 60 74 6 0 9 0.00 0.0 0 19.2 38 260 M M 1 55 260
13 74 50 62 -6 3 0 0.00 0.0 0 3.8 15 310 M M 1 20 240
14 77 50 64 -4 1 0 0.00 0.0 0 11.5 25 260 M M 0 34 270
15 74 53 64 -3 1 0 0.00 0.0 0 11.9 26 360 M M 0 34 10
16 76 50 63 -4 2 0 0.00 0.0 0 7.3 16 130 M M 2 27 110
17 81 52 67 1 0 2 0.00 0.0 0 4.6 12 130 M M 2 16 170
18 85 56 71 5 0 6 0.00 0.0 0 10.5 25 250 M M 3 32 240
19 81 59 70 4 0 5 0.00 0.0 0 9.7 23 250 M M 1 30 260
20 83 48 66 1 0 1 0.00 0.0 0 3.8 10 350 M M 1 14 350
21 87 53 70 5 0 5 0.00 0.0 0 6.3 14 360 M M 1 17 20
22 86 55 71 6 0 6 0.00 0.0 0 3.5 12 360 M M 2 14 10
23 83 58 71 7 0 6 0.00 0.0 0 11.4 28 250 M M 3 38 250
24 81 57 69 5 0 4 0.00 0.0 0 6.8 15 240 M M 2 22 270
25 88 52 70 7 0 5 0.00 0.0 0 5.0 13 190 M M 1 18 210
26 79 56 68 5 0 3 0.00 0.0 0 20.6 39 260 M M 1 56 270
27 69 51 60 -3 5 0 0.00 0.0 0 14.0 28 290 M M 0 38 300
28 73 47 60 -2 5 0 0.00 0.0 0 6.0 20 340 M M 0 29 350
29 78 43 61 -1 4 0 0.00 0.0 0 4.2 9 150 M M 0 15 100
30 83 42 63 2 2 0 0.00 0.0 0 5.1 15 270 M M 0 18 280
31 80 49 65 4 0 0 0.00 0.0 0 4.5 13 200 M M 2 16 200
================================================================================
SM 2551 1686 23 133 T 0.0 254.3 M 52
================================================================================
AV 82.3 54.4 8.2 FASTST M M 2 MAX(MPH)
MISC ----> 39 260 56 270
================================================================================
NOTES:
# LAST OF SEVERAL OCCURRENCES
COLUMN 17 PEAK WIND IN M.P.H.
PRELIMINARY LOCAL CLIMATOLOGICAL DATA (WS FORM: F-6) , PAGE 2
STATION: EL PASO
MONTH: OCTOBER
YEAR: 2021
LATITUDE: 31 47 N
LONGITUDE: 106 24 W
[TEMPERATURE DATA] [PRECIPITATION DATA] SYMBOLS USED IN COLUMN 16
AVERAGE MONTHLY: 68.3 TOTAL FOR MONTH: T 1 = FOG OR MIST
DPTR FM NORMAL: 1.6 DPTR FM NORMAL: -0.59 2 = FOG REDUCING VISIBILITY
HIGHEST: 92 ON 9, 8 GRTST 24HR 0.08 ON 30- 1 TO 1/4 MILE OR LESS
LOWEST: 42 ON 30 3 = THUNDER
SNOW, ICE PELLETS, HAIL 4 = ICE PELLETS
TOTAL MONTH: 0.0 INCH 5 = HAIL
GRTST 24HR 0.0 6 = FREEZING RAIN OR DRIZZLE
GRTST DEPTH: 0 7 = DUSTSTORM OR SANDSTORM:
VSBY 1/2 MILE OR LESS
8 = SMOKE OR HAZE
[NO. OF DAYS WITH] [WEATHER - DAYS WITH] 9 = BLOWING SNOW
X = TORNADO
MAX 32 OR BELOW: 0 0.01 INCH OR MORE: 0
MAX 90 OR ABOVE: 3 0.10 INCH OR MORE: 0
MIN 32 OR BELOW: 0 0.50 INCH OR MORE: 0
MIN 0 OR BELOW: 0 1.00 INCH OR MORE: 0
[HDD (BASE 65) ]
TOTAL THIS MO. 23 CLEAR (SCALE 0-3) 25
DPTR FM NORMAL -39 PTCLDY (SCALE 4-7) 6
TOTAL FM JUL 1 23 CLOUDY (SCALE 8-10) 0
DPTR FM NORMAL -40
[CDD (BASE 65) ]
TOTAL THIS MO. 133
DPTR FM NORMAL 19 [PRESSURE DATA]
TOTAL FM JAN 1 2679 HIGHEST SLP 30.28 ON 16
DPTR FM NORMAL 24 LOWEST SLP 29.42 ON 12
[REMARKS]
#FINAL-10-21#