000
CXUS56 KLKN 030929
CF6ELY
PRELIMINARY LOCAL CLIMATOLOGICAL DATA (WS FORM: F-6)
STATION: ELY AIRPORT NV
MONTH: SEPTEMBER
YEAR: 2021
LATITUDE: 39 16 N
LONGITUDE: 114 51 W
TEMPERATURE IN F: :PCPN: SNOW: WIND :SUNSHINE: SKY :PK WND
================================================================================
1 2 3 4 5 6A 6B 7 8 9 10 11 12 13 14 15 16 17 18
12Z AVG MX 2MIN
DY MAX MIN AVG DEP HDD CDD WTR SNW DPTH SPD SPD DIR MIN PSBL S-S WX SPD DR
================================================================================
1 81 50 66 2 0 1 0.02 0.0 0 9.4 30 170 M M 0 3 37 170
2 83 50 67 4 0 2 0.00 0.0 0 10.8 25 210 M M 0 35 230
3 82 36 59 -4 6 0 0.00 0.0 0 5.5 15 180 M M 0 17 180
4 85 39 62 -1 3 0 0.00 0.0 0 6.6 15 180 M M 0 17 170
5 90 41 66 4 0 1 0.00 0.0 0 7.6 16 280 M M 0 20 280
6 93 44 69 7 0 4 0.00 0.0 0 8.0 16 170 M M 0 19 180
7 94 42 68 6 0 3 0.00 0.0 0 7.2 17 170 M M 0 21 170
8 94 43 69 8 0 4 0.00 0.0 0 8.3 22 230 M M 0 27 230
9 92 48 70 9 0 5 0.01 0.0 0 11.1 36 150 M M 2 38 46 150
10 84 51 68 7 0 3 T 0.0 0 13.0 44 230 M M 2 38 54 220
11 82 50 66 6 0 1 0.08 0.0 0 9.6 23 210 M M 6 1 26 50
12 84 43 64 4 1 0 0.00 0.0 0 10.2 21 210 M M 0 26 220
13 84 43 64 4 1 0 0.00 0.0 0 8.1 18 230 M M 0 8 25 220
14 85 39 62 3 3 0 0.00 0.0 0 8.6 16 10 M M 0 20 10
15 85 40 63 4 2 0 0.00 0.0 0 10.7 17 200 M M 0 24 280
16 82 41 62 4 3 0 0.00 0.0 0 7.2 20 270 M M 0 25 280
17 81 38 60 2 5 0 0.00 0.0 0 11.6 26 210 M M 0 8 33 210
18 76 52 64 6 1 0 0.05 0.0 0 16.0 26 230 M M 2 3 40 240
19 77 42 60 3 5 0 0.00 0.0 0 14.2 24 250 M M 0 8 35 270
20 67 30 49 -8 16 0 0.00 0.0 0 8.2 17 30 M M 0 23 20
21 78 25 52 -4 13 0 0.00 0.0 0 6.2 16 180 M M 0 18 200
22 80 33 57 1 8 0 0.00 0.0 0 9.3 20 270 M M 0 24 260
23 76 37 57 1 8 0 0.00 0.0 0 8.3 18 360 M M 0 24 360
24 77 31 54 -1 11 0 0.00 0.0 0 7.9 15 180 M M 0 18 170
25 82 35 59 4 6 0 0.00 0.0 0 8.5 16 180 M M 0 21 180
26 84 39 62 8 3 0 0.00 0.0 0 6.6 15 180 M M 0 21 360
27 83 39 61 7 4 0 0.00 0.0 0 11.0 22 160 M M 1 31 160
28 62 38 50 -3 15 0 0.00 0.0 0 13.7 24 310 M M 5 8 32 330
29 61 20 41 -12 24 0 0.00 0.0 0 8.8 20 10 M M 0 25 10
30 64 19 42 -10 23 0 0.00 0.0 0 10.3 21 30 M M 0 28 40
================================================================================
SM 2428 1178 161 24 0.16 0.0 282.5 M 18
================================================================================
AV 80.9 39.3 9.4 FASTST M M 1 MAX(MPH)
MISC ----> 44 230 54 220
================================================================================
NOTES:
# LAST OF SEVERAL OCCURRENCES
COLUMN 17 PEAK WIND IN M.P.H.
PRELIMINARY LOCAL CLIMATOLOGICAL DATA (WS FORM: F-6) , PAGE 2
STATION: ELY AIRPORT NV
MONTH: SEPTEMBER
YEAR: 2021
LATITUDE: 39 16 N
LONGITUDE: 114 51 W
[TEMPERATURE DATA] [PRECIPITATION DATA] SYMBOLS USED IN COLUMN 16
AVERAGE MONTHLY: 60.1 TOTAL FOR MONTH: 0.16 1 = FOG OR MIST
DPTR FM NORMAL: 1.7 DPTR FM NORMAL: -0.48 2 = FOG REDUCING VISIBILITY
HIGHEST: 94 ON 8, 7 GRTST 24HR 0.08 ON 10-11 TO 1/4 MILE OR LESS
LOWEST: 19 ON 30 3 = THUNDER
SNOW, ICE PELLETS, HAIL 4 = ICE PELLETS
TOTAL MONTH: 0.0 INCH 5 = HAIL
GRTST 24HR 0.0 6 = FREEZING RAIN OR DRIZZLE
GRTST DEPTH: 0 7 = DUSTSTORM OR SANDSTORM:
VSBY 1/2 MILE OR LESS
8 = SMOKE OR HAZE
[NO. OF DAYS WITH] [WEATHER - DAYS WITH] 9 = BLOWING SNOW
X = TORNADO
MAX 32 OR BELOW: 0 0.01 INCH OR MORE: 4
MAX 90 OR ABOVE: 5 0.10 INCH OR MORE: 0
MIN 32 OR BELOW: 5 0.50 INCH OR MORE: 0
MIN 0 OR BELOW: 0 1.00 INCH OR MORE: 0
[HDD (BASE 65) ]
TOTAL THIS MO. 161 CLEAR (SCALE 0-3) 28
DPTR FM NORMAL -49 PTCLDY (SCALE 4-7) 2
TOTAL FM JUL 1 202 CLOUDY (SCALE 8-10) 0
DPTR FM NORMAL -49
[CDD (BASE 65) ]
TOTAL THIS MO. 24
DPTR FM NORMAL 12 [PRESSURE DATA]
TOTAL FM JAN 1 464 HIGHEST SLP 30.48 ON 21
DPTR FM NORMAL 164 LOWEST SLP 29.60 ON 28
[REMARKS]
#FINAL-09-21#