000
CXUS56 KLKN 231214
CF6ELY
PRELIMINARY LOCAL CLIMATOLOGICAL DATA (WS FORM: F-6)
STATION: ELY AIRPORT NV
MONTH: JULY
YEAR: 2020
LATITUDE: 39 16 N
LONGITUDE: 114 51 W
TEMPERATURE IN F: :PCPN: SNOW: WIND :SUNSHINE: SKY :PK WND
================================================================================
1 2 3 4 5 6A 6B 7 8 9 10 11 12 13 14 15 16 17 18
12Z AVG MX 2MIN
DY MAX MIN AVG DEP HDD CDD WTR SNW DPTH SPD SPD DIR MIN PSBL S-S WX SPD DR
================================================================================
1 83 38 61 -4 4 0 0.00 0.0 0 13.0 26 230 M M 0 35 230
2 85 55 70 4 0 5 0.00 0.0 0 13.1 23 190 M M 0 36 230
3 87 53 70 4 0 5 0.00 0.0 0 12.3 23 210 M M 0 28 180
4 89 45 67 1 0 2 0.00 0.0 0 10.4 24 220 M M 0 33 220
5 91 41 66 0 0 1 0.00 0.0 0 8.4 23 210 M M 0 28 190
6 92 42 67 0 0 2 0.00 0.0 0 11.8 25 190 M M 0 33 200
7 89 45 67 0 0 2 0.00 0.0 0 8.9 25 210 M M 0 36 220
8 89 38 64 -3 1 0 0.00 0.0 0 7.7 20 200 M M 0 28 210
9 90 43 67 0 0 2 0.00 0.0 0 9.7 24 220 M M 0 34 180
10 93 45 69 1 0 4 0.00 0.0 0 7.0 20 200 M M 0 26 170
11 96 48 72 4 0 7 0.01 0.0 0 9.1 26 210 M M 0 3 36 220
12 96 53 75 7 0 10 0.00 0.0 0 7.6 22 210 M M 0 3 33 180
13 96 49 73 5 0 8 0.00 0.0 0 9.9 25 200 M M 0 43 220
14 92 47 70 2 0 5 0.00 0.0 0 8.2 20 360 M M 0 25 360
15 94 46 70 2 0 5 0.00 0.0 0 7.9 26 130 M M 0 34 130
16 94 49 72 4 0 7 T 0.0 0 9.3 29 70 M M 0 3 35 50
17 93 52 73 5 0 8 0.00 0.0 0 10.6 22 220 M M 0 31 250
18 93 52 73 4 0 8 0.00 0.0 0 8.2 20 210 M M 0 25 210
19 95 47 71 2 0 6 0.00 0.0 0 8.0 22 270 M M 0 31 270
20 92 48 70 1 0 5 T 0.0 0 9.1 35 140 M M 0 8 51 140
21 88 56 72 3 0 7 T 0.0 0 9.6 25 160 M M 3 3 33 120
22 87 50 69 0 0 4 T 0.0 0 11.7 30 30 M M 4 3 41 40
23 87 43 65 -4 0 0 0.00 0.0 0 12.5 28 190 M M 0 42 180
24 85 40 63 -6 2 0 0.00 0.0 0 10.0 26 150 M M 0 32 170
25 89 50 70 1 0 5 0.00 0.0 0 8.1 17 310 M M 0 21 300
26 89 47 68 -1 0 3 0.00 0.0 0 5.8 21 90 M M 0 27 100
27 87 50 69 0 0 4 0.09 0.0 0 8.3 33 170 M M 3 38 43 170
28 90 44 67 -2 0 2 0.00 0.0 0 7.2 20 210 M M 1 26 200
29 94 44 69 0 0 4 0.00 0.0 0 8.3 16 270 M M 0 24 300
30 97 45 71 2 0 6 0.00 0.0 0 8.5 22 170 M M 0 28 170
31 94 50 72 3 0 7 0.00 0.0 0 11.1 24 230 M M 0 32 240
================================================================================
SM 2816 1455 7 134 0.10 0.0 291.3 M 11
================================================================================
AV 90.8 46.9 9.4 FASTST M M 0 MAX(MPH)
MISC ----> # 35 140 # 51 140
================================================================================
NOTES:
# LAST OF SEVERAL OCCURRENCES
COLUMN 17 PEAK WIND IN M.P.H.
PRELIMINARY LOCAL CLIMATOLOGICAL DATA (WS FORM: F-6) , PAGE 2
STATION: ELY AIRPORT NV
MONTH: JULY
YEAR: 2020
LATITUDE: 39 16 N
LONGITUDE: 114 51 W
[TEMPERATURE DATA] [PRECIPITATION DATA] SYMBOLS USED IN COLUMN 16
AVERAGE MONTHLY: 68.9 TOTAL FOR MONTH: 0.10 1 = FOG OR MIST
DPTR FM NORMAL: 1.1 DPTR FM NORMAL: -0.54 2 = FOG REDUCING VISIBILITY
HIGHEST: 97 ON 30 GRTST 24HR 0.09 ON 27-27 TO 1/4 MILE OR LESS
LOWEST: 38 ON 8, 1 3 = THUNDER
SNOW, ICE PELLETS, HAIL 4 = ICE PELLETS
TOTAL MONTH: 0.0 INCH 5 = HAIL
GRTST 24HR 0.0 6 = FREEZING RAIN OR DRIZZLE
GRTST DEPTH: 0 7 = DUSTSTORM OR SANDSTORM:
VSBY 1/2 MILE OR LESS
8 = SMOKE OR HAZE
[NO. OF DAYS WITH] [WEATHER - DAYS WITH] 9 = BLOWING SNOW
X = TORNADO
MAX 32 OR BELOW: 0 0.01 INCH OR MORE: 2
MAX 90 OR ABOVE: 18 0.10 INCH OR MORE: 0
MIN 32 OR BELOW: 0 0.50 INCH OR MORE: 0
MIN 0 OR BELOW: 0 1.00 INCH OR MORE: 0
[HDD (BASE 65) ]
TOTAL THIS MO. 7 CLEAR (SCALE 0-3) 30
DPTR FM NORMAL -16 PTCLDY (SCALE 4-7) 1
TOTAL FM JUL 1 7 CLOUDY (SCALE 8-10) 0
DPTR FM NORMAL -16
[CDD (BASE 65) ]
TOTAL THIS MO. 134
DPTR FM NORMAL 23 [PRESSURE DATA]
TOTAL FM JAN 1 181 HIGHEST SLP 30.04 ON 27
DPTR FM NORMAL 46 LOWEST SLP 29.62 ON 13
[REMARKS]
#FINAL-07-20#