000
CXUS53 KMKX 010910
CF6ENW
PRELIMINARY LOCAL CLIMATOLOGICAL DATA (WS FORM: F-6)
STATION: KENOSHA WI
MONTH: MARCH
YEAR: 2020
LATITUDE: 42 35 N
LONGITUDE: 87 56 W
TEMPERATURE IN F: :PCPN: SNOW: WIND :SUNSHINE: SKY :PK WND
================================================================================
1 2 3 4 5 6A 6B 7 8 9 10 11 12 13 14 15 16 17 18
12Z AVG MX 2MIN
DY MAX MIN AVG DEP HDD CDD WTR SNW DPTH SPD SPD DIR MIN PSBL S-S WX SPD DR
================================================================================
1 59 29 44 14 21 0 0.00 0.0 0 11.6 24 240 M M 1 33 240
2 46 29 38 8 27 0 0.00 0.0 0 8.0 16 300 M M 2 23 310
3 46 28 37 6 28 0 0.06 M 0 12.3 28 280 M M 6 18 36 250
4 47 29 38 7 27 0 T M 0 10.0 17 300 M M 2 26 280
5 52 30 41 10 24 0 T M 0 15.2 29 280 M M 6 42 220
6 40 22 31 -1 34 0 0.00 0.0 0 11.8 26 330 M M 6 40 330
7 53 21 37 5 28 0 0.00 0.0 0 11.3 21 200 M M 0 8 28 200
8 67 40 54 22 11 0 0.00 0.0 0 16.0 25 200 M M 0 37 220
9 57 49 53 20 12 0 0.98 M 0 13.9 26 230 M M 8 1 36 240
10 50 33 42 9 23 0 T M 0 7.4 17 340 M M 6 24 350
11 47 35 41 7 24 0 T M 0 6.2 12 250 M M 9 18 16 260
12 58 36 47 13 18 0 0.01 M 0 12.2 25 280 M M 3 18 36 300
13 49 34 42 8 23 0 0.00 0.0 0 15.7 28 260 M M 0 38 270
14 39 33 36 2 29 0 T M 0 9.5 17 30 M M 7 24 40
15 43 28 36 1 29 0 0.00 0.0 0 9.7 18 50 M M 4 24 60
16 43 26 35 0 30 0 0.00 0.0 0 6.5 13 250 M M 7 18 16 200
17 48 35 42 6 23 0 0.00 0.0 0 9.5 18 300 M M 3 26 310
18 43 37 40 4 25 0 0.02 M 0 7.1 13 130 M M 8 18 16 130
19 56 39 48 12 17 0 0.57 M 0 9.7 17 130 M M 10 128 23 130
20 47 29 38 2 27 0 0.26 M 0 12.1 21 330 M M 10 1 31 340
21 33 23 28 -9 37 0 0.00 0.0 0 8.4 20 40 M M 6 26 40
22 36 22 29 -8 36 0 0.01 M 0 7.6 20 130 M M 8 1 26 120
23 44 26 35 -3 30 0 0.02 M 0 4.5 10 250 M M 10 128 15 260
24 47 30 39 1 26 0 0.00 0.0 0 5.7 14 110 M M 5 128 19 130
25 61 28 45 7 20 0 0.00 0.0 0 7.4 20 210 M M 5 128 28 190
26 53 37 45 7 20 0 0.09 M 0 9.8 17 30 M M 10 1 22 30
27 47 37 42 3 23 0 0.43 M 0 10.4 24 120 M M 10 123 31 120
28 54 43 49 10 16 0 1.53 M 0 11.1 25 140 M M 10 123 34 150
29 58 42 50 10 15 0 0.02 M 0 20.5 35 250 M M 8 1 47 260
30 49 38 44 4 21 0 0.00 0.0 0 11.0 21 310 M M 10 29 310
31 42 37 40 0 25 0 T M 0 8.9 15 30 M M 10 18 22 20
================================================================================
SM 1514 1005 749 0 4.00 0.0 321.0 M 190
================================================================================
AV 48.8 32.4 10.4 FASTST M M 6 MAX(MPH)
MISC ----> # 35 250 # 47 260
================================================================================
NOTES:
# LAST OF SEVERAL OCCURRENCES
COLUMN 17 PEAK WIND IN M.P.H.
PRELIMINARY LOCAL CLIMATOLOGICAL DATA (WS FORM: F-6) , PAGE 2
STATION: KENOSHA WI
MONTH: MARCH
YEAR: 2020
LATITUDE: 42 35 N
LONGITUDE: 87 56 W
[TEMPERATURE DATA] [PRECIPITATION DATA] SYMBOLS USED IN COLUMN 16
AVERAGE MONTHLY: 40.6 TOTAL FOR MONTH: 4.00 1 = FOG OR MIST
DPTR FM NORMAL: 5.5 DPTR FM NORMAL: 1.90 2 = FOG REDUCING VISIBILITY
HIGHEST: 67 ON 8 GRTST 24HR 1.53 ON 28-28 TO 1/4 MILE OR LESS
LOWEST: 21 ON 7 3 = THUNDER
SNOW, ICE PELLETS, HAIL 4 = ICE PELLETS
TOTAL MONTH: 0.0 INCH 5 = HAIL
GRTST 24HR 0.0 6 = FREEZING RAIN OR DRIZZLE
GRTST DEPTH: 0 7 = DUSTSTORM OR SANDSTORM:
VSBY 1/2 MILE OR LESS
8 = SMOKE OR HAZE
[NO. OF DAYS WITH] [WEATHER - DAYS WITH] 9 = BLOWING SNOW
X = TORNADO
MAX 32 OR BELOW: 0 0.01 INCH OR MORE: 12
MAX 90 OR ABOVE: 0 0.10 INCH OR MORE: 5
MIN 32 OR BELOW: 15 0.50 INCH OR MORE: 3
MIN 0 OR BELOW: 0 1.00 INCH OR MORE: 1
[HDD (BASE 65) ]
TOTAL THIS MO. 749 CLEAR (SCALE 0-3) 8
DPTR FM NORMAL -176 PTCLDY (SCALE 4-7) 11
TOTAL FM JUL 1 5204 CLOUDY (SCALE 8-10) 12
DPTR FM NORMAL -820
[CDD (BASE 65) ]
TOTAL THIS MO. 0
DPTR FM NORMAL 0 [PRESSURE DATA]
TOTAL FM JAN 1 0 HIGHEST SLP 30.70 ON 15
DPTR FM NORMAL 0 LOWEST SLP 29.37 ON 29
[REMARKS]
#FINAL-03-20#