000
CXUS54 KEWX 011010
CF6ERV
PRELIMINARY LOCAL CLIMATOLOGICAL DATA (WS FORM: F-6)
STATION: KERRVILLE
MONTH: OCTOBER
YEAR: 2023
LATITUDE: 29 58 N
LONGITUDE: 99 5 W
TEMPERATURE IN F: :PCPN: SNOW: WIND :SUNSHINE: SKY :PK WND
================================================================================
1 2 3 4 5 6A 6B 7 8 9 10 11 12 13 14 15 16 17 18
12Z AVG MX 2MIN
DY MAX MIN AVG DEP HDD CDD WTR SNW DPTH SPD SPD DIR MIN PSBL S-S WX SPD DR
================================================================================
1 86 70 78 M 0 13 0.32 M M 4.7 16 130 M M 5 16 100
2 88 64 76 M 0 11 M M M 4.3 12 110 M M 3 20 110
3 92 67 80 M 0 15 M M M 4.7 10 160 M M 5 M M
4 93 75 84 M 0 19 M M M 7.2 15 160 M M 6 18 170
5 80 66 73 M 0 8 0.83 M M 3.7 12 360 M M 5 3 25 200
6 83 63 73 M 0 8 M M M 4.8 10 20 M M 1 18 70
7 75 55 65 M 0 0 M M M 5.2 14 30 M M 0 22 30
8 78 47 63 M 2 0 M M M 3.6 10 190 M M 0 M M
9 80 50 65 M 0 0 M M M 5.3 15 200 M M 0 23 200
10 74 64 69 M 0 4 M M M 8.1 14 170 M M 9 17 180
11 76 64 70 M 0 5 M M M 7.8 12 170 M M 10 M M
12 80 66 73 M 0 8 M M M 9.6 17 170 M M 8 21 170
13 89 69 79 M 0 14 M M M 6.1 12 360 M M 7 1 18 170
14 77 54 66 M 0 1 M M M 6.8 13 10 M M 3 21 10
15 74 51 63 M 2 0 M M M 6.7 17 350 M M 2 24 360
16 74 42 58 M 7 0 M M M 5.6 16 340 M M 0 23 360
17 77 37 57 M 8 0 M M M 3.1 10 190 M M 0 M M
18 81 43 62 M 3 0 M M M 7.2 18 180 M M 0 23 180
19 86 48 67 M 0 2 M M M 3.8 13 40 M M 0 17 10
20 94 46 70 M 0 5 M M M 2.7 9 140 M M 0 M M
21 91 49 70 M 0 5 M M M 3.4 14 180 M M 0 17 150
22 85 67 76 M 0 11 M M M 7.3 14 160 M M 6 22 160
23 78 71 75 M 0 10 0.02 M M 10.5 20 140 M M 8 28 140
24 79 70 75 M 0 10 0.25 M M 12.7 18 150 M M 10 25 150
25 82 72 77 M 0 12 0.71 M M 12.4 21 150 M M 10 29 160
26 84 68 76 M 0 11 0.92 M M 8.0 14 180 M M 8 22 160
27 85 72 79 M 0 14 0.13 M M 8.3 13 150 M M 8 1 18 160
28 82 70 76 M 0 11 M M M 8.2 14 170 M M 7 21 170
29 80 39 60 M 5 0 0.02 M M 13.9 23 350 M M 10 31 350
30 45 37 41 M 24 0 0.12 M M 15.2 22 350 M M 10 30 350
31 58 35 47 M 18 0 M M M 8.6 15 20 M M 4 22 350
================================================================================
SM 2486 1791 69 197 3.32 M 219.6 M 145
================================================================================
AV 80.2 57.8 7.1 FASTST M M 5 MAX(MPH)
MISC ----> 23 350 31 350
================================================================================
NOTES:
# LAST OF SEVERAL OCCURRENCES
COLUMN 17 PEAK WIND IN M.P.H.
PRELIMINARY LOCAL CLIMATOLOGICAL DATA (WS FORM: F-6) , PAGE 2
STATION: KERRVILLE
MONTH: OCTOBER
YEAR: 2023
LATITUDE: 29 58 N
LONGITUDE: 99 5 W
[TEMPERATURE DATA] [PRECIPITATION DATA] SYMBOLS USED IN COLUMN 16
AVERAGE MONTHLY: 69.0 TOTAL FOR MONTH: 3.32 1 = FOG OR MIST
DPTR FM NORMAL: 0.0 DPTR FM NORMAL: M 2 = FOG REDUCING VISIBILITY
HIGHEST: 94 ON 20 GRTST 24HR 0.92 ON 26-26 TO 1/4 MILE OR LESS
LOWEST: 35 ON 31 3 = THUNDER
SNOW, ICE PELLETS, HAIL 4 = ICE PELLETS
TOTAL MONTH: M 5 = HAIL
GRTST 24HR M ON M 6 = FREEZING RAIN OR DRIZZLE
GRTST DEPTH: M ON M 7 = DUSTSTORM OR SANDSTORM:
VSBY 1/2 MILE OR LESS
8 = SMOKE OR HAZE
[NO. OF DAYS WITH] [WEATHER - DAYS WITH] 9 = BLOWING SNOW
X = TORNADO
MAX 32 OR BELOW: 0 0.01 INCH OR MORE: 9
MAX 90 OR ABOVE: 4 0.10 INCH OR MORE: 7
MIN 32 OR BELOW: 0 0.50 INCH OR MORE: 3
MIN 0 OR BELOW: 0 1.00 INCH OR MORE: 0
[HDD (BASE 65) ]
TOTAL THIS MO. 69 CLEAR (SCALE 0-3) 12
DPTR FM NORMAL M PTCLDY (SCALE 4-7) 10
TOTAL FM JUL 1 69 CLOUDY (SCALE 8-10) 9
DPTR FM NORMAL M
[CDD (BASE 65) ]
TOTAL THIS MO. 197
DPTR FM NORMAL M [PRESSURE DATA]
TOTAL FM JAN 1 3067 HIGHEST SLP M ON M
DPTR FM NORMAL M LOWEST SLP M ON M
[REMARKS]
#FINAL-10-23#