000
CXUS53 KDMX 011349
CF6EST
PRELIMINARY LOCAL CLIMATOLOGICAL DATA (WS FORM: F-6)
STATION: ESTHERVILLE IA
MONTH: JANUARY
YEAR: 2023
LATITUDE: 43 24 N
LONGITUDE: 94 45 W
TEMPERATURE IN F: :PCPN: SNOW: WIND :SUNSHINE: SKY :PK WND
================================================================================
1 2 3 4 5 6A 6B 7 8 9 10 11 12 13 14 15 16 17 18
12Z AVG MX 2MIN
DY MAX MIN AVG DEP HDD CDD WTR SNW DPTH SPD SPD DIR MIN PSBL S-S WX SPD DR
================================================================================
1 37 21 29 13 36 0 0.00 0.0 M 5.7 15 270 M M 3 18 260
2 28 22 25 9 40 0 M M M 11.2 20 40 M M 8 18 24 20
3 32 25 29 13 36 0 M M M 20.3 29 40 M M 10 16 35 30
4 27 22 25 9 40 0 0.00 0.0 M 18.3 23 340 M M 10 1 28 330
5 24 7 16 1 49 0 M M M 14.5 23 330 M M 5 1 30 330
6 18 3 11 -4 54 0 T M M 7.2 14 10 M M 2 18 17 10
7 14 -4 5 -10 60 0 T M M 4.6 12 360 M M 4 128 15 10
8 26 -6 10 -5 55 0 0.00 0.0 M 9.0 13 210 M M 0 18 16 230
9 35 12 24 9 41 0 0.00 0.0 M 11.5 22 240 M M 0 18 28 240
10 26 6 16 1 49 0 0.00 0.0 M 5.5 14 90 M M 5 12 15 80
11 29 16 23 8 42 0 0.00 0.0 M 10.7 23 340 M M 9 12 30 340
12 23 9 16 1 49 0 T M M 20.6 31 340 M M 9 18 38 340
13 11 2 7 -8 58 0 T M M 7.7 16 320 M M 5 1 20 320
14 36 9 23 9 42 0 0.00 0.0 M 20.1 26 170 M M 0 33 170
15 36 29 33 19 32 0 0.00 0.0 M 16.6 25 170 M M 2 31 180
16 36 32 34 20 31 0 1.04 M M 11.2 22 310 M M 10 1 26 320
17 32 24 28 14 37 0 T M M 16.7 21 300 M M 10 1 M M
18 30 22 26 12 39 0 M M M 13.0 25 60 M M 10 12 31 60
19 30 25 28 14 37 0 M M M 18.1 24 320 M M 10 18 33 330
20 25 17 21 7 44 0 T M M 10.9 23 300 M M 10 18 27 310
21 25 17 21 7 44 0 0.00 0.0 M 4.5 12 240 M M 10 12 15 230
22 19 5 12 -2 53 0 0.00 0.0 M 4.1 13 240 M M 6 128 16 250
23 33 6 20 6 45 0 0.00 0.0 M 11.5 18 290 M M 3 1 22 270
24 33 9 21 6 44 0 0.00 0.0 M 7.9 15 250 M M 5 12 19 220
25 27 4 16 1 49 0 T M M 17.7 28 340 M M 8 18 36 330
26 26 1 14 -1 51 0 M M M 14.2 26 200 M M 2 18 35 200
27 37 8 23 8 42 0 M M M 18.0 36 320 M M 5 189 43 320
28 14 -2 6 -9 59 0 M M M 16.2 25 30 M M 10 18 30 20
29 5 -5 0 -15 65 0 0.00 0.0 M 12.1 22 350 M M 4 8 29 350
30 2 -14 -6 -21 71 0 0.00 0.0 M 8.8 14 240 M M 0 15 230
31 11 -12 0 -15 65 0 0.00 0.0 M 11.2 22 230 M M 0 28 230
================================================================================
SM 787 310 1459 0 1.04 0.0 379.6 M 175
================================================================================
AV 25.4 10.0 12.2 FASTST M M 6 MAX(MPH)
MISC ----> 36 320 43 320
================================================================================
NOTES:
# LAST OF SEVERAL OCCURRENCES
COLUMN 17 PEAK WIND IN M.P.H.
PRELIMINARY LOCAL CLIMATOLOGICAL DATA (WS FORM: F-6) , PAGE 2
STATION: ESTHERVILLE IA
MONTH: JANUARY
YEAR: 2023
LATITUDE: 43 24 N
LONGITUDE: 94 45 W
[TEMPERATURE DATA] [PRECIPITATION DATA] SYMBOLS USED IN COLUMN 16
AVERAGE MONTHLY: 17.7 TOTAL FOR MONTH: 1.04 1 = FOG OR MIST
DPTR FM NORMAL: 2.9 DPTR FM NORMAL: 0.48 2 = FOG REDUCING VISIBILITY
HIGHEST: 37 ON 27, 1 GRTST 24HR 1.04 ON 16-16 TO 1/4 MILE OR LESS
LOWEST: -14 ON 30 3 = THUNDER
SNOW, ICE PELLETS, HAIL 4 = ICE PELLETS
TOTAL MONTH: 0.0 INCH 5 = HAIL
GRTST 24HR 0.0 6 = FREEZING RAIN OR DRIZZLE
GRTST DEPTH: M ON M 7 = DUSTSTORM OR SANDSTORM:
VSBY 1/2 MILE OR LESS
8 = SMOKE OR HAZE
[NO. OF DAYS WITH] [WEATHER - DAYS WITH] 9 = BLOWING SNOW
X = TORNADO
MAX 32 OR BELOW: 23 0.01 INCH OR MORE: 1
MAX 90 OR ABOVE: 0 0.10 INCH OR MORE: 1
MIN 32 OR BELOW: 31 0.50 INCH OR MORE: 1
MIN 0 OR BELOW: 6 1.00 INCH OR MORE: 1
[HDD (BASE 65) ]
TOTAL THIS MO. 1459 CLEAR (SCALE 0-3) 9
DPTR FM NORMAL -95 PTCLDY (SCALE 4-7) 11
TOTAL FM JUL 1 4471 CLOUDY (SCALE 8-10) 11
DPTR FM NORMAL -219
[CDD (BASE 65) ]
TOTAL THIS MO. 0
DPTR FM NORMAL 0 [PRESSURE DATA]
TOTAL FM JAN 1 0 HIGHEST SLP 30.59 ON 30
DPTR FM NORMAL 0 LOWEST SLP 29.35 ON 16
[REMARKS]
#FINAL-01-23#