000
CXUS51 KOKX 010910
CF6EWR
PRELIMINARY LOCAL CLIMATOLOGICAL DATA (WS FORM: F-6)
STATION: NEWARK NJ
MONTH: AUGUST
YEAR: 2023
LATITUDE: 40 42 N
LONGITUDE: 74 10 W
TEMPERATURE IN F: :PCPN: SNOW: WIND :SUNSHINE: SKY :PK WND
================================================================================
1 2 3 4 5 6A 6B 7 8 9 10 11 12 13 14 15 16 17 18
12Z AVG MX 2MIN
DY MAX MIN AVG DEP HDD CDD WTR SNW DPTH SPD SPD DIR MIN PSBL S-S WX SPD DR
================================================================================
1 84 67 76 -2 0 11 T 0.0 0 10.0 17 330 M M 6 26 310
2 83 63 73 -5 0 8 0.00 0.0 0 6.5 13 170 M M 4 23 320
3 81 64 73 -5 0 8 0.00 0.0 0 8.6 16 200 M M 8 23 150
4 79 72 76 -2 0 11 0.00 0.0 0 9.9 16 240 M M 9 22 220
5 88 70 79 1 0 14 0.00 0.0 0 6.8 15 20 M M 7 20 30
6 87 68 78 0 0 13 0.00 0.0 0 7.8 16 160 M M 5 19 160
7 84 69 77 0 0 12 0.67 0.0 0 9.1 26 200 M M 10 13 37 220
8 84 71 78 1 0 13 T 0.0 0 14.0 31 260 M M 8 8 37 310
9 90 70 80 3 0 15 0.00 0.0 0 13.7 22 260 M M 3 35 270
10 83 71 77 0 0 12 0.45 0.0 0 3.8 14 200 M M 8 13 18 190
11 88 67 78 1 0 13 0.00 0.0 0 8.7 22 260 M M 3 28 250
12 90 68 79 2 0 14 0.01 0.0 0 6.6 18 180 M M 6 3 25 170
13 90 71 81 4 0 16 0.50 0.0 0 9.3 23 250 M M 6 13 29 250
14 90 73 82 5 0 17 T 0.0 0 4.6 14 200 M M 8 17 170
15 84 72 78 1 0 13 0.43 0.0 0 8.1 15 280 M M 9 1 18 280
16 85 70 78 2 0 13 0.56 0.0 0 5.4 14 150 M M 8 13 18 160
17 82 74 78 2 0 13 T 0.0 0 7.6 17 120 M M 9 25 130
18 85 70 78 2 0 13 0.36 0.0 0 12.6 31 320 M M 6 13 37 320
19 82 63 73 -3 0 8 0.00 0.0 0 11.2 21 260 M M 4 27 260
20 89 62 76 0 0 11 0.00 0.0 0 7.6 17 240 M M 5 21 220
21 91 70 81 5 0 16 0.00 0.0 0 8.9 18 330 M M 7 24 330
22 80 68 74 -2 0 9 0.00 0.0 0 13.4 24 20 M M 8 30 20
23 82 65 74 -2 0 9 0.00 0.0 0 7.9 13 130 M M 6 18 130
24 75 68 72 -3 0 7 0.04 0.0 0 6.5 18 180 M M 10 1 24 180
25 81 71 76 1 0 11 0.91 0.0 0 5.8 15 230 M M 8 13 19 180
26 87 73 80 5 0 15 0.24 0.0 0 6.2 14 340 M M 7 1 20 300
27 87 69 78 3 0 13 0.00 0.0 0 7.1 15 330 M M 5 23 320
28 78 72 75 0 0 10 0.00 0.0 0 6.7 13 130 M M 9 17 130
29 83 68 76 2 0 11 T 0.0 0 5.1 9 110 M M 8 12 130
30 88 70 79 5 0 14 0.10 0.0 0 10.4 23 330 M M 8 1 30 320
31 80 64 72 -2 0 7 0.00 0.0 0 13.4 23 350 M M 5 31 360
================================================================================
SM 2620 2133 0 370 4.27 0.0 263.3 M 213
================================================================================
AV 84.5 68.8 8.5 FASTST M M 7 MAX(MPH)
MISC ----> # 31 260 # 37 220
================================================================================
NOTES:
# LAST OF SEVERAL OCCURRENCES
COLUMN 17 PEAK WIND IN M.P.H.
PRELIMINARY LOCAL CLIMATOLOGICAL DATA (WS FORM: F-6) , PAGE 2
STATION: NEWARK NJ
MONTH: AUGUST
YEAR: 2023
LATITUDE: 40 42 N
LONGITUDE: 74 10 W
[TEMPERATURE DATA] [PRECIPITATION DATA] SYMBOLS USED IN COLUMN 16
AVERAGE MONTHLY: 76.7 TOTAL FOR MONTH: 4.27 1 = FOG OR MIST
DPTR FM NORMAL: 0.3 DPTR FM NORMAL: 0.12 2 = FOG REDUCING VISIBILITY
HIGHEST: 91 ON 21 GRTST 24HR 0.94 ON 24-25 TO 1/4 MILE OR LESS
LOWEST: 62 ON 20 3 = THUNDER
SNOW, ICE PELLETS, HAIL 4 = ICE PELLETS
TOTAL MONTH: 0.0 INCH 5 = HAIL
GRTST 24HR 0.0 6 = FREEZING RAIN OR DRIZZLE
GRTST DEPTH: 0 7 = DUSTSTORM OR SANDSTORM:
VSBY 1/2 MILE OR LESS
8 = SMOKE OR HAZE
[NO. OF DAYS WITH] [WEATHER - DAYS WITH] 9 = BLOWING SNOW
X = TORNADO
MAX 32 OR BELOW: 0 0.01 INCH OR MORE: 11
MAX 90 OR ABOVE: 5 0.10 INCH OR MORE: 9
MIN 32 OR BELOW: 0 0.50 INCH OR MORE: 4
MIN 0 OR BELOW: 0 1.00 INCH OR MORE: 0
[HDD (BASE 65) ]
TOTAL THIS MO. 0 CLEAR (SCALE 0-3) 2
DPTR FM NORMAL -1 PTCLDY (SCALE 4-7) 19
TOTAL FM JUL 1 0 CLOUDY (SCALE 8-10) 10
DPTR FM NORMAL 0
[CDD (BASE 65) ]
TOTAL THIS MO. 370
DPTR FM NORMAL 18 [PRESSURE DATA]
TOTAL FM JAN 1 1162 HIGHEST SLP M ON M
DPTR FM NORMAL 73 LOWEST SLP 29.59 ON 10
[REMARKS]
#FINAL-08-23#