000
CXUS53 KIND 010600
CF6EYE
PRELIMINARY LOCAL CLIMATOLOGICAL DATA (WS FORM: F-6)
STATION: INDIANAPOLIS EAGLE CREEK IN
MONTH: AUGUST
YEAR: 2023
LATITUDE: 39 49 N
LONGITUDE: 86 18 W
TEMPERATURE IN F: :PCPN: SNOW: WIND :SUNSHINE: SKY :PK WND
================================================================================
1 2 3 4 5 6A 6B 7 8 9 10 11 12 13 14 15 16 17 18
12Z AVG MX 2MIN
DY MAX MIN AVG DEP HDD CDD WTR SNW DPTH SPD SPD DIR MIN PSBL S-S WX SPD DR
================================================================================
1 83 59 71 -5 0 6 0.00 M M 2.4 10 110 M M 0 15 150
2 82 61 72 -4 0 7 0.00 M M 3.2 10 160 M M 1 16 180
3 86 66 76 0 0 11 0.00 M M 3.1 10 330 M M 1 14 330
4 89 65 77 1 0 12 0.00 M M 2.7 10 20 M M 1 14 350
5 87 70 79 4 0 14 T M M 7.3 17 160 M M 5 3 28 130
6 78 67 73 -2 0 8 0.18 M M 6.1 13 270 M M 8 13 23 280
7 75 68 72 -3 0 7 0.13 M M 6.5 18 320 M M 8 13 24 330
8 81 62 72 -3 0 7 0.11 M M 3.6 12 290 M M 2 3 19 210
9 81 64 73 -2 0 8 2.13 M M 3.3 17 210 M M 5 138 27 210
10 81 66 74 -1 0 9 0.00 M M 5.8 14 290 M M 6 1 19 280
11 84 65 75 0 0 10 0.00 M M 4.5 15 200 M M 1 24 260
12 87 69 78 3 0 13 0.09 M M 6.3 18 290 M M 2 13 26 280
13 86 65 76 1 0 11 T M M 3.8 10 320 M M 2 1 15 290
14 77 68 73 -2 0 8 1.10 M M 5.7 12 270 M M 8 123 18 250
15 73 63 68 -7 0 3 T M M 10.5 20 300 M M 7 30 300
16 79 60 70 -5 0 5 0.00 M M 4.8 10 290 M M 0 13 290
17 77 61 69 -5 0 4 0.11 M M 6.9 20 340 M M 3 3 31 200
18 76 58 67 -7 0 2 0.00 M M 4.5 12 300 M M 1 20 290
19 80 57 69 -5 0 4 0.00 M M 4.1 12 160 M M 0 1 17 140
20 90 64 77 3 0 12 0.00 M M 3.2 10 200 M M 4 17 250
21 92 75 84 10 0 19 0.00 M M 3.1 12 10 M M 4 1 16 340
22 88 74 81 7 0 16 0.00 M M 4.7 10 60 M M 2 1 15 60
23 91 70 81 7 0 16 0.00 M M 4.4 10 260 M M 2 19 250
24 93 79 86 12 0 21 0.00 M M 6.4 14 210 M M 2 18 24 240
25 91 78 85 12 0 20 0.00 M M 6.5 14 240 M M 1 13 22 250
26 86 72 79 6 0 14 T M M 5.7 14 340 M M 3 3 27 260
27 81 65 73 0 0 8 0.00 M M 6.9 14 80 M M 3 19 80
28 80 59 70 -3 0 5 0.00 M M 5.0 13 330 M M 0 18 20
29 82 56 69 -4 0 4 T M M 3.8 13 350 M M 2 17 350
30 75 59 67 -5 0 2 0.00 M M 9.4 18 10 M M 2 24 350
31 78 54 66 -6 0 1 0.00 M M 6.2 14 50 M M 0 19 60
================================================================================
SM 2569 2019 0 287 3.85 M 160.4 M 86
================================================================================
AV 82.9 65.1 5.2 FASTST M M 3 MAX(MPH)
MISC ----> # 20 300 31 200
================================================================================
NOTES:
# LAST OF SEVERAL OCCURRENCES
COLUMN 17 PEAK WIND IN M.P.H.
PRELIMINARY LOCAL CLIMATOLOGICAL DATA (WS FORM: F-6) , PAGE 2
STATION: INDIANAPOLIS EAGLE CREEK IN
MONTH: AUGUST
YEAR: 2023
LATITUDE: 39 49 N
LONGITUDE: 86 18 W
[TEMPERATURE DATA] [PRECIPITATION DATA] SYMBOLS USED IN COLUMN 16
AVERAGE MONTHLY: 74.0 TOTAL FOR MONTH: 3.85 1 = FOG OR MIST
DPTR FM NORMAL: -0.4 DPTR FM NORMAL: 0.61 2 = FOG REDUCING VISIBILITY
HIGHEST: 93 ON 24 GRTST 24HR 2.13 ON 9- 9 TO 1/4 MILE OR LESS
LOWEST: 54 ON 31 3 = THUNDER
SNOW, ICE PELLETS, HAIL 4 = ICE PELLETS
TOTAL MONTH: M 5 = HAIL
GRTST 24HR M ON M 6 = FREEZING RAIN OR DRIZZLE
GRTST DEPTH: M ON M 7 = DUSTSTORM OR SANDSTORM:
VSBY 1/2 MILE OR LESS
8 = SMOKE OR HAZE
[NO. OF DAYS WITH] [WEATHER - DAYS WITH] 9 = BLOWING SNOW
X = TORNADO
MAX 32 OR BELOW: 0 0.01 INCH OR MORE: 7
MAX 90 OR ABOVE: 5 0.10 INCH OR MORE: 6
MIN 32 OR BELOW: 0 0.50 INCH OR MORE: 2
MIN 0 OR BELOW: 0 1.00 INCH OR MORE: 2
[HDD (BASE 65) ]
TOTAL THIS MO. 0 CLEAR (SCALE 0-3) 20
DPTR FM NORMAL -2 PTCLDY (SCALE 4-7) 11
TOTAL FM JUL 1 0 CLOUDY (SCALE 8-10) 0
DPTR FM NORMAL -1
[CDD (BASE 65) ]
TOTAL THIS MO. 287
DPTR FM NORMAL -5 [PRESSURE DATA]
TOTAL FM JAN 1 930 HIGHEST SLP M ON M
DPTR FM NORMAL -45 LOWEST SLP 29.70 ON 7
[REMARKS]
#FINAL-08-23#