000
CXAK56 PAFG 011002
CF6FAI
PRELIMINARY LOCAL CLIMATOLOGICAL DATA (WS FORM: F-6)
STATION: FAIRBANKS AK
MONTH: NOVEMBER
YEAR: 2020
LATITUDE: 64 49 N
LONGITUDE: 147 52 W
TEMPERATURE IN F: :PCPN: SNOW: WIND :SUNSHINE: SKY :PK WND
================================================================================
1 2 3 4 5 6A 6B 7 8 9 10 11 12 13 14 15 16 17 18
12Z AVG MX 2MIN
DY MAX MIN AVG DEP HDD CDD WTR SNW DPTH SPD SPD DIR MIN PSBL S-S WX SPD DR
================================================================================
1 2 -18 -8 -19 73 0 T T 6 0.9 8 40 M M 4 1 8 40
2 -7 -23 -15 -25 80 0 T T 6 2.0 7 40 M M 4 1 8 40
3 -12 -25 -18 -27 83 0 T T 5 0.8 6 50 M M 4 1 5 30
4 -14 -29 -21 -29 86 0 T T 5 0.5 6 40 M M 3 1 6 50
5 11 -21 -5 -13 70 0 0.14 3.2 8 2.1 7 350 M M 8 1 9 10
6 34 11 23 16 42 0 0.79 11.8 19 2.0 9 210 M M 10 12 13 220
7 34 14 24 18 41 0 0.04 2.5 18 3.3 10 210 M M 10 1 16 200
8 35 22 29 23 36 0 0.18 1.9 17 7.3 14 340 M M 10 1 17 290
9 29 10 20 15 45 0 0.01 0.4 18 8.1 21 260 M M 9 1 28 260
10 26 9 18 14 47 0 0.10 1.5 18 2.6 8 40 M M 9 1 9 50
11 25 7 16 12 49 0 0.00 0.0 17 2.1 8 60 M M 8 9 190
12 14 -3 6 3 59 0 T T 17 0.3 6 30 M M 7 12 6 30
13 17 11 14 11 51 0 0.03 1.0 18 1.2 6 50 M M 10 1 6 60
14 17 6 12 10 53 0 0.01 T 17 1.0 6 30 M M 9 16 7 10
15 12 -18 -3 -5 68 0 T 1.0 18 2.3 7 190 M M 9 1 8 190
16 -4 -22 -13 -14 78 0 T T 18 0.3 6 40 M M 5 6 50
17 -8 -19 -13 -14 78 0 0.00 0.0 17 0.5 6 60 M M 2 6 60
18 -7 -20 -13 -14 78 0 0.00 0.0 16 1.5 7 50 M M 2 8 70
19 -10 -21 -15 -15 80 0 0.00 0.0 16 0.4 5 30 M M 1 1 5 60
20 -9 -22 -15 -15 80 0 0.00 0.0 15 1.5 7 60 M M 1 7 50
21 3 -18 -7 -7 72 0 0.00 0.0 15 0.8 7 40 M M 3 7 40
22 10 -12 -1 0 66 0 0.05 0.7 15 0.4 8 40 M M 6 1 9 40
23 7 -14 -3 -2 68 0 0.00 0.0 15 2.5 8 190 M M 4 12 200
24 10 -9 1 2 64 0 T 0.3 15 2.3 10 40 M M 8 1 13 40
25 28 0 14 15 51 0 T T 15 3.8 15 40 M M 8 1 16 40
26 27 6 17 19 48 0 0.01 0.1 15 2.5 13 230 M M 8 1268 21 240
27 16 3 10 12 55 0 0.00 0.0 14 3.4 9 20 M M 8 10 60
28 14 -4 5 7 60 0 0.00 0.0 14 1.6 8 320 M M 6 11 170
29 15 -7 4 6 61 0 0.02 0.3 14 1.4 8 20 M M 7 1 9 10
30 23 -10 7 9 58 0 T T 14 2.2 10 30 M M 7 13 40
================================================================================
SM 338 -216 1880 0 1.38 24.7 61.6 M 190
================================================================================
AV 11.3 -7.2 2.1 FASTST M M 6 MAX(MPH)
MISC ----> 21 260 28 260
================================================================================
NOTES:
# LAST OF SEVERAL OCCURRENCES
COLUMN 17 PEAK WIND IN M.P.H.
PRELIMINARY LOCAL CLIMATOLOGICAL DATA (WS FORM: F-6) , PAGE 2
STATION: FAIRBANKS AK
MONTH: NOVEMBER
YEAR: 2020
LATITUDE: 64 49 N
LONGITUDE: 147 52 W
[TEMPERATURE DATA] [PRECIPITATION DATA] SYMBOLS USED IN COLUMN 16
AVERAGE MONTHLY: 2.0 TOTAL FOR MONTH: 1.38 1 = FOG OR MIST
DPTR FM NORMAL: -0.6 DPTR FM NORMAL: 0.71 2 = FOG REDUCING VISIBILITY
HIGHEST: 35 ON 8 GRTST 24HR 0.92 ON 5- 6 TO 1/4 MILE OR LESS
LOWEST: -29 ON 4 3 = THUNDER
SNOW, ICE PELLETS, HAIL 4 = ICE PELLETS
TOTAL MONTH: 25.7 INCHES 5 = HAIL
GRTST 24HR 11.8 ON 6- 6 6 = FREEZING RAIN OR DRIZZLE
GRTST DEPTH: 19 ON 6 7 = DUSTSTORM OR SANDSTORM:
VSBY 1/2 MILE OR LESS
8 = SMOKE OR HAZE
[NO. OF DAYS WITH] [WEATHER - DAYS WITH] 9 = BLOWING SNOW
X = TORNADO
MAX 32 OR BELOW: 27 0.01 INCH OR MORE: 11
MAX 90 OR ABOVE: 0 0.10 INCH OR MORE: 4
MIN 32 OR BELOW: 30 0.50 INCH OR MORE: 1
MIN 0 OR BELOW: 20 1.00 INCH OR MORE: 0
[HDD (BASE 65) ]
TOTAL THIS MO. 1880 CLEAR (SCALE 0-3) 5
DPTR FM NORMAL 8 PTCLDY (SCALE 4-7) 14
TOTAL FM JUL 1 3829 CLOUDY (SCALE 8-10) 11
DPTR FM NORMAL -302
[CDD (BASE 65) ]
TOTAL THIS MO. 0
DPTR FM NORMAL 0 [PRESSURE DATA]
TOTAL FM JAN 1 13 HIGHEST SLP M ON M
DPTR FM NORMAL -48 LOWEST SLP 28.75 ON 30
[REMARKS]
#FINAL-11-20#