000
CXUS52 KRAH 011449
CLMFAY
CLIMATE REPORT
NATIONAL WEATHER SERVICE RALEIGH NC
949 AM EST FRI DEC 01 2023
...................................
...THE FAYETTEVILLE NC CLIMATE SUMMARY FOR THE MONTH OF NOVEMBER 2023...
CLIMATE NORMAL PERIOD 1991 TO 2020
CLIMATE RECORD PERIOD 1910 TO 2023
WEATHER OBSERVED NORMAL DEPART LAST YEAR`S
VALUE DATE(S) VALUE FROM VALUE
NORMAL
..............................................................
TEMPERATURE (F)
RECORD
HIGH 89 11/21/1991
LOW 15 11/26/1950
HIGHEST 82 11/09 86
LOWEST 24 11/29 26
AVG. MAXIMUM 66.0 64.9 1.1 68.5
AVG. MINIMUM 41.6 42.3 -0.7 46.9
MEAN 53.8 53.6 0.2 57.7
DAYS MAX >= 90 0 0
DAYS MAX <= 32 0 0
DAYS MIN <= 32 4 4
DAYS MIN <= 0 0 0
PRECIPITATION (INCHES)
RECORD
MAXIMUM 8.84 2006
TOTALS 2.73 3.04 -0.31 1.87
DAYS >= .01 7
DAYS >= .10 4
DAYS >= .50 1
DAYS >= 1.00 1
GREATEST
24 HR. TOTAL 2.37 11/21 TO 11/22
DEGREE DAYS
HEATING TOTAL 333 353 -20 261
SINCE 7/1 409 473 -64 377
COOLING TOTAL 5 11 -6 53
SINCE 1/1 2066 2048 18 2326
..............................................................
WIND (MPH)
AVERAGE WIND SPEED 5.8
HIGHEST WIND SPEED/DIRECTION 24/010 DATE 11/10
HIGHEST GUST SPEED/DIRECTION 35/010 DATE 11/01
SKY COVER
POSSIBLE SUNSHINE (PERCENT) MM
AVERAGE SKY COVER 0.24
NUMBER OF DAYS FAIR 21
NUMBER OF DAYS PC 4
NUMBER OF DAYS CLOUDY 5
AVERAGE RH (PERCENT) 67
WEATHER CONDITIONS. NUMBER OF DAYS WITH
THUNDERSTORM 1 MIXED PRECIP 0
HEAVY RAIN 2 RAIN 2
LIGHT RAIN 8 FREEZING RAIN 0
LT FREEZING RAIN 0 HAIL 0
HEAVY SNOW 0 SNOW 0
LIGHT SNOW 0 SLEET 0
FOG 7 FOG W/VIS <= 1/4 MILE 0
HAZE 2
- INDICATES NEGATIVE NUMBERS.
R INDICATES RECORD WAS SET OR TIED.
MM INDICATES DATA IS MISSING.
T INDICATES TRACE AMOUNT.
&&
THERE WERE NO RECORDS IN THE MONTH OF NOVEMBER.
$$