000
CXUS53 KARX 012113
CF6FKA
PRELIMINARY LOCAL CLIMATOLOGICAL DATA (WS FORM: F-6)
STATION: PRESTON MN
MONTH: JUNE
YEAR: 2023
LATITUDE: 43 40 N
LONGITUDE: 92 11 W
TEMPERATURE IN F: :PCPN: SNOW: WIND :SUNSHINE: SKY :PK WND
================================================================================
1 2 3 4 5 6A 6B 7 8 9 10 11 12 13 14 15 16 17 18
12Z AVG MX 2MIN
DY MAX MIN AVG DEP HDD CDD WTR SNW DPTH SPD SPD DIR MIN PSBL S-S WX SPD DR
================================================================================
1 84 63 74 M 0 9 0.00 0.0 0 7.0 17 190 M M 1 24 190
2 86 64 75 M 0 10 0.02 0.0 0 6.1 10 250 M M 3 21 130
3 86 63 75 M 0 10 0.00 0.0 0 4.6 10 70 M M 0 1 15 99
4 86 64 75 M 0 10 0.01 0.0 0 6.8 14 70 M M 1 8 18 70
5 84 61 73 M 0 8 0.00 0.0 0 3.4 7 99 M M 2 8 M M
6 82 64 73 M 0 8 0.05 0.0 0 4.5 10 70 M M 5 8 18 10
7 77 59 68 M 0 3 0.00 0.0 0 6.2 13 80 M M 4 1 16 120
8 77 52 65 M 0 0 0.00 0.0 0 5.6 12 150 M M 0 17 150
9 81 52 67 M 0 2 0.00 0.0 0 5.2 9 240 M M 1 15 99
10 77 57 67 M 0 2 M 0.0 0 5.7 12 30 M M 6 21 30
11 66 48 57 M 8 0 0.00 0.0 0 12.3 16 10 M M 5 28 10
12 75 43 59 M 6 0 0.02 0.0 0 9.6 23 310 M M 4 8 29 350
13 79 52 66 M 0 1 T 0.0 0 7.5 18 330 M M 1 25 330
14 84 59 72 M 0 7 0.00 0.0 0 6.2 9 330 M M 1 8 14 99
15 72 54 63 M 2 0 0.00 0.0 0 7.2 12 60 M M 3 18 18 30
16 75 43 59 M 6 0 0.00 0.0 0 5.8 10 110 M M 3 16 90
17 81 54 68 M 0 3 0.00 0.0 0 7.5 13 180 M M 2 20 190
18 75 63 69 M 0 4 0.04 0.0 0 7.9 14 140 M M 8 18 24 100
19 86 61 74 M 0 9 0.00 0.0 0 6.8 14 160 M M 3 128 20 160
20 86 61 74 M 0 9 0.00 0.0 0 8.6 17 120 M M 0 8 24 120
21 88 59 74 M 0 9 0.00 0.0 0 6.0 14 120 M M 1 17 150
22 86 63 75 M 0 10 0.00 0.0 0 3.7 9 80 M M 0 1 17 99
23 90 61 76 M 0 11 0.00 0.0 0 5.4 13 150 M M 0 17 150
24 84 61 73 M 0 8 0.04 0.0 0 10.5 21 160 M M 2 1 29 180
25 73 63 68 M 0 3 M 0.0 0 11.7 18 320 M M 6 1 27 320
26 75 59 67 M 0 2 0.00 0.0 0 12.5 21 360 M M 7 27 360
27 84 55 70 M 0 5 M 0.0 0 2.5 9 160 M M 3 18 M M
28 84 63 74 M 0 9 M 0.0 0 11.3 20 170 M M 3 18 32 160
29 88 64 76 M 0 11 M 0.0 0 6.2 13 320 M M 2 18 27 320
30 84 64 74 M 0 9 0.00 0.0 0 6.0 10 270 M M 3 M M
================================================================================
SM 2435 1749 22 172 0.18 0.0 210.3 M 80
================================================================================
AV 81.2 58.3 7.0 FASTST M M 3 MAX(MPH)
MISC ----> 23 310 32 160
================================================================================
NOTES:
# LAST OF SEVERAL OCCURRENCES
COLUMN 17 PEAK WIND IN M.P.H.
PRELIMINARY LOCAL CLIMATOLOGICAL DATA (WS FORM: F-6) , PAGE 2
STATION: PRESTON MN
MONTH: JUNE
YEAR: 2023
LATITUDE: 43 40 N
LONGITUDE: 92 11 W
[TEMPERATURE DATA] [PRECIPITATION DATA] SYMBOLS USED IN COLUMN 16
AVERAGE MONTHLY: 69.7 TOTAL FOR MONTH: 0.18 1 = FOG OR MIST
DPTR FM NORMAL: 0.0 DPTR FM NORMAL: M 2 = FOG REDUCING VISIBILITY
HIGHEST: 90 ON 23 GRTST 24HR 0.05 ON 6- 6 TO 1/4 MILE OR LESS
LOWEST: 43 ON 16,12 3 = THUNDER
SNOW, ICE PELLETS, HAIL 4 = ICE PELLETS
TOTAL MONTH: 0.0 INCH 5 = HAIL
GRTST 24HR 0.0 6 = FREEZING RAIN OR DRIZZLE
GRTST DEPTH: 0 7 = DUSTSTORM OR SANDSTORM:
VSBY 1/2 MILE OR LESS
8 = SMOKE OR HAZE
[NO. OF DAYS WITH] [WEATHER - DAYS WITH] 9 = BLOWING SNOW
X = TORNADO
MAX 32 OR BELOW: 0 0.01 INCH OR MORE: 6
MAX 90 OR ABOVE: 1 0.10 INCH OR MORE: 0
MIN 32 OR BELOW: 0 0.50 INCH OR MORE: 0
MIN 0 OR BELOW: 0 1.00 INCH OR MORE: 0
[HDD (BASE 65) ]
TOTAL THIS MO. 22 CLEAR (SCALE 0-3) 21
DPTR FM NORMAL M PTCLDY (SCALE 4-7) 9
TOTAL FM JUL 1 6995 CLOUDY (SCALE 8-10) 0
DPTR FM NORMAL M
[CDD (BASE 65) ]
TOTAL THIS MO. 172
DPTR FM NORMAL M [PRESSURE DATA]
TOTAL FM JAN 1 194 HIGHEST SLP M ON M
DPTR FM NORMAL M LOWEST SLP M ON M
[REMARKS]
#FINAL-06-23#