000
CXUS53 KMKX 010810
CF6FLD
PRELIMINARY LOCAL CLIMATOLOGICAL DATA (WS FORM: F-6)
STATION: FOND_DU_LAC WI
MONTH: MAY
YEAR: 2023
LATITUDE: 43 46 N
LONGITUDE: 88 29 W
TEMPERATURE IN F: :PCPN: SNOW: WIND :SUNSHINE: SKY :PK WND
================================================================================
1 2 3 4 5 6A 6B 7 8 9 10 11 12 13 14 15 16 17 18
12Z AVG MX 2MIN
DY MAX MIN AVG DEP HDD CDD WTR SNW DPTH SPD SPD DIR MIN PSBL S-S WX SPD DR
================================================================================
1 46 34 40 -12 25 0 0.47 M M 17.5 33 320 M M 10 1 45 320
2 50 41 46 -6 19 0 0.00 M M 17.4 28 330 M M 10 38 350
3 59 34 47 -5 18 0 0.00 M M 6.3 15 340 M M 3 22 340
4 71 42 57 4 8 0 T M M 11.3 23 130 M M 4 32 140
5 75 55 65 12 0 0 T M M 10.6 20 140 M M 7 27 120
6 61 55 58 4 7 0 0.04 M M 11.5 22 140 M M 9 32 140
7 72 51 62 8 3 0 0.00 M M 6.8 17 140 M M 4 22 140
8 54 47 51 -3 14 0 0.68 M M 5.8 12 50 M M 10 12 17 40
9 72 50 61 6 4 0 T M M 2.9 9 140 M M 4 12 14 30
10 77 48 63 8 2 0 0.00 M M 4.8 13 180 M M 0 17 190
11 81 48 65 9 0 0 0.00 M M 7.0 16 130 M M 0 21 140
12 68 54 61 5 4 0 0.01 M M 4.0 12 20 M M 8 14 20
13 70 59 65 9 0 0 0.00 M M 10.2 20 50 M M 10 27 50
14 60 40 50 -7 15 0 T M M 8.5 15 40 M M 7 21 40
15 73 34 54 -3 11 0 0.00 M M 3.5 10 280 M M 0 19 270
16 79 47 63 5 2 0 T M M 9.6 20 50 M M 0 26 40
17 62 38 50 -8 15 0 T M M 8.6 18 40 M M 0 26 60
18 71 36 54 -4 11 0 0.00 M M 10.4 20 160 M M 0 3 26 190
19 65 48 57 -2 8 0 0.04 M M 12.8 23 320 M M 7 18 30 310
20 75 44 60 1 5 0 0.00 M M 8.1 15 290 M M 0 21 330
21 78 44 61 2 4 0 0.00 0.0 0 5.5 13 30 M M 0 19 20
22 80 48 64 4 1 0 0.00 M M 4.0 17 150 M M 1 22 140
23 83 48 66 6 0 1 0.00 M M 5.2 13 160 M M 0 18 160
24 67 53 60 0 5 0 0.00 M M 13.9 23 30 M M 2 33 40
25 67 39 53 -8 12 0 0.00 M M 7.2 16 110 M M 0 24 100
26 75 33 54 -7 11 0 0.00 M M 3.3 12 150 M M 0 17 120
27 80 37 59 -3 6 0 0.00 M M 4.7 15 150 M M 0 20 130
28 82 44 63 1 2 0 T M M 5.0 13 100 M M 0 19 30
29 85 45 65 3 0 0 T M M 4.2 16 130 M M 0 21 130
30 88 51 70 7 0 5 T M M 6.7 21 130 M M 0 27 150
31 90 63 77 14 0 12 0.75 M M 6.4 28 280 M M 4 13 36 260
================================================================================
SM 2216 1410 212 18 1.99 0.0 243.7 M 100
================================================================================
AV 71.5 45.5 7.9 FASTST M M 3 MAX(MPH)
MISC ----> 33 320 45 320
================================================================================
NOTES:
# LAST OF SEVERAL OCCURRENCES
COLUMN 17 PEAK WIND IN M.P.H.
PRELIMINARY LOCAL CLIMATOLOGICAL DATA (WS FORM: F-6) , PAGE 2
STATION: FOND_DU_LAC WI
MONTH: MAY
YEAR: 2023
LATITUDE: 43 46 N
LONGITUDE: 88 29 W
[TEMPERATURE DATA] [PRECIPITATION DATA] SYMBOLS USED IN COLUMN 16
AVERAGE MONTHLY: 58.5 TOTAL FOR MONTH: 1.99 1 = FOG OR MIST
DPTR FM NORMAL: 1.1 DPTR FM NORMAL: -1.32 2 = FOG REDUCING VISIBILITY
HIGHEST: 90 ON 31 GRTST 24HR 0.75 ON 30-31 TO 1/4 MILE OR LESS
LOWEST: 33 ON 26 3 = THUNDER
SNOW, ICE PELLETS, HAIL 4 = ICE PELLETS
TOTAL MONTH: 0.0 INCH 5 = HAIL
GRTST 24HR 0.0 6 = FREEZING RAIN OR DRIZZLE
GRTST DEPTH: 0 7 = DUSTSTORM OR SANDSTORM:
VSBY 1/2 MILE OR LESS
8 = SMOKE OR HAZE
[NO. OF DAYS WITH] [WEATHER - DAYS WITH] 9 = BLOWING SNOW
X = TORNADO
MAX 32 OR BELOW: 0 0.01 INCH OR MORE: 6
MAX 90 OR ABOVE: 1 0.10 INCH OR MORE: 3
MIN 32 OR BELOW: 0 0.50 INCH OR MORE: 2
MIN 0 OR BELOW: 0 1.00 INCH OR MORE: 0
[HDD (BASE 65) ]
TOTAL THIS MO. 212 CLEAR (SCALE 0-3) 18
DPTR FM NORMAL -55 PTCLDY (SCALE 4-7) 7
TOTAL FM JUL 1 6525 CLOUDY (SCALE 8-10) 6
DPTR FM NORMAL -699
[CDD (BASE 65) ]
TOTAL THIS MO. 18
DPTR FM NORMAL -13 [PRESSURE DATA]
TOTAL FM JAN 1 39 HIGHEST SLP M ON M
DPTR FM NORMAL 5 LOWEST SLP 29.37 ON 1
[REMARKS]
#FINAL-05-23#