000
CXUS53 KMKX 010810
CF6FLD
PRELIMINARY LOCAL CLIMATOLOGICAL DATA (WS FORM: F-6)
STATION: FOND_DU_LAC WI
MONTH: MARCH
YEAR: 2023
LATITUDE: 43 46 N
LONGITUDE: 88 29 W
TEMPERATURE IN F: :PCPN: SNOW: WIND :SUNSHINE: SKY :PK WND
================================================================================
1 2 3 4 5 6A 6B 7 8 9 10 11 12 13 14 15 16 17 18
12Z AVG MX 2MIN
DY MAX MIN AVG DEP HDD CDD WTR SNW DPTH SPD SPD DIR MIN PSBL S-S WX SPD DR
================================================================================
1 43 34 39 12 26 0 0.00 0.0 M 6.5 13 310 M M 10 1 21 260
2 35 28 32 5 33 0 0.00 0.0 M 8.4 20 360 M M 6 1 24 20
3 39 27 33 5 32 0 0.00 M M 7.1 17 20 M M 3 1 22 20
4 43 28 36 8 29 0 0.02 M M 5.8 8 210 M M 4 1 M M
5 46 25 36 7 29 0 0.05 M M 6.1 16 80 M M 2 1 24 100
6 40 34 37 8 28 0 0.35 M M 11.0 20 360 M M 10 1 28 120
7 42 30 36 7 29 0 T M M 9.4 18 20 M M 2 1 26 350
8 45 30 38 8 27 0 0.00 M M 8.0 17 100 M M 3 24 100
9 39 31 35 5 30 0 0.06 M M 10.9 18 30 M M 9 1 25 60
10 34 25 30 -1 35 0 0.08 M M 13.3 24 10 M M 10 18 32 30
11 34 22 28 -3 37 0 0.02 M M 7.6 15 80 M M 9 1 19 70
12 36 28 32 0 33 0 0.07 M M 7.6 14 270 M M 10 1 20 260
13 29 17 23 -9 42 0 0.02 M M 12.7 26 20 M M 8 1 37 10
14 32 5 19 -13 46 0 0.00 M M 3.3 8 200 M M 0 12 20
15 43 14 29 -4 36 0 0.00 M M 12.8 23 200 M M 1 30 200
16 43 40 42 9 23 0 0.39 M M 9.9 18 200 M M 9 1 26 190
17 40 14 27 -7 38 0 0.06 M M 19.4 29 280 M M 9 1 40 310
18 26 11 19 -15 46 0 T M M 17.3 28 300 M M 6 8 36 320
19 39 18 29 -5 36 0 0.00 0.0 M 12.5 22 240 M M 0 31 230
20 49 31 40 5 25 0 0.00 M M 11.3 20 210 M M 1 30 210
21 48 30 39 4 26 0 T M M 8.9 17 70 M M 3 22 60
22 50 36 43 7 22 0 T M M 11.0 21 190 M M 9 1 27 190
23 46 28 37 1 28 0 0.03 M M 6.0 16 330 M M 6 1 21 330
24 45 24 35 -1 30 0 0.00 M M 6.7 16 140 M M 0 1 23 110
25 40 22 31 -6 34 0 0.16 M M 12.5 22 320 M M 6 12 33 360
26 44 16 30 -7 35 0 0.00 M M 2.7 10 10 M M 3 13 10
27 43 23 33 -5 32 0 0.00 M M 5.4 15 30 M M 0 17 30
28 41 23 32 -6 33 0 0.00 M M 7.3 14 210 M M 0 20 220
29 36 20 28 -11 37 0 T M M 10.0 24 330 M M 3 30 320
30 42 18 30 -9 35 0 0.05 M M 8.4 20 140 M M 5 26 140
31 46 38 42 3 23 0 1.48 M M 9.3 21 40 M M 10 123 28 140
================================================================================
SM 1258 770 995 0 2.84 0.0 289.1 M 157
================================================================================
AV 40.6 24.8 9.3 FASTST M M 5 MAX(MPH)
MISC ----> 29 280 40 310
================================================================================
NOTES:
# LAST OF SEVERAL OCCURRENCES
COLUMN 17 PEAK WIND IN M.P.H.
PRELIMINARY LOCAL CLIMATOLOGICAL DATA (WS FORM: F-6) , PAGE 2
STATION: FOND_DU_LAC WI
MONTH: MARCH
YEAR: 2023
LATITUDE: 43 46 N
LONGITUDE: 88 29 W
[TEMPERATURE DATA] [PRECIPITATION DATA] SYMBOLS USED IN COLUMN 16
AVERAGE MONTHLY: 32.7 TOTAL FOR MONTH: 2.84 1 = FOG OR MIST
DPTR FM NORMAL: -0.5 DPTR FM NORMAL: 1.12 2 = FOG REDUCING VISIBILITY
HIGHEST: 50 ON 22 GRTST 24HR 1.48 ON 30-31 TO 1/4 MILE OR LESS
LOWEST: 5 ON 14 3 = THUNDER
SNOW, ICE PELLETS, HAIL 4 = ICE PELLETS
TOTAL MONTH: 0.0 INCH 5 = HAIL
GRTST 24HR 0.0 6 = FREEZING RAIN OR DRIZZLE
GRTST DEPTH: M ON M 7 = DUSTSTORM OR SANDSTORM:
VSBY 1/2 MILE OR LESS
8 = SMOKE OR HAZE
[NO. OF DAYS WITH] [WEATHER - DAYS WITH] 9 = BLOWING SNOW
X = TORNADO
MAX 32 OR BELOW: 3 0.01 INCH OR MORE: 14
MAX 90 OR ABOVE: 0 0.10 INCH OR MORE: 4
MIN 32 OR BELOW: 26 0.50 INCH OR MORE: 1
MIN 0 OR BELOW: 0 1.00 INCH OR MORE: 1
[HDD (BASE 65) ]
TOTAL THIS MO. 995 CLEAR (SCALE 0-3) 12
DPTR FM NORMAL 8 PTCLDY (SCALE 4-7) 8
TOTAL FM JUL 1 5797 CLOUDY (SCALE 8-10) 11
DPTR FM NORMAL -571
[CDD (BASE 65) ]
TOTAL THIS MO. 0
DPTR FM NORMAL -1 [PRESSURE DATA]
TOTAL FM JAN 1 0 HIGHEST SLP M ON M
DPTR FM NORMAL -1 LOWEST SLP 29.21 ON 31
[REMARKS]
#FINAL-03-23#