000
CXUS53 KMKX 010810
CF6FLD
PRELIMINARY LOCAL CLIMATOLOGICAL DATA (WS FORM: F-6)
STATION: FOND_DU_LAC WI
MONTH: JULY
YEAR: 2021
LATITUDE: 43 46 N
LONGITUDE: 88 29 W
TEMPERATURE IN F: :PCPN: SNOW: WIND :SUNSHINE: SKY :PK WND
================================================================================
1 2 3 4 5 6A 6B 7 8 9 10 11 12 13 14 15 16 17 18
12Z AVG MX 2MIN
DY MAX MIN AVG DEP HDD CDD WTR SNW DPTH SPD SPD DIR MIN PSBL S-S WX SPD DR
================================================================================
1 78 58 68 -3 0 3 0.00 M 0 8.9 16 20 M M 1 21 350
2 76 53 65 -6 0 0 0.00 M M 5.0 15 40 M M 0 19 30
3 89 60 75 4 0 10 0.00 M M 8.7 18 280 M M 1 24 290
4 91 65 78 7 0 13 0.00 M M 7.8 15 220 M M 0 22 220
5 93 75 84 13 0 19 0.12 M M 10.7 24 280 M M 1 38 35 270
6 92 66 79 8 0 14 0.20 M M 7.2 35 30 M M 4 38 48 20
7 68 62 65 -6 0 0 1.24 M M 8.7 18 30 M M 10 13 24 10
8 69 56 63 -8 2 0 0.03 M M 7.8 16 20 M M 7 18 22 30
9 80 55 68 -3 0 3 0.00 M M 4.9 12 120 M M 1 17 50
10 77 56 67 -4 0 2 0.00 M M 4.8 14 40 M M 1 17 40
11 80 60 70 -2 0 5 0.00 M M 8.3 20 60 M M 1 29 50
12 79 62 71 -1 0 6 0.01 M M 5.9 14 90 M M 6 19 100
13 85 69 77 5 0 12 0.00 M M 5.0 13 50 M M 6 16 280
14 84 66 75 3 0 10 1.84 M M 7.2 22 260 M M 4 13 35 230
15 81 65 73 1 0 8 0.53 M M 5.3 14 310 M M 5 1 19 310
16 80 61 71 -1 0 6 0.00 M M 5.9 14 40 M M 2 1 19 40
17 81 59 70 -2 0 5 0.00 M M 5.6 14 30 M M 1 19 20
18 84 57 71 -1 0 6 0.00 M M 3.0 12 30 M M 0 15 50
19 85 59 72 0 0 7 0.00 M M 4.0 13 320 M M 0 18 17 330
20 86 65 76 4 0 11 0.00 M M 6.8 14 70 M M 2 8 19 100
21 80 62 71 -1 0 6 0.00 M M 6.2 13 60 M M 2 18 70
22 84 60 72 0 0 7 0.00 M M 4.7 10 130 M M 3 8 16 150
23 92 70 81 9 0 16 0.00 M M 6.3 12 220 M M 1 8 18 200
24 90 74 82 10 0 17 0.08 M M 8.8 18 290 M M 3 8 27 260
25 91 63 77 6 0 12 0.00 M M 6.5 17 310 M M 0 23 260
26 93 62 78 7 0 13 0.00 M M 5.8 14 250 M M 0 22 250
27 89 68 79 8 0 14 0.16 M M 7.2 23 210 M M 4 3 40 210
28 91 71 81 10 0 16 0.61 M M 5.1 29 40 M M 1 3 41 190
29 86 69 78 7 0 13 0.05 M M 9.8 22 20 M M 4 3 29 20
30 76 60 68 -3 0 3 0.00 M M 7.3 17 40 M M 0 22 20
31 82 60 71 0 0 6 T M M 7.1 14 270 M M 2 8 21 240
================================================================================
SM 2592 1948 2 263 4.87 M 206.3 M 73
================================================================================
AV 83.6 62.8 6.7 FASTST M M 2 MAX(MPH)
MISC ----> 35 30 48 20
================================================================================
NOTES:
# LAST OF SEVERAL OCCURRENCES
COLUMN 17 PEAK WIND IN M.P.H.
PRELIMINARY LOCAL CLIMATOLOGICAL DATA (WS FORM: F-6) , PAGE 2
STATION: FOND_DU_LAC WI
MONTH: JULY
YEAR: 2021
LATITUDE: 43 46 N
LONGITUDE: 88 29 W
[TEMPERATURE DATA] [PRECIPITATION DATA] SYMBOLS USED IN COLUMN 16
AVERAGE MONTHLY: 73.2 TOTAL FOR MONTH: 4.87 1 = FOG OR MIST
DPTR FM NORMAL: 1.9 DPTR FM NORMAL: 1.47 2 = FOG REDUCING VISIBILITY
HIGHEST: 93 ON 26, 5 GRTST 24HR 2.37 ON 14-15 TO 1/4 MILE OR LESS
LOWEST: 53 ON 2 3 = THUNDER
SNOW, ICE PELLETS, HAIL 4 = ICE PELLETS
TOTAL MONTH: M 5 = HAIL
GRTST 24HR M ON M 6 = FREEZING RAIN OR DRIZZLE
GRTST DEPTH: 0 7 = DUSTSTORM OR SANDSTORM:
VSBY 1/2 MILE OR LESS
8 = SMOKE OR HAZE
[NO. OF DAYS WITH] [WEATHER - DAYS WITH] 9 = BLOWING SNOW
X = TORNADO
MAX 32 OR BELOW: 0 0.01 INCH OR MORE: 11
MAX 90 OR ABOVE: 8 0.10 INCH OR MORE: 7
MIN 32 OR BELOW: 0 0.50 INCH OR MORE: 4
MIN 0 OR BELOW: 0 1.00 INCH OR MORE: 2
[HDD (BASE 65) ]
TOTAL THIS MO. 2 CLEAR (SCALE 0-3) 21
DPTR FM NORMAL -9 PTCLDY (SCALE 4-7) 9
TOTAL FM JUL 1 2 CLOUDY (SCALE 8-10) 1
DPTR FM NORMAL 1
[CDD (BASE 65) ]
TOTAL THIS MO. 263
DPTR FM NORMAL 56 [PRESSURE DATA]
TOTAL FM JAN 1 593 HIGHEST SLP M ON M
DPTR FM NORMAL 228 LOWEST SLP 29.78 ON 24
[REMARKS]
#FINAL-07-21#