000
CXUS53 KMKX 010910
CF6FLD
PRELIMINARY LOCAL CLIMATOLOGICAL DATA (WS FORM: F-6)
STATION: FOND_DU_LAC WI
MONTH: JANUARY
YEAR: 2021
LATITUDE: 43 46 N
LONGITUDE: 88 29 W
TEMPERATURE IN F: :PCPN: SNOW: WIND :SUNSHINE: SKY :PK WND
================================================================================
1 2 3 4 5 6A 6B 7 8 9 10 11 12 13 14 15 16 17 18
12Z AVG MX 2MIN
DY MAX MIN AVG DEP HDD CDD WTR SNW DPTH SPD SPD DIR MIN PSBL S-S WX SPD DR
================================================================================
1 28 17 23 4 42 0 0.00 M M 7.0 16 20 M M 10 12 19 30
2 26 18 22 3 43 0 0.00 0.0 M 4.0 10 180 M M 10 1 14 180
3 26 22 24 5 41 0 0.00 0.0 M 6.5 13 210 M M 10 1 18 210
4 31 20 26 7 39 0 T M M 8.7 16 180 M M 10 1 19 180
5 33 26 30 11 35 0 0.00 M M 4.1 14 300 M M 10 128 18 290
6 29 22 26 7 39 0 T M M 3.2 9 30 M M 10 12 11 20
7 32 25 29 10 36 0 0.00 M M 6.1 12 20 M M 10 12 17 10
8 30 23 27 8 38 0 0.00 M M 7.9 14 20 M M 10 20 20
9 32 13 23 4 42 0 0.00 M M 4.7 10 330 M M 7 13 330
10 23 17 20 2 45 0 0.00 M M 5.5 13 240 M M 10 1 17 240
11 32 19 26 8 39 0 0.00 M M 12.2 21 200 M M 9 18 29 190
12 33 28 31 13 34 0 0.00 M M 6.9 14 210 M M 8 18 18 210
13 38 25 32 14 33 0 0.00 M M 5.8 13 200 M M 2 1 17 200
14 40 22 31 13 34 0 0.16 M M 7.7 17 140 M M 4 128 24 110
15 38 34 36 18 29 0 0.15 M M 6.9 15 350 M M 10 1 19 350
16 35 32 34 16 31 0 0.04 M M 9.6 16 340 M M 10 1 23 340
17 32 24 28 10 37 0 T M M 5.2 9 350 M M 10 1 13 360
18 29 20 25 7 40 0 0.00 M M 7.2 17 310 M M 10 23 330
19 26 13 20 1 45 0 T M M 8.5 17 320 M M 9 1 22 280
20 33 4 19 0 46 0 0.00 M M 13.2 31 190 M M 1 8 43 190
21 38 18 28 9 37 0 0.00 M M 12.5 26 310 M M 4 37 300
22 18 5 12 -7 53 0 0.00 M M 9.2 21 330 M M 4 28 330
23 23 2 13 -6 52 0 T M M 4.8 10 150 M M 3 14 210
24 30 2 16 -3 49 0 T M M 6.8 16 160 M M 7 18 20 160
25 24 -2 11 -8 54 0 0.00 M M 9.6 21 20 M M 2 18 27 20
26 26 5 16 -3 49 0 M M M 14.3 26 20 M M 8 1 36 10
27 21 -2 10 -9 55 0 0.00 M M 6.0 14 360 M M 1 18 10
28 18 -9 5 -14 60 0 0.00 M M 2.3 10 280 M M 6 14 300
29 29 1 15 -5 50 0 0.00 M M 5.5 13 130 M M 4 17 130
30 35 29 32 12 33 0 0.01 M M 14.1 24 110 M M 8 1 36 110
31 33 23 28 8 37 0 0.01 M M 12.9 20 30 M M 10 18 28 60
================================================================================
SM 921 496 1297 0 0.37 0.0 238.9 M 227
================================================================================
AV 29.7 16.0 7.7 FASTST M M 7 MAX(MPH)
MISC ----> 31 190 43 190
================================================================================
NOTES:
# LAST OF SEVERAL OCCURRENCES
COLUMN 17 PEAK WIND IN M.P.H.
PRELIMINARY LOCAL CLIMATOLOGICAL DATA (WS FORM: F-6) , PAGE 2
STATION: FOND_DU_LAC WI
MONTH: JANUARY
YEAR: 2021
LATITUDE: 43 46 N
LONGITUDE: 88 29 W
[TEMPERATURE DATA] [PRECIPITATION DATA] SYMBOLS USED IN COLUMN 16
AVERAGE MONTHLY: 22.9 TOTAL FOR MONTH: 0.37 1 = FOG OR MIST
DPTR FM NORMAL: 4.0 DPTR FM NORMAL: -0.63 2 = FOG REDUCING VISIBILITY
HIGHEST: 40 ON 14 GRTST 24HR 0.38 ON 1- 1 TO 1/4 MILE OR LESS
LOWEST: -9 ON 28 3 = THUNDER
SNOW, ICE PELLETS, HAIL 4 = ICE PELLETS
TOTAL MONTH: 0.0 INCH 5 = HAIL
GRTST 24HR 0.0 6 = FREEZING RAIN OR DRIZZLE
GRTST DEPTH: M ON M 7 = DUSTSTORM OR SANDSTORM:
VSBY 1/2 MILE OR LESS
8 = SMOKE OR HAZE
[NO. OF DAYS WITH] [WEATHER - DAYS WITH] 9 = BLOWING SNOW
X = TORNADO
MAX 32 OR BELOW: 21 0.01 INCH OR MORE: 5
MAX 90 OR ABOVE: 0 0.10 INCH OR MORE: 2
MIN 32 OR BELOW: 30 0.50 INCH OR MORE: 0
MIN 0 OR BELOW: 3 1.00 INCH OR MORE: 0
[HDD (BASE 65) ]
TOTAL THIS MO. 1297 CLEAR (SCALE 0-3) 5
DPTR FM NORMAL -133 PTCLDY (SCALE 4-7) 8
TOTAL FM JUL 1 3823 CLOUDY (SCALE 8-10) 18
DPTR FM NORMAL -413
[CDD (BASE 65) ]
TOTAL THIS MO. 0
DPTR FM NORMAL 0 [PRESSURE DATA]
TOTAL FM JAN 1 0 HIGHEST SLP 30.72 ON 28
DPTR FM NORMAL 0 LOWEST SLP 29.38 ON 15
[REMARKS]
#FINAL-01-21#