000
CXUS52 KMFL 011030
CF6FLL
PRELIMINARY LOCAL CLIMATOLOGICAL DATA (WS FORM: F-6)
STATION: FORT LAUDERDALE
MONTH: OCTOBER
YEAR: 2023
LATITUDE: 26 4 N
LONGITUDE: 80 9 W
TEMPERATURE IN F: :PCPN: SNOW: WIND :SUNSHINE: SKY :PK WND
================================================================================
1 2 3 4 5 6A 6B 7 8 9 10 11 12 13 14 15 16 17 18
12Z AVG MX 2MIN
DY MAX MIN AVG DEP HDD CDD WTR SNW DPTH SPD SPD DIR MIN PSBL S-S WX SPD DR
================================================================================
1 90 74 82 0 0 17 3.00 0.0 0 7.8 24 110 M M 7 13 28 110
2 85 75 80 -2 0 15 1.13 0.0 0 10.6 22 60 M M 7 13 29 40
3 87 78 83 1 0 18 T 0.0 0 13.3 20 60 M M 4 8 25 50
4 87 77 82 0 0 17 0.00 0.0 0 9.5 17 80 M M 2 22 90
5 88 80 84 2 0 19 0.00 0.0 0 8.6 18 100 M M 4 22 100
6 88 77 83 1 0 18 T 0.0 0 4.7 13 90 M M 4 18 80
7 90 77 84 2 0 19 0.28 0.0 0 4.5 14 300 M M 4 1 18 60
8 89 76 83 2 0 18 T 0.0 0 4.5 14 270 M M 5 18 280
9 85 75 80 -1 0 15 T 0.0 0 4.9 10 360 M M 8 14 360
10 90 75 83 2 0 18 0.00 0.0 0 M M M M M M M M
11 86 78 82 1 0 17 0.39 0.0 0 4.8 16 210 M M 8 13 22 220
12 92 83 88 7 0 23 0.00 0.0 0 12.0 24 220 M M 7 33 240
13 93 81 87 6 0 22 0.00 0.0 0 9.2 21 240 M M 8 28 230
14 86 79 83 3 0 18 0.00 0.0 0 7.9 15 250 M M 6 22 240
15 89 72 81 1 0 16 0.00 0.0 0 9.9 17 270 M M 3 25 290
16 78 67 73 -7 0 8 0.00 0.0 0 8.9 18 300 M M 4 8 25 270
17 77 60 69 -11 0 4 0.00 0.0 0 7.5 17 340 M M 2 24 340
18 82 62 72 -8 0 7 0.00 0.0 0 8.1 15 50 M M 2 20 60
19 84 67 76 -4 0 11 0.00 0.0 0 7.6 18 90 M M 5 22 100
20 84 73 79 0 0 14 T 0.0 0 5.8 10 240 M M 7 14 230
21 88 67 78 -1 0 13 0.00 0.0 0 5.7 14 140 M M 2 19 300
22 86 70 78 -1 0 13 0.00 0.0 0 4.1 12 340 M M 5 15 340
23 85 67 76 -3 0 11 0.00 0.0 0 8.4 18 100 M M 4 22 90
24 84 77 81 3 0 16 T 0.0 0 15.5 24 70 M M 7 32 70
25 84 76 80 2 0 15 T 0.0 0 16.1 26 80 M M 5 32 80
26 86 78 82 4 0 17 0.00 0.0 0 16.1 23 80 M M 6 30 90
27 85 77 81 3 0 16 T 0.0 0 13.7 22 80 M M 4 29 50
28 85 78 82 4 0 17 0.00 0.0 0 16.2 23 70 M M 4 31 80
29 86 77 82 5 0 17 0.00 0.0 0 14.3 20 80 M M 5 26 60
30 86 77 82 5 0 17 T 0.0 0 8.5 16 90 M M 3 20 80
31 90 73 82 5 0 17 0.00 0.0 0 5.9 12 320 M M 4 17 310
================================================================================
SM 2675 2303 0 483 4.80 0.0 274.6 M 146
================================================================================
AV 86.3 74.3 9.2 FASTST M M 5 MAX(MPH)
MISC ----> 26 80 33 240
================================================================================
NOTES:
# LAST OF SEVERAL OCCURRENCES
COLUMN 17 PEAK WIND IN M.P.H.
PRELIMINARY LOCAL CLIMATOLOGICAL DATA (WS FORM: F-6) , PAGE 2
STATION: FORT LAUDERDALE
MONTH: OCTOBER
YEAR: 2023
LATITUDE: 26 4 N
LONGITUDE: 80 9 W
[TEMPERATURE DATA] [PRECIPITATION DATA] SYMBOLS USED IN COLUMN 16
AVERAGE MONTHLY: 80.3 TOTAL FOR MONTH: 4.80 1 = FOG OR MIST
DPTR FM NORMAL: 0.4 DPTR FM NORMAL: -2.57 2 = FOG REDUCING VISIBILITY
HIGHEST: 93 ON 13 GRTST 24HR 3.04 ON 1- 1 TO 1/4 MILE OR LESS
LOWEST: 60 ON 17 3 = THUNDER
SNOW, ICE PELLETS, HAIL 4 = ICE PELLETS
TOTAL MONTH: 0.0 INCH 5 = HAIL
GRTST 24HR 0.0 6 = FREEZING RAIN OR DRIZZLE
GRTST DEPTH: 0 7 = DUSTSTORM OR SANDSTORM:
VSBY 1/2 MILE OR LESS
8 = SMOKE OR HAZE
[NO. OF DAYS WITH] [WEATHER - DAYS WITH] 9 = BLOWING SNOW
X = TORNADO
MAX 32 OR BELOW: 0 0.01 INCH OR MORE: 4
MAX 90 OR ABOVE: 6 0.10 INCH OR MORE: 4
MIN 32 OR BELOW: 0 0.50 INCH OR MORE: 2
MIN 0 OR BELOW: 0 1.00 INCH OR MORE: 2
[HDD (BASE 65) ]
TOTAL THIS MO. 0 CLEAR (SCALE 0-3) 5
DPTR FM NORMAL 0 PTCLDY (SCALE 4-7) 25
TOTAL FM JUL 1 0 CLOUDY (SCALE 8-10) 1
DPTR FM NORMAL 0
[CDD (BASE 65) ]
TOTAL THIS MO. 483
DPTR FM NORMAL 21 [PRESSURE DATA]
TOTAL FM JAN 1 4541 HIGHEST SLP 30.11 ON 25
DPTR FM NORMAL 480 LOWEST SLP 29.70 ON 15
[REMARKS]
#FINAL-10-23#