000
CXUS52 KTBW 011136
CF6FMY
PRELIMINARY LOCAL CLIMATOLOGICAL DATA (WS FORM: F-6)
STATION: FORT MYERS
MONTH: JANUARY
YEAR: 2022
LATITUDE: 26 34 N
LONGITUDE: 81 52 W
TEMPERATURE IN F: :PCPN: SNOW: WIND :SUNSHINE: SKY :PK WND
================================================================================
1 2 3 4 5 6A 6B 7 8 9 10 11 12 13 14 15 16 17 18
12Z AVG MX 2MIN
DY MAX MIN AVG DEP HDD CDD WTR SNW DPTH SPD SPD DIR MIN PSBL S-S WX SPD DR
================================================================================
1 84 64 74 9 0 9 0.00 0.0 0 5.6 15 200 M M 2 1 23 190
2 83 70 77 12 0 12 0.00 0.0 0 7.5 18 220 M M 2 1 31 200
3 75 55 65 0 0 0 0.06 0.0 0 11.5 21 340 M M 3 33 330
4 79 52 66 1 0 1 0.00 0.0 0 6.9 14 50 M M 2 23 110
5 78 62 70 5 0 5 0.00 0.0 0 5.2 13 310 M M 5 25 320
6 77 56 67 2 0 2 T 0.0 0 3.4 12 10 M M 4 17 100
7 85 63 74 10 0 9 0.02 0.0 0 5.4 13 60 M M 2 17 330
8 85 62 74 10 0 9 0.00 0.0 0 10.1 18 90 M M 1 32 70
9 84 67 76 12 0 11 0.00 0.0 0 9.3 21 110 M M 3 42 100
10 87 65 76 12 0 11 0.00 0.0 0 5.5 18 290 M M 1 3 23 230
11 77 61 69 5 0 4 0.00 0.0 0 12.7 21 50 M M 8 26 20
12 80 60 70 6 0 5 0.00 0.0 0 8.4 16 100 M M 5 27 90
13 76 60 68 4 0 3 0.04 0.0 0 6.9 18 290 M M 4 25 240
14 74 55 65 1 0 0 0.00 0.0 0 6.8 17 350 M M 0 24 60
15 76 51 64 0 1 0 0.00 0.0 0 4.7 12 110 M M 0 19 100
16 74 65 70 6 0 5 1.48 0.0 0 13.0 25 270 M M 7 3 36 180
17 71 55 63 -1 2 0 T 0.0 0 10.4 23 320 M M 5 33 310
18 68 49 59 -5 6 0 0.00 0.0 0 5.1 13 40 M M 0 18 60
19 77 48 63 -1 2 0 0.00 0.0 0 5.6 16 140 M M 1 22 110
20 79 55 67 3 0 2 0.00 0.0 0 2.7 10 130 M M 4 14 130
21 83 63 73 9 0 8 0.24 0.0 0 4.0 13 310 M M 8 18 15 310
22 68 57 63 -2 2 0 0.12 0.0 0 9.1 15 50 M M 10 1 20 70
23 60 45 53 -12 12 0 0.00 0.0 0 8.8 16 340 M M 8 1 26 240
24 68 40 54 -11 11 0 0.00 0.0 0 3.3 10 10 M M 0 11 40
25 71 49 60 -5 5 0 0.07 0.0 0 5.5 15 70 M M 3 23 80
26 80 58 69 4 0 4 0.02 0.0 0 6.6 16 40 M M 9 20 40
27 79 63 71 6 0 6 T 0.0 0 8.2 17 30 M M 8 22 30
28 70 60 65 0 0 0 0.00 0.0 0 9.9 25 310 M M 9 18 36 320
29 64 42 53 -12 12 0 0.00 0.0 0 17.3 30 320 M M 1 40 310
30 62 35 49 -16 16 0 0.00 0.0 0 6.9 14 30 M M 0 24 40
31 72 38 55 -11 10 0 0.00 0.0 0 5.3 12 100 M M 0 23 60
================================================================================
SM 2346 1725 79 106 2.05 0.0 231.6 M 115
================================================================================
AV 75.7 55.6 7.5 FASTST M M 4 MAX(MPH)
MISC ----> 30 320 42 100
================================================================================
NOTES:
# LAST OF SEVERAL OCCURRENCES
COLUMN 17 PEAK WIND IN M.P.H.
PRELIMINARY LOCAL CLIMATOLOGICAL DATA (WS FORM: F-6) , PAGE 2
STATION: FORT MYERS
MONTH: JANUARY
YEAR: 2022
LATITUDE: 26 34 N
LONGITUDE: 81 52 W
[TEMPERATURE DATA] [PRECIPITATION DATA] SYMBOLS USED IN COLUMN 16
AVERAGE MONTHLY: 65.7 TOTAL FOR MONTH: 2.05 1 = FOG OR MIST
DPTR FM NORMAL: 1.0 DPTR FM NORMAL: -0.38 2 = FOG REDUCING VISIBILITY
HIGHEST: 87 ON 10 GRTST 24HR 1.48 ON 16-16 TO 1/4 MILE OR LESS
LOWEST: 35 ON 30 3 = THUNDER
SNOW, ICE PELLETS, HAIL 4 = ICE PELLETS
TOTAL MONTH: 0.0 INCH 5 = HAIL
GRTST 24HR 0.0 6 = FREEZING RAIN OR DRIZZLE
GRTST DEPTH: 0 7 = DUSTSTORM OR SANDSTORM:
VSBY 1/2 MILE OR LESS
8 = SMOKE OR HAZE
[NO. OF DAYS WITH] [WEATHER - DAYS WITH] 9 = BLOWING SNOW
X = TORNADO
MAX 32 OR BELOW: 0 0.01 INCH OR MORE: 8
MAX 90 OR ABOVE: 0 0.10 INCH OR MORE: 3
MIN 32 OR BELOW: 0 0.50 INCH OR MORE: 1
MIN 0 OR BELOW: 0 1.00 INCH OR MORE: 1
[HDD (BASE 65) ]
TOTAL THIS MO. 79 CLEAR (SCALE 0-3) 14
DPTR FM NORMAL -19 PTCLDY (SCALE 4-7) 14
TOTAL FM JUL 1 84 CLOUDY (SCALE 8-10) 3
DPTR FM NORMAL -90
[CDD (BASE 65) ]
TOTAL THIS MO. 106
DPTR FM NORMAL 19 [PRESSURE DATA]
TOTAL FM JAN 1 106 HIGHEST SLP 30.36 ON 8
DPTR FM NORMAL 19 LOWEST SLP 29.77 ON 16
[REMARKS]
#FINAL-01-22#