000
CXUS55 KBOU 010900
CF6FNL
PRELIMINARY LOCAL CLIMATOLOGICAL DATA (WS FORM: F-6)
STATION: FT COLLINS/LOVELAND CO
MONTH: MAY
YEAR: 2022
LATITUDE: 40 27 N
LONGITUDE: 105 1 W
TEMPERATURE IN F: :PCPN: SNOW: WIND :SUNSHINE: SKY :PK WND
================================================================================
1 2 3 4 5 6A 6B 7 8 9 10 11 12 13 14 15 16 17 18
12Z AVG MX 2MIN
DY MAX MIN AVG DEP HDD CDD WTR SNW DPTH SPD SPD DIR MIN PSBL S-S WX SPD DR
================================================================================
1 67 36 52 M 13 0 M M M 7.1 15 140 M M 3 36 70
2 45 36 41 M 24 0 M M M 9.9 16 20 M M 10 1 M M
3 56 34 45 M 20 0 M M M 7.2 14 70 M M 9 1 18 110
4 56 40 48 M 17 0 M M M 7.0 13 80 M M 10 1 M M
5 73 37 55 M 10 0 M M M 5.8 16 310 M M 4 12 22 310
6 83 41 62 M 3 0 M M M 5.3 14 110 M M 0 M M
7 88 47 68 M 0 3 M M M 11.2 28 20 M M 1 37 30
8 75 47 61 M 4 0 M M M 11.3 24 10 M M 5 36 350
9 74 42 58 M 7 0 M M M 10.9 24 100 M M 2 32 80
10 70 42 56 M 9 0 M M M 10.0 17 190 M M 2 22 200
11 89 44 67 M 0 2 M M M 8.7 28 350 M M 0 36 360
12 70 49 60 M 5 0 M M M 14.0 31 270 M M 2 47 260
13 76 45 61 M 4 0 M M M 11.3 24 240 M M 0 35 250
14 81 44 63 M 2 0 M M M 6.0 14 130 M M 0 17 130
15 79 47 63 M 2 0 M M M 8.7 15 130 M M 0 20 100
16 85 42 64 M 1 0 M M M 7.2 24 280 M M 0 35 280
17 87 47 67 M 0 2 M M M 8.6 17 330 M M 1 3 37 340
18 87 52 70 M 0 5 M M M 4.2 8 190 M M 0 M M
19 87 40 64 M 1 0 M M M 10.5 35 40 M M 1 8 44 260
20 42 34 38 M 27 0 M M M 7.4 20 30 M M 10 1 28 20
21 53 34 44 M 21 0 M M M 7.4 15 220 M M 5 20 190
22 62 33 48 M 17 0 M M M 7.4 18 130 M M 4 31 130
23 62 42 52 M 13 0 M M M 9.8 21 20 M M 6 30 350
24 59 38 49 M 16 0 M M M 4.2 13 350 M M 8 17 110
25 76 37 57 M 8 0 M M M 8.5 20 360 M M 1 33 10
26 85 42 64 M 1 0 M M M 4.2 8 200 M M 0 16 230
27 92 50 71 M 0 6 M M M 7.2 20 300 M M 0 35 320
28 85 51 68 M 0 3 M M M 6.7 17 260 M M 0 30 290
29 76 50 63 M 2 0 M M M 8.2 20 160 M M 4 44 190
30 67 46 57 M 8 0 M M M 8.3 25 250 M M 4 33 260
31 63 40 52 M 13 0 M M M 6.4 15 10 M M 6 32 10
================================================================================
SM 2250 1309 248 21 M M 250.8 M 98
================================================================================
AV 72.6 42.2 8.1 FASTST M M 3 MAX(MPH)
MISC ----> 35 40 47 260
================================================================================
NOTES:
# LAST OF SEVERAL OCCURRENCES
COLUMN 17 PEAK WIND IN M.P.H.
PRELIMINARY LOCAL CLIMATOLOGICAL DATA (WS FORM: F-6) , PAGE 2
STATION: FT COLLINS/LOVELAND CO
MONTH: MAY
YEAR: 2022
LATITUDE: 40 27 N
LONGITUDE: 105 1 W
[TEMPERATURE DATA] [PRECIPITATION DATA] SYMBOLS USED IN COLUMN 16
AVERAGE MONTHLY: 57.4 TOTAL FOR MONTH: M 1 = FOG OR MIST
DPTR FM NORMAL: 0.0 DPTR FM NORMAL: M 2 = FOG REDUCING VISIBILITY
HIGHEST: 92 ON 27 GRTST 24HR 0.58 ON 3- 4 TO 1/4 MILE OR LESS
LOWEST: 33 ON 22 3 = THUNDER
SNOW, ICE PELLETS, HAIL 4 = ICE PELLETS
TOTAL MONTH: M 5 = HAIL
GRTST 24HR M ON M 6 = FREEZING RAIN OR DRIZZLE
GRTST DEPTH: M ON M 7 = DUSTSTORM OR SANDSTORM:
VSBY 1/2 MILE OR LESS
8 = SMOKE OR HAZE
[NO. OF DAYS WITH] [WEATHER - DAYS WITH] 9 = BLOWING SNOW
X = TORNADO
MAX 32 OR BELOW: 0 0.01 INCH OR MORE: 0
MAX 90 OR ABOVE: 1 0.10 INCH OR MORE: 0
MIN 32 OR BELOW: 0 0.50 INCH OR MORE: 0
MIN 0 OR BELOW: 0 1.00 INCH OR MORE: 0
[HDD (BASE 65) ]
TOTAL THIS MO. 248 CLEAR (SCALE 0-3) 17
DPTR FM NORMAL M PTCLDY (SCALE 4-7) 10
TOTAL FM JUL 1 5674 CLOUDY (SCALE 8-10) 4
DPTR FM NORMAL M
[CDD (BASE 65) ]
TOTAL THIS MO. 21
DPTR FM NORMAL M [PRESSURE DATA]
TOTAL FM JAN 1 22 HIGHEST SLP 30.31 ON 21
DPTR FM NORMAL M LOWEST SLP 29.17 ON 8
[REMARKS]
#FINAL-05-22#