000
CXUS54 KTSA 010850
CF6FSM
PRELIMINARY LOCAL CLIMATOLOGICAL DATA (WS FORM: F-6)
STATION: FORT SMITH ARKANSAS
MONTH: MAY
YEAR: 2023
LATITUDE: 35 19 N
LONGITUDE: 94 22 W
TEMPERATURE IN F: :PCPN: SNOW: WIND :SUNSHINE: SKY :PK WND
================================================================================
1 2 3 4 5 6A 6B 7 8 9 10 11 12 13 14 15 16 17 18
12Z AVG MX 2MIN
DY MAX MIN AVG DEP HDD CDD WTR SNW DPTH SPD SPD DIR MIN PSBL S-S WX SPD DR
================================================================================
1 71 43 57 -9 8 0 0.00 0.0 0 9.2 23 280 M M 0 29 280
2 78 47 63 -3 2 0 0.00 0.0 0 7.7 22 280 M M 0 32 290
3 79 45 62 -5 3 0 0.00 0.0 0 2.8 10 260 M M 0 8 14 230
4 64 51 58 -9 7 0 0.45 0.0 0 6.8 16 70 M M 6 1 20 80
5 73 58 66 -1 0 1 0.00 0.0 0 9.7 17 60 M M 8 22 60
6 92 66 79 11 0 14 0.00 0.0 0 8.2 18 200 M M 4 1 25 180
7 86 69 78 10 0 13 T 0.0 0 6.1 30 190 M M 4 45 210
8 88 67 78 10 0 13 0.00 0.0 0 5.4 15 230 M M 0 18 20 200
9 89 66 78 10 0 13 0.00 0.0 0 5.8 26 360 M M 2 13 34 350
10 83 69 76 7 0 11 0.36 0.0 0 7.0 23 10 M M 4 13 30 30
11 83 68 76 7 0 11 0.05 0.0 0 6.1 15 120 M M 8 1 22 120
12 85 67 76 7 0 11 0.05 0.0 0 6.8 22 220 M M 5 38 31 220
13 88 69 79 9 0 14 0.30 0.0 0 5.8 23 190 M M 3 138 33 200
14 90 69 80 10 0 15 0.02 0.0 0 4.5 17 270 M M 2 3 23 270
15 83 68 76 6 0 11 0.01 0.0 0 7.5 16 270 M M 5 22 220
16 74 67 71 1 0 6 0.00 0.0 0 10.1 17 300 M M 10 21 300
17 81 66 74 3 0 9 0.00 0.0 0 5.7 12 350 M M 7 15 350
18 85 62 74 3 0 9 0.00 0.0 0 2.2 9 80 M M 1 13 100
19 80 66 73 2 0 8 1.85 0.0 0 6.6 16 360 M M 7 13 21 360
20 78 60 69 -3 0 4 0.00 0.0 0 6.6 16 350 M M 3 18 21 340
21 77 56 67 -5 0 2 0.00 0.0 0 2.6 10 110 M M 0 15 110
22 82 60 71 -1 0 6 0.00 0.0 0 3.3 10 70 M M 0 15 80
23 84 61 73 1 0 8 0.00 0.0 0 4.6 12 60 M M 0 18 50
24 83 68 76 3 0 11 T 0.0 0 5.4 15 70 M M 4 3 20 80
25 87 60 74 1 0 9 0.00 0.0 0 3.7 15 80 M M 1 1 20 60
26 86 62 74 1 0 9 0.04 0.0 0 4.4 24 10 M M 3 30 20
27 84 59 72 -2 0 7 0.00 0.0 0 4.2 12 90 M M 0 17 90
28 86 58 72 -2 0 7 0.00 0.0 0 4.0 9 20 M M 0 17 40
29 88 62 75 1 0 10 0.00 0.0 0 4.9 12 100 M M 1 17 80
30 89 67 78 3 0 13 0.00 0.0 0 4.0 10 150 M M 1 13 130
31 89 66 78 3 0 13 0.00 0.0 0 4.5 13 110 M M 1 17 110
================================================================================
SM 2565 1922 20 258 3.13 0.0 176.2 M 90
================================================================================
AV 82.7 62.0 5.7 FASTST M M 3 MAX(MPH)
MISC ----> 30 190 45 210
================================================================================
NOTES:
# LAST OF SEVERAL OCCURRENCES
COLUMN 17 PEAK WIND IN M.P.H.
PRELIMINARY LOCAL CLIMATOLOGICAL DATA (WS FORM: F-6) , PAGE 2
STATION: FORT SMITH ARKANSAS
MONTH: MAY
YEAR: 2023
LATITUDE: 35 19 N
LONGITUDE: 94 22 W
[TEMPERATURE DATA] [PRECIPITATION DATA] SYMBOLS USED IN COLUMN 16
AVERAGE MONTHLY: 72.4 TOTAL FOR MONTH: 3.13 1 = FOG OR MIST
DPTR FM NORMAL: 2.0 DPTR FM NORMAL: -2.50 2 = FOG REDUCING VISIBILITY
HIGHEST: 92 ON 6 GRTST 24HR 1.85 ON 19-19 TO 1/4 MILE OR LESS
LOWEST: 43 ON 1 3 = THUNDER
SNOW, ICE PELLETS, HAIL 4 = ICE PELLETS
TOTAL MONTH: 0.0 INCH 5 = HAIL
GRTST 24HR 0.0 6 = FREEZING RAIN OR DRIZZLE
GRTST DEPTH: 0 7 = DUSTSTORM OR SANDSTORM:
VSBY 1/2 MILE OR LESS
8 = SMOKE OR HAZE
[NO. OF DAYS WITH] [WEATHER - DAYS WITH] 9 = BLOWING SNOW
X = TORNADO
MAX 32 OR BELOW: 0 0.01 INCH OR MORE: 9
MAX 90 OR ABOVE: 2 0.10 INCH OR MORE: 4
MIN 32 OR BELOW: 0 0.50 INCH OR MORE: 1
MIN 0 OR BELOW: 0 1.00 INCH OR MORE: 1
[HDD (BASE 65) ]
TOTAL THIS MO. 20 CLEAR (SCALE 0-3) 19
DPTR FM NORMAL -8 PTCLDY (SCALE 4-7) 11
TOTAL FM JUL 1 2713 CLOUDY (SCALE 8-10) 1
DPTR FM NORMAL -382
[CDD (BASE 65) ]
TOTAL THIS MO. 258
DPTR FM NORMAL 62 [PRESSURE DATA]
TOTAL FM JAN 1 314 HIGHEST SLP 30.20 ON 20
DPTR FM NORMAL 46 LOWEST SLP 29.74 ON 11
[REMARKS]
#FINAL-05-23#