000
CXUS54 KMAF 012305
CF6FST
PRELIMINARY LOCAL CLIMATOLOGICAL DATA (WS FORM: F-6)
STATION: FORT STOCKTON
MONTH: MARCH
YEAR: 2023
LATITUDE: 30 55 N
LONGITUDE: 102 55 W
TEMPERATURE IN F: :PCPN: SNOW: WIND :SUNSHINE: SKY :PK WND
================================================================================
1 2 3 4 5 6A 6B 7 8 9 10 11 12 13 14 15 16 17 18
12Z AVG MX 2MIN
DY MAX MIN AVG DEP HDD CDD WTR SNW DPTH SPD SPD DIR MIN PSBL S-S WX SPD DR
================================================================================
1 80 53 67 11 0 2 0.00 M M 10.2 30 250 M M 0 38 250
2 79 43 61 5 4 0 0.00 M M 21.5 46 300 M M 2 8 64 310
3 71 40 56 0 9 0 0.00 M M 12.2 24 290 M M 0 34 280
4 72 45 59 2 6 0 0.00 M M 10.8 21 320 M M 0 26 320
5 84 45 65 8 0 0 0.00 M M 7.9 16 180 M M 0 22 20
6 85 49 67 10 0 2 0.00 M M 7.4 14 90 M M 0 18 90
7 84 53 69 12 0 4 0.00 M M 7.4 14 230 M M 0 18 270
8 63 52 58 0 7 0 0.00 M M 8.3 17 90 M M 8 23 70
9 79 47 63 5 2 0 0.00 M M 6.0 17 30 M M 4 12 23 40
10 80 48 64 6 1 0 0.00 M M 10.2 23 110 M M 4 1 30 140
11 87 60 74 16 0 9 0.00 M M 16.4 33 280 M M 0 43 290
12 79 60 70 11 0 5 0.00 M M 10.2 22 270 M M 0 28 270
13 71 44 58 -1 7 0 0.00 M M 12.7 22 150 M M 0 29 160
14 73 48 61 2 4 0 0.00 M M 12.8 23 150 M M 0 33 150
15 83 52 68 8 0 3 0.00 M M 16.6 29 160 M M 0 39 160
16 78 42 60 0 5 0 0.28 M M 14.8 31 310 M M 3 1 42 310
17 49 36 43 -17 22 0 T M M 8.6 20 30 M M 7 24 20
18 48 37 43 -17 22 0 0.00 M M 9.8 16 150 M M 8 21 110
19 54 32 43 -18 22 0 0.00 M M 13.0 25 170 M M 2 36 170
20 73 40 57 -4 8 0 0.00 M M 14.4 29 160 M M 2 41 160
21 82 46 64 3 1 0 0.00 M M 14.3 24 220 M M 0 33 150
22 90 52 71 9 0 6 0.00 M M 11.9 26 250 M M 0 37 240
23 89 57 73 11 0 8 0.00 M M 9.9 24 210 M M 0 33 220
24 71 46 59 -3 6 0 0.00 M M 14.1 35 280 M M 0 48 280
25 74 46 60 -2 5 0 0.00 M M 7.5 18 280 M M 0 25 270
26 75 43 59 -4 6 0 0.00 M M 8.8 23 290 M M 0 28 280
27 77 45 61 -2 4 0 0.00 M M 7.4 17 350 M M 0 22 340
28 58 42 50 -13 15 0 0.00 M M 10.9 21 30 M M 6 8 31 50
29 80 48 64 0 1 0 0.00 M M 13.4 30 160 M M 3 42 160
30 86 54 70 6 0 5 0.00 M M 15.9 30 200 M M 0 38 240
31 75 52 64 0 1 0 0.00 M M 13.4 33 310 M M 0 8 45 320
================================================================================
SM 2329 1457 158 44 0.28 M 358.7 M 49
================================================================================
AV 75.1 47.0 11.6 FASTST M M 2 MAX(MPH)
MISC ----> 46 300 64 310
================================================================================
NOTES:
# LAST OF SEVERAL OCCURRENCES
COLUMN 17 PEAK WIND IN M.P.H.
PRELIMINARY LOCAL CLIMATOLOGICAL DATA (WS FORM: F-6) , PAGE 2
STATION: FORT STOCKTON
MONTH: MARCH
YEAR: 2023
LATITUDE: 30 55 N
LONGITUDE: 102 55 W
[TEMPERATURE DATA] [PRECIPITATION DATA] SYMBOLS USED IN COLUMN 16
AVERAGE MONTHLY: 61.1 TOTAL FOR MONTH: 0.28 1 = FOG OR MIST
DPTR FM NORMAL: 1.2 DPTR FM NORMAL: -0.31 2 = FOG REDUCING VISIBILITY
HIGHEST: 90 ON 22 GRTST 24HR 0.28 ON 16-16 TO 1/4 MILE OR LESS
LOWEST: 32 ON 19 3 = THUNDER
SNOW, ICE PELLETS, HAIL 4 = ICE PELLETS
TOTAL MONTH: M 5 = HAIL
GRTST 24HR M ON M 6 = FREEZING RAIN OR DRIZZLE
GRTST DEPTH: M ON M 7 = DUSTSTORM OR SANDSTORM:
VSBY 1/2 MILE OR LESS
8 = SMOKE OR HAZE
[NO. OF DAYS WITH] [WEATHER - DAYS WITH] 9 = BLOWING SNOW
X = TORNADO
MAX 32 OR BELOW: 0 0.01 INCH OR MORE: 1
MAX 90 OR ABOVE: 1 0.10 INCH OR MORE: 1
MIN 32 OR BELOW: 1 0.50 INCH OR MORE: 0
MIN 0 OR BELOW: 0 1.00 INCH OR MORE: 0
[HDD (BASE 65) ]
TOTAL THIS MO. 158 CLEAR (SCALE 0-3) 25
DPTR FM NORMAL -44 PTCLDY (SCALE 4-7) 6
TOTAL FM JUL 1 1780 CLOUDY (SCALE 8-10) 0
DPTR FM NORMAL -120
[CDD (BASE 65) ]
TOTAL THIS MO. 44
DPTR FM NORMAL 0 [PRESSURE DATA]
TOTAL FM JAN 1 55 HIGHEST SLP 30.41 ON 19
DPTR FM NORMAL 1 LOWEST SLP 29.40 ON 2
[REMARKS]
#FINAL-03-23#