906
CXUS54 KMAF 011923
CF6FST
PRELIMINARY LOCAL CLIMATOLOGICAL DATA (WS FORM: F-6)
STATION: FORT STOCKTON
MONTH: NOVEMBER
YEAR: 2020
LATITUDE: 30 55 N
LONGITUDE: 102 55 W
TEMPERATURE IN F: :PCPN: SNOW: WIND :SUNSHINE: SKY :PK WND
================================================================================
1 2 3 4 5 6A 6B 7 8 9 10 11 12 13 14 15 16 17 18
12Z AVG MX 2MIN
DY MAX MIN AVG DEP HDD CDD WTR SNW DPTH SPD SPD DIR MIN PSBL S-S WX SPD DR
================================================================================
1 73 48 61 -1 4 0 0.00 M M 5.8 13 80 M M 0 20 50
2 75 48 62 0 3 0 0.00 M M 11.7 21 180 M M 0 25 160
3 82 45 64 3 1 0 0.00 M M 9.9 20 160 M M 0 25 160
4 86 50 68 7 0 3 0.00 M M 9.5 16 160 M M 0 22 160
5 82 54 68 8 0 3 0.00 M M 8.2 15 280 M M 0 19 270
6 82 51 67 7 0 2 0.00 M M 10.9 24 160 M M 0 31 150
7 80 55 68 8 0 3 0.00 M M 16.8 29 150 M M 0 38 150
8 86 56 71 12 0 6 0.00 M M 16.3 25 160 M M 0 35 160
9 86 59 73 14 0 8 0.00 M M 14.7 26 210 M M 0 34 180
10 66 45 56 -3 9 0 0.00 M M 6.6 13 200 M M 0 15 320
11 75 44 60 2 5 0 0.00 M M 7.5 13 170 M M 0 16 140
12 79 47 63 5 2 0 0.00 M M 6.5 13 220 M M 0 15 30
13 62 50 56 -2 9 0 0.00 M M 5.4 13 330 M M 7 14 330
14 84 49 67 10 0 2 0.00 M M 10.7 23 240 M M 1 30 240
15 66 43 55 -2 10 0 0.00 M M 8.4 16 130 M M 0 21 160
16 78 38 58 2 7 0 0.00 M M 8.3 15 160 M M 0 17 160
17 73 44 59 3 6 0 0.00 M M 11.7 21 130 M M 0 28 130
18 81 47 64 8 1 0 0.00 M M 13.5 23 160 M M 0 32 160
19 86 50 68 12 0 3 0.00 M M 10.9 21 160 M M 0 26 160
20 82 51 67 12 0 2 0.00 M M 9.5 17 160 M M 0 23 150
21 77 49 63 8 2 0 0.00 M M 9.7 20 120 M M 0 27 130
22 71 51 61 6 4 0 T M M 9.9 20 60 M M 4 18 24 60
23 75 55 65 11 0 0 0.00 M M 17.3 28 160 M M 5 37 160
24 81 52 67 13 0 2 0.00 M M 13.8 28 280 M M 0 8 36 290
25 74 35 55 1 10 0 0.00 M M 6.3 16 210 M M 0 20 220
26 78 45 62 9 3 0 0.00 M M 8.2 17 210 M M 0 20 220
27 59 48 54 1 11 0 0.00 M M 6.3 15 60 M M 5 20 320
28 56 43 50 -3 15 0 0.00 M M 8.0 17 310 M M 6 21 300
29 57 36 47 -5 18 0 0.00 M M 9.8 21 350 M M 0 27 330
30 52 29 41 -11 24 0 0.00 M M 5.2 13 40 M M 1 16 50
================================================================================
SM 2244 1417 144 34 T M 297.3 M 29
================================================================================
AV 74.8 47.2 9.9 FASTST M M 1 MAX(MPH)
MISC ----> 29 150 38 150
================================================================================
NOTES:
# LAST OF SEVERAL OCCURRENCES
COLUMN 17 PEAK WIND IN M.P.H.
PRELIMINARY LOCAL CLIMATOLOGICAL DATA (WS FORM: F-6) , PAGE 2
STATION: FORT STOCKTON
MONTH: NOVEMBER
YEAR: 2020
LATITUDE: 30 55 N
LONGITUDE: 102 55 W
[TEMPERATURE DATA] [PRECIPITATION DATA] SYMBOLS USED IN COLUMN 16
AVERAGE MONTHLY: 61.0 TOTAL FOR MONTH: T 1 = FOG OR MIST
DPTR FM NORMAL: 4.2 DPTR FM NORMAL: -0.58 2 = FOG REDUCING VISIBILITY
HIGHEST: 86 ON 19, 9 GRTST 24HR T ON 22-22 TO 1/4 MILE OR LESS
LOWEST: 29 ON 30 3 = THUNDER
SNOW, ICE PELLETS, HAIL 4 = ICE PELLETS
TOTAL MONTH: M 5 = HAIL
GRTST 24HR M ON M 6 = FREEZING RAIN OR DRIZZLE
GRTST DEPTH: M ON M 7 = DUSTSTORM OR SANDSTORM:
VSBY 1/2 MILE OR LESS
8 = SMOKE OR HAZE
[NO. OF DAYS WITH] [WEATHER - DAYS WITH] 9 = BLOWING SNOW
X = TORNADO
MAX 32 OR BELOW: 0 0.01 INCH OR MORE: 0
MAX 90 OR ABOVE: 0 0.10 INCH OR MORE: 0
MIN 32 OR BELOW: 1 0.50 INCH OR MORE: 0
MIN 0 OR BELOW: 0 1.00 INCH OR MORE: 0
[HDD (BASE 65) ]
TOTAL THIS MO. 144 CLEAR (SCALE 0-3) 25
DPTR FM NORMAL -119 PTCLDY (SCALE 4-7) 5
TOTAL FM JUL 1 301 CLOUDY (SCALE 8-10) 0
DPTR FM NORMAL -25
[CDD (BASE 65) ]
TOTAL THIS MO. 34
DPTR FM NORMAL 16 [PRESSURE DATA]
TOTAL FM JAN 1 2954 HIGHEST SLP 30.53 ON 30
DPTR FM NORMAL 404 LOWEST SLP 29.64 ON 9
[REMARKS]
#FINAL-11-20#