000
CXUS52 KFFC 011010
CF6FTY
PRELIMINARY LOCAL CLIMATOLOGICAL DATA (WS FORM: F-6)
STATION: FULTON COUNTY AIRPORT
MONTH: JUNE
YEAR: 2020
LATITUDE: 33 46 N
LONGITUDE: 84 31 W
TEMPERATURE IN F: :PCPN: SNOW: WIND :SUNSHINE: SKY :PK WND
================================================================================
1 2 3 4 5 6A 6B 7 8 9 10 11 12 13 14 15 16 17 18
12Z AVG MX 2MIN
DY MAX MIN AVG DEP HDD CDD WTR SNW DPTH SPD SPD DIR MIN PSBL S-S WX SPD DR
================================================================================
1 82 60 71 -3 0 6 0.00 0.0 M 4.9 14 70 M M 4 19 80
2 86 62 74 0 0 9 0.00 M M 3.0 10 190 M M 1 13 140
3 87 65 76 2 0 11 0.00 M M 3.8 12 190 M M 1 15 180
4 89 70 80 5 0 15 0.00 M M 5.8 16 170 M M 2 13 20 170
5 82 69 76 1 0 11 0.35 M M 5.1 20 290 M M 2 13 27 290
6 86 65 76 1 0 11 0.00 M M 2.6 8 190 M M 0 1 12 180
7 88 68 78 3 0 13 0.00 M M 4.0 14 150 M M 1 19 150
8 86 73 80 5 0 15 T M M 6.0 13 140 M M 6 3 17 120
9 87 73 80 4 0 15 0.40 M M 4.8 17 140 M M 5 13 25 150
10 85 73 79 3 0 14 0.67 M M 6.7 21 240 M M 7 138 33 230
11 82 66 74 -2 0 9 0.12 M M 5.6 21 310 M M 2 1 25 300
12 87 62 75 -1 0 10 T M M 5.1 17 70 M M 4 22 70
13 87 64 76 0 0 11 0.00 M M 3.3 12 10 M M 4 16 60
14 83 61 72 -5 0 7 T M M 3.2 20 10 M M 2 3 26 50
15 81 59 70 -7 0 5 0.00 M M 5.8 25 60 M M 4 3 31 70
16 76 61 69 -8 0 4 T M M 8.4 16 70 M M 7 22 50
17 75 60 68 -9 0 3 0.00 M M 2.9 10 90 M M 8 14 90
18 82 59 71 -6 0 6 0.00 M M 2.6 10 290 M M 3 1 13 290
19 86 61 74 -3 0 9 0.00 M M 2.6 10 60 M M 1 15 270
20 90 62 76 -2 0 11 T 0.0 M 2.6 14 290 M M 0 17 290
21 92 66 79 1 0 14 0.03 0.0 M 3.4 22 270 M M 2 3 29 280
22 89 66 78 0 0 13 0.91 0.0 M 3.9 25 210 M M 2 138 35 200
23 87 70 79 1 0 14 0.01 0.0 M 6.3 16 250 M M 7 24 240
24 81 70 76 -2 0 11 0.00 0.0 M 5.3 10 330 M M 5 M M
25 84 69 77 -1 0 12 0.05 0.0 M 6.0 20 240 M M 1 18 31 230
26 83 68 76 -2 0 11 T 0.0 M 5.7 23 260 M M 2 33 260
27 87 66 77 -2 0 12 0.82 0.0 M 4.5 29 310 M M 2 138 40 310
28 90 70 80 1 0 15 0.00 0.0 M 6.1 16 280 M M 3 1 21 220
29 93 70 82 3 0 17 0.00 M M 5.5 25 320 M M 2 34 330
30 89 70 80 1 0 15 0.03 0.0 M 4.2 17 230 M M 1 3 26 230
================================================================================
SM 2562 1978 0 329 3.39 0.0 139.7 M 91
================================================================================
AV 85.4 65.9 4.7 FASTST M M 3 MAX(MPH)
MISC ----> 29 310 40 310
================================================================================
NOTES:
# LAST OF SEVERAL OCCURRENCES
COLUMN 17 PEAK WIND IN M.P.H.
PRELIMINARY LOCAL CLIMATOLOGICAL DATA (WS FORM: F-6) , PAGE 2
STATION: FULTON COUNTY AIRPORT
MONTH: JUNE
YEAR: 2020
LATITUDE: 33 46 N
LONGITUDE: 84 31 W
[TEMPERATURE DATA] [PRECIPITATION DATA] SYMBOLS USED IN COLUMN 16
AVERAGE MONTHLY: 75.7 TOTAL FOR MONTH: 3.39 1 = FOG OR MIST
DPTR FM NORMAL: -1.0 DPTR FM NORMAL: -0.74 2 = FOG REDUCING VISIBILITY
HIGHEST: 93 ON 29 GRTST 24HR 0.91 ON 21-22 TO 1/4 MILE OR LESS
LOWEST: 59 ON 18,15 3 = THUNDER
SNOW, ICE PELLETS, HAIL 4 = ICE PELLETS
TOTAL MONTH: 0.0 INCH 5 = HAIL
GRTST 24HR 0.0 6 = FREEZING RAIN OR DRIZZLE
GRTST DEPTH: M ON M 7 = DUSTSTORM OR SANDSTORM:
VSBY 1/2 MILE OR LESS
8 = SMOKE OR HAZE
[NO. OF DAYS WITH] [WEATHER - DAYS WITH] 9 = BLOWING SNOW
X = TORNADO
MAX 32 OR BELOW: 0 0.01 INCH OR MORE: 10
MAX 90 OR ABOVE: 4 0.10 INCH OR MORE: 6
MIN 32 OR BELOW: 0 0.50 INCH OR MORE: 3
MIN 0 OR BELOW: 0 1.00 INCH OR MORE: 0
[HDD (BASE 65) ]
TOTAL THIS MO. 0 CLEAR (SCALE 0-3) 19
DPTR FM NORMAL 0 PTCLDY (SCALE 4-7) 11
TOTAL FM JUL 1 2398 CLOUDY (SCALE 8-10) 0
DPTR FM NORMAL -482
[CDD (BASE 65) ]
TOTAL THIS MO. 329
DPTR FM NORMAL -21 [PRESSURE DATA]
TOTAL FM JAN 1 538 HIGHEST SLP 30.22 ON 16
DPTR FM NORMAL -12 LOWEST SLP 29.82 ON 23
[REMARKS]
#FINAL-06-20#