000
CXUS56 KSGX 011045
CF6FUL
PRELIMINARY LOCAL CLIMATOLOGICAL DATA (WS FORM: F-6)
STATION: FULLERTON AIRPORT CA
MONTH: MARCH
YEAR: 2024
LATITUDE: 33 52 N
LONGITUDE: 117 58 W
TEMPERATURE IN F: :PCPN: SNOW: WIND :SUNSHINE: SKY :PK WND
================================================================================
1 2 3 4 5 6A 6B 7 8 9 10 11 12 13 14 15 16 17 18
12Z AVG MX 2MIN
DY MAX MIN AVG DEP HDD CDD WTR SNW DPTH SPD SPD DIR MIN PSBL S-S WX SPD DR
================================================================================
1 66 55 61 1 4 0 0.00 M M 4.4 13 230 M M 7 17 230
2 63 54 59 -1 6 0 0.27 M M 6.5 18 230 M M 9 1 26 230
3 64 50 57 -3 8 0 0.01 M M 3.7 12 220 M M 6 1 17 270
4 64 47 56 -4 9 0 0.00 M M 4.0 12 180 M M 2 1 17 180
5 66 48 57 -3 8 0 0.00 M M 4.1 10 200 M M 2 1 16 220
6 65 50 58 -2 7 0 0.51 M M 4.9 13 80 M M 7 1 18 190
7 67 46 57 -3 8 0 0.05 M M 4.1 15 210 M M 5 13 21 190
8 72 48 60 -1 5 0 0.00 M M 3.0 14 220 M M 0 1 19 210
9 71 48 60 -1 5 0 0.00 M M 4.2 10 190 M M 1 1 14 210
10 73 47 60 -1 5 0 0.00 M M 2.6 13 200 M M 2 16 190
11 66 50 58 -3 7 0 0.00 M M 3.0 14 190 M M 3 18 19 220
12 66 53 60 -1 5 0 0.00 M M 4.2 13 200 M M 6 1 18 200
13 68 54 61 0 4 0 0.00 M M 4.2 13 210 M M 4 16 210
14 71 49 60 -1 5 0 T M M 6.4 26 80 M M 0 1 35 70
15 67 51 59 -2 6 0 0.02 M M 4.7 15 80 M M 4 8 19 70
16 68 52 60 -1 5 0 0.01 M M 3.8 12 210 M M 6 16 200
17 69 49 59 -2 6 0 0.00 M M 3.7 10 190 M M 2 1 13 180
18 76 50 63 1 2 0 0.00 M M 3.5 15 180 M M 2 3 21 170
19 72 50 61 -1 4 0 0.00 M M 3.6 12 190 M M 0 8 19 200
20 72 52 62 0 3 0 0.00 M M 3.5 10 210 M M 3 18 14 210
21 71 57 64 2 1 0 0.00 M M 3.7 10 190 M M 5 15 190
22 70 53 62 0 3 0 0.00 M M 3.7 10 200 M M 4 18 17 150
23 64 53 59 -3 6 0 0.27 M M 7.6 20 240 M M 7 18 28 240
24 65 46 56 -6 9 0 T M M 4.5 15 280 M M 2 18 27 280
25 66 45 56 -6 9 0 0.00 M M 5.2 14 180 M M 2 1 20 190
26 68 53 61 -1 4 0 0.00 M M 4.2 13 220 M M 5 16 210
27 71 48 60 -2 5 0 0.00 M M 3.4 10 190 M M 0 16 210
28 70 51 61 -1 4 0 0.00 M M 3.2 12 270 M M 4 18 17 220
29 64 49 57 -5 8 0 0.07 M M 7.0 15 190 M M 3 1 20 180
30 57 51 54 -8 11 0 1.24 M M 8.1 17 80 M M 9 18 22 100
31 59 50 55 -7 10 0 0.39 M M 6.9 14 130 M M 8 1 17 90
================================================================================
SM 2091 1559 182 0 2.84 M 139.6 M 120
================================================================================
AV 67.5 50.3 4.5 FASTST M M 4 MAX(MPH)
MISC ----> 26 80 35 70
================================================================================
NOTES:
# LAST OF SEVERAL OCCURRENCES
COLUMN 17 PEAK WIND IN M.P.H.
PRELIMINARY LOCAL CLIMATOLOGICAL DATA (WS FORM: F-6) , PAGE 2
STATION: FULLERTON AIRPORT CA
MONTH: MARCH
YEAR: 2024
LATITUDE: 33 52 N
LONGITUDE: 117 58 W
[TEMPERATURE DATA] [PRECIPITATION DATA] SYMBOLS USED IN COLUMN 16
AVERAGE MONTHLY: 58.9 TOTAL FOR MONTH: 2.84 1 = FOG OR MIST
DPTR FM NORMAL: -2.3 DPTR FM NORMAL: 1.10 2 = FOG REDUCING VISIBILITY
HIGHEST: 76 ON 18 GRTST 24HR 1.29 ON 29-30 TO 1/4 MILE OR LESS
LOWEST: 45 ON 25 3 = THUNDER
SNOW, ICE PELLETS, HAIL 4 = ICE PELLETS
TOTAL MONTH: M 5 = HAIL
GRTST 24HR M ON M 6 = FREEZING RAIN OR DRIZZLE
GRTST DEPTH: M ON M 7 = DUSTSTORM OR SANDSTORM:
VSBY 1/2 MILE OR LESS
8 = SMOKE OR HAZE
[NO. OF DAYS WITH] [WEATHER - DAYS WITH] 9 = BLOWING SNOW
X = TORNADO
MAX 32 OR BELOW: 0 0.01 INCH OR MORE: 10
MAX 90 OR ABOVE: 0 0.10 INCH OR MORE: 5
MIN 32 OR BELOW: 0 0.50 INCH OR MORE: 2
MIN 0 OR BELOW: 0 1.00 INCH OR MORE: 1
[HDD (BASE 65) ]
TOTAL THIS MO. 182 CLEAR (SCALE 0-3) 14
DPTR FM NORMAL 44 PTCLDY (SCALE 4-7) 14
TOTAL FM JUL 1 806 CLOUDY (SCALE 8-10) 3
DPTR FM NORMAL -137
[CDD (BASE 65) ]
TOTAL THIS MO. 0
DPTR FM NORMAL -22 [PRESSURE DATA]
TOTAL FM JAN 1 4 HIGHEST SLP 30.19 ON 27
DPTR FM NORMAL -33 LOWEST SLP 29.67 ON 30
[REMARKS]
#FINAL-03-24#