000
CXUS53 KIWX 010810
CF6FWA
PRELIMINARY LOCAL CLIMATOLOGICAL DATA (WS FORM: F-6)
STATION: FORT WAYNE
MONTH: SEPTEMBER
YEAR: 2023
LATITUDE: 41 0 N
LONGITUDE: 85 12 W
TEMPERATURE IN F: :PCPN: SNOW: WIND :SUNSHINE: SKY :PK WND
================================================================================
1 2 3 4 5 6A 6B 7 8 9 10 11 12 13 14 15 16 17 18
12Z AVG MX 2MIN
DY MAX MIN AVG DEP HDD CDD WTR SNW DPTH SPD SPD DIR MIN PSBL S-S WX SPD DR
================================================================================
1 81 50 66 -3 0 1 0.00 0.0 0 4.5 10 120 M M 1 14 110
2 85 53 69 0 0 4 0.00 0.0 0 5.9 16 220 M M 3 1 23 260
3 88 65 77 8 0 12 0.00 0.0 0 8.9 20 240 M M 4 1 24 230
4 89 65 77 9 0 12 0.00 0.0 0 7.2 16 190 M M 3 22 190
5 92 68 80 12 0 15 T 0.0 0 7.8 17 190 M M 5 3 27 190
6 85 66 76 8 0 11 0.06 0.0 0 11.2 18 290 M M 7 13 27 290
7 73 64 69 1 0 4 0.00 0.0 0 8.8 14 350 M M 9 1 20 320
8 76 60 68 1 0 3 0.00 0.0 0 6.3 13 30 M M 8 17 30
9 75 56 66 -1 0 1 0.00 0.0 0 6.0 10 10 M M 8 17 50
10 78 50 64 -3 1 0 0.00 0.0 0 1.3 7 310 M M 3 1 11 360
11 79 51 65 -1 0 0 0.04 0.0 0 3.4 10 310 M M 7 1 14 320
12 74 54 64 -2 1 0 0.05 0.0 0 6.5 14 320 M M 7 1 20 330
13 72 48 60 -6 5 0 0.17 0.0 0 3.5 15 350 M M 3 1 22 320
14 72 46 59 -7 6 0 0.00 0.0 0 3.6 12 70 M M 2 1 15 130
15 74 48 61 -4 4 0 0.00 0.0 0 3.0 10 120 M M 2 18 15 70
16 75 45 60 -5 5 0 T 0.0 0 1.6 13 160 M M 7 1 15 160
17 74 47 61 -3 4 0 0.00 0.0 0 4.1 13 350 M M 7 18 17 350
18 71 48 60 -4 5 0 0.00 0.0 0 6.0 15 350 M M 4 21 350
19 74 44 59 -5 6 0 T 0.0 0 3.5 12 260 M M 8 18 210
20 83 52 68 5 0 3 0.00 0.0 0 4.8 14 140 M M 7 17 190
21 83 56 70 7 0 5 0.00 0.0 0 5.1 15 100 M M 8 19 110
22 84 56 70 7 0 5 0.00 0.0 0 7.6 17 110 M M 4 27 90
23 77 52 65 3 0 0 0.00 0.0 0 10.0 21 70 M M 3 1 29 70
24 82 50 66 4 0 1 0.00 0.0 0 5.8 16 60 M M 4 1 26 80
25 71 55 63 2 2 0 0.00 0.0 0 5.1 13 60 M M 8 1 16 70
26 77 61 69 8 0 4 0.88 0.0 0 8.4 17 60 M M 9 13 22 260
27 64 59 62 1 3 0 0.33 0.0 0 8.1 14 80 M M 9 1 18 80
28 69 60 65 5 0 0 0.10 0.0 0 6.9 13 40 M M 10 1 17 60
29 73 55 64 4 1 0 0.00 0.0 0 3.7 9 10 M M 7 18 11 60
30 78 53 66 6 0 1 0.00 0.0 0 2.8 10 70 M M 4 12 14 70
================================================================================
SM 2328 1637 43 82 1.63 0.0 171.4 M 171
================================================================================
AV 77.6 54.6 5.7 FASTST M M 6 MAX(MPH)
MISC ----> 21 70 29 70
================================================================================
NOTES:
# LAST OF SEVERAL OCCURRENCES
COLUMN 17 PEAK WIND IN M.P.H.
PRELIMINARY LOCAL CLIMATOLOGICAL DATA (WS FORM: F-6) , PAGE 2
STATION: FORT WAYNE
MONTH: SEPTEMBER
YEAR: 2023
LATITUDE: 41 0 N
LONGITUDE: 85 12 W
[TEMPERATURE DATA] [PRECIPITATION DATA] SYMBOLS USED IN COLUMN 16
AVERAGE MONTHLY: 66.1 TOTAL FOR MONTH: 1.63 1 = FOG OR MIST
DPTR FM NORMAL: 1.3 DPTR FM NORMAL: -1.41 2 = FOG REDUCING VISIBILITY
HIGHEST: 92 ON 5 GRTST 24HR 1.20 ON 26-27 TO 1/4 MILE OR LESS
LOWEST: 44 ON 19 3 = THUNDER
SNOW, ICE PELLETS, HAIL 4 = ICE PELLETS
TOTAL MONTH: 0.0 INCH 5 = HAIL
GRTST 24HR 0.0 6 = FREEZING RAIN OR DRIZZLE
GRTST DEPTH: 0 7 = DUSTSTORM OR SANDSTORM:
VSBY 1/2 MILE OR LESS
8 = SMOKE OR HAZE
[NO. OF DAYS WITH] [WEATHER - DAYS WITH] 9 = BLOWING SNOW
X = TORNADO
MAX 32 OR BELOW: 0 0.01 INCH OR MORE: 7
MAX 90 OR ABOVE: 1 0.10 INCH OR MORE: 4
MIN 32 OR BELOW: 0 0.50 INCH OR MORE: 1
MIN 0 OR BELOW: 0 1.00 INCH OR MORE: 0
[HDD (BASE 65) ]
TOTAL THIS MO. 43 CLEAR (SCALE 0-3) 7
DPTR FM NORMAL -51 PTCLDY (SCALE 4-7) 18
TOTAL FM JUL 1 49 CLOUDY (SCALE 8-10) 5
DPTR FM NORMAL -57
[CDD (BASE 65) ]
TOTAL THIS MO. 82
DPTR FM NORMAL -4 [PRESSURE DATA]
TOTAL FM JAN 1 738 HIGHEST SLP 30.30 ON 30
DPTR FM NORMAL -99 LOWEST SLP 29.76 ON 6
[REMARKS]
#FINAL-09-23#