005
CXUS54 KOUN 010700
CF6GAG
PRELIMINARY LOCAL CLIMATOLOGICAL DATA (WS FORM: F-6)
STATION: GAGE
MONTH: APRIL
YEAR: 2020
LATITUDE: 36 17 N
LONGITUDE: 99 46 W
TEMPERATURE IN F: :PCPN: SNOW: WIND :SUNSHINE: SKY :PK WND
================================================================================
1 2 3 4 5 6A 6B 7 8 9 10 11 12 13 14 15 16 17 18
12Z AVG MX 2MIN
DY MAX MIN AVG DEP HDD CDD WTR SNW DPTH SPD SPD DIR MIN PSBL S-S WX SPD DR
================================================================================
1 75 49 62 10 3 0 0.00 0.0 0 24.6 35 170 M M 0 46 180
2 71 30 51 -1 14 0 T M 0 18.5 31 180 M M 2 16 40 170
3 53 27 40 -13 25 0 0.01 M 0 15.3 26 10 M M 6 16 33 360
4 59 26 43 -10 22 0 0.00 0.0 0 5.6 14 20 M M 1 18 19 40
5 66 32 49 -4 16 0 0.00 0.0 0 15.1 29 180 M M 6 18 38 180
6 85 58 72 18 0 7 0.00 0.0 0 20.9 30 200 M M 4 37 200
7 93 49 71 17 0 6 0.00 0.0 0 9.8 22 190 M M 0 26 240
8 89 41 65 11 0 0 0.00 0.0 0 8.9 21 20 M M 0 26 10
9 68 39 54 -1 11 0 0.00 0.0 0 8.8 18 60 M M 0 27 60
10 72 36 54 -1 11 0 0.00 0.0 0 16.0 36 180 M M 3 48 190
11 89 51 70 15 0 5 0.00 0.0 0 18.9 31 170 M M 0 37 180
12 59 33 46 -10 19 0 0.00 0.0 0 23.8 40 350 M M 5 8 49 350
13 43 29 36 -20 29 0 T M 0 9.6 25 10 M M 10 33 20
14 52 27 40 -16 25 0 T M 0 6.1 16 250 M M 7 18 20 240
15 68 23 46 -10 19 0 0.00 0.0 0 15.6 30 200 M M 2 40 200
16 79 37 58 1 7 0 0.00 0.0 0 23.5 37 360 M M 1 3 47 360
17 60 34 47 -10 18 0 0.00 0.0 0 13.6 26 360 M M 5 33 10
18 72 33 53 -5 12 0 0.00 0.0 0 17.1 29 200 M M 0 36 190
19 76 47 62 4 3 0 T M 0 9.0 25 350 M M 5 31 340
20 80 47 64 6 1 0 0.07 0.0 0 8.1 26 270 M M 4 3 40 330
21 81 44 63 5 2 0 0.02 0.0 0 7.0 21 340 M M 5 1 30 350
22 69 53 61 2 4 0 1.07 0.0 0 12.2 38 330 M M 5 13 45 330
23 85 47 66 7 0 1 T 0.0 0 9.0 18 360 M M 1 3 25 360
24 71 47 59 -1 6 0 T M 0 14.9 32 350 M M 3 8 40 340
25 73 44 59 -1 6 0 0.00 0.0 0 9.0 23 350 M M 1 28 360
26 83 42 63 3 2 0 0.00 0.0 0 15.4 29 180 M M 0 36 190
27 86 58 72 12 0 7 0.00 0.0 0 12.7 28 180 M M 0 35 160
28 87 56 72 11 0 7 0.00 0.0 0 15.2 29 20 M M 0 39 30
29 76 44 60 -1 5 0 0.00 0.0 0 12.8 35 350 M M 0 45 350
30 88 40 64 2 1 0 0.00 0.0 0 14.5 29 160 M M 0 8 38 150
================================================================================
SM 2208 1223 261 33 1.17 0.0 411.5 M 76
================================================================================
AV 73.6 40.8 13.7 FASTST M M 3 MAX(MPH)
MISC ----> # 40 350 # 49 350
================================================================================
NOTES:
# LAST OF SEVERAL OCCURRENCES
COLUMN 17 PEAK WIND IN M.P.H.
PRELIMINARY LOCAL CLIMATOLOGICAL DATA (WS FORM: F-6) , PAGE 2
STATION: GAGE
MONTH: APRIL
YEAR: 2020
LATITUDE: 36 17 N
LONGITUDE: 99 46 W
[TEMPERATURE DATA] [PRECIPITATION DATA] SYMBOLS USED IN COLUMN 16
AVERAGE MONTHLY: 57.2 TOTAL FOR MONTH: 1.17 1 = FOG OR MIST
DPTR FM NORMAL: 0.4 DPTR FM NORMAL: -0.57 2 = FOG REDUCING VISIBILITY
HIGHEST: 93 ON 7 GRTST 24HR 1.07 ON 22-22 TO 1/4 MILE OR LESS
LOWEST: 23 ON 15 3 = THUNDER
SNOW, ICE PELLETS, HAIL 4 = ICE PELLETS
TOTAL MONTH: 0.0 INCH 5 = HAIL
GRTST 24HR 0.0 6 = FREEZING RAIN OR DRIZZLE
GRTST DEPTH: 0 7 = DUSTSTORM OR SANDSTORM:
VSBY 1/2 MILE OR LESS
8 = SMOKE OR HAZE
[NO. OF DAYS WITH] [WEATHER - DAYS WITH] 9 = BLOWING SNOW
X = TORNADO
MAX 32 OR BELOW: 0 0.01 INCH OR MORE: 4
MAX 90 OR ABOVE: 1 0.10 INCH OR MORE: 1
MIN 32 OR BELOW: 7 0.50 INCH OR MORE: 1
MIN 0 OR BELOW: 0 1.00 INCH OR MORE: 1
[HDD (BASE 65) ]
TOTAL THIS MO. 261 CLEAR (SCALE 0-3) 19
DPTR FM NORMAL -18 PTCLDY (SCALE 4-7) 10
TOTAL FM JUL 1 3892 CLOUDY (SCALE 8-10) 1
DPTR FM NORMAL -412
[CDD (BASE 65) ]
TOTAL THIS MO. 33
DPTR FM NORMAL 2 [PRESSURE DATA]
TOTAL FM JAN 1 55 HIGHEST SLP M ON M
DPTR FM NORMAL 19 LOWEST SLP 29.43 ON 12
[REMARKS]
#FINAL-04-20#