000
CXUS53 KUNR 011030
CF6GCC
PRELIMINARY LOCAL CLIMATOLOGICAL DATA (WS FORM: F-6)
STATION: GILLETTE AIRPORT WY
MONTH: FEBRUARY
YEAR: 2021
LATITUDE: 44 20 N
LONGITUDE: 105 32 W
TEMPERATURE IN F: :PCPN: SNOW: WIND :SUNSHINE: SKY :PK WND
================================================================================
1 2 3 4 5 6A 6B 7 8 9 10 11 12 13 14 15 16 17 18
12Z AVG MX 2MIN
DY MAX MIN AVG DEP HDD CDD WTR SNW DPTH SPD SPD DIR MIN PSBL S-S WX SPD DR
================================================================================
1 56 8 32 6 33 0 0.00 M M 4.8 12 200 M M 0 19 210
2 62 33 48 22 17 0 0.00 M M 14.1 33 220 M M 0 43 220
3 47 20 34 8 31 0 0.16 M M 16.3 33 220 M M 6 12 48 210
4 30 16 23 -3 42 0 0.08 M M 12.5 25 300 M M 8 18 33 300
5 30 10 20 -6 45 0 0.13 M M 9.3 20 290 M M 9 18 26 310
6 11 -12 0 -26 65 0 0.04 M M 11.0 25 10 M M 9 18 31 150
7 7 -20 -6 -32 71 0 0.16 M M 9.0 21 340 M M 7 18 24 330
8 11 -17 -3 -29 68 0 0.01 M M 7.3 17 340 M M 8 18 21 340
9 2 -23 -10 -36 75 0 T M M 4.2 10 20 M M 7 18 12 20
10 7 -6 1 -25 64 0 0.01 M M 8.1 14 40 M M 9 18 17 160
11 -5 -15 -10 -36 75 0 0.02 M M 10.7 16 340 M M 10 18 21 10
12 -4 -14 -9 -36 74 0 0.05 M M 3.5 9 340 M M 10 18 12 360
13 -2 -33 -17 -44 82 0 T M M 2.8 10 20 M M 5 18 12 10
14 -4 -35 -19 -46 84 0 T M M 13.5 28 160 M M 3 8 33 170
15 13 -7 3 -24 62 0 0.00 M M 17.3 32 170 M M 6 8 40 170
16 25 -3 11 -16 54 0 0.01 M M 4.7 22 170 M M 6 18 25 180
17 23 6 15 -13 50 0 0.02 M M 7.3 18 350 M M 9 18 23 350
18 21 -9 6 -22 59 0 0.01 M M 6.3 16 170 M M 2 1 18 250
19 34 4 19 -9 46 0 0.00 M M 10.7 21 210 M M 2 24 210
20 37 13 25 -3 40 0 0.00 M M 9.7 23 310 M M 3 18 30 220
21 34 12 23 -5 42 0 0.00 M M 14.3 23 220 M M 0 30 220
22 48 31 40 11 25 0 0.00 M M 18.4 36 220 M M 2 49 210
23 41 18 30 1 35 0 0.00 M M 19.7 37 220 M M 5 18 49 230
24 31 16 24 -5 41 0 0.00 M M 10.4 23 310 M M 2 18 29 310
25 38 16 27 -3 38 0 0.00 M M 20.4 33 220 M M 1 46 230
26 39 16 28 -2 37 0 0.00 M M 9.6 24 290 M M 4 8 34 270
27 32 11 22 -8 43 0 0.00 M M 10.0 24 350 M M 6 128 33 350
28 33 13 23 -7 42 0 0.00 M M 10.0 17 240 M M 3 21 250
================================================================================
SM 697 49 1440 0 0.70 M 295.9 M 142
================================================================================
AV 24.9 1.8 10.6 FASTST M M 5 MAX(MPH)
MISC ----> 37 220 # 49 210
================================================================================
NOTES:
# LAST OF SEVERAL OCCURRENCES
COLUMN 17 PEAK WIND IN M.P.H.
PRELIMINARY LOCAL CLIMATOLOGICAL DATA (WS FORM: F-6) , PAGE 2
STATION: GILLETTE AIRPORT WY
MONTH: FEBRUARY
YEAR: 2021
LATITUDE: 44 20 N
LONGITUDE: 105 32 W
[TEMPERATURE DATA] [PRECIPITATION DATA] SYMBOLS USED IN COLUMN 16
AVERAGE MONTHLY: 13.3 TOTAL FOR MONTH: 0.70 1 = FOG OR MIST
DPTR FM NORMAL: -14.1 DPTR FM NORMAL: 0.31 2 = FOG REDUCING VISIBILITY
HIGHEST: 62 ON 2 GRTST 24HR 0.20 ON 6- 7 TO 1/4 MILE OR LESS
LOWEST: -35 ON 14 3 = THUNDER
SNOW, ICE PELLETS, HAIL 4 = ICE PELLETS
TOTAL MONTH: M 5 = HAIL
GRTST 24HR M ON M 6 = FREEZING RAIN OR DRIZZLE
GRTST DEPTH: M ON M 7 = DUSTSTORM OR SANDSTORM:
VSBY 1/2 MILE OR LESS
8 = SMOKE OR HAZE
[NO. OF DAYS WITH] [WEATHER - DAYS WITH] 9 = BLOWING SNOW
X = TORNADO
MAX 32 OR BELOW: 17 0.01 INCH OR MORE: 12
MAX 90 OR ABOVE: 0 0.10 INCH OR MORE: 3
MIN 32 OR BELOW: 27 0.50 INCH OR MORE: 0
MIN 0 OR BELOW: 12 1.00 INCH OR MORE: 0
[HDD (BASE 65) ]
TOTAL THIS MO. 1440 CLEAR (SCALE 0-3) 11
DPTR FM NORMAL 387 PTCLDY (SCALE 4-7) 10
TOTAL FM JUL 1 5284 CLOUDY (SCALE 8-10) 7
DPTR FM NORMAL -125
[CDD (BASE 65) ]
TOTAL THIS MO. 0
DPTR FM NORMAL 0 [PRESSURE DATA]
TOTAL FM JAN 1 0 HIGHEST SLP 30.66 ON 14
DPTR FM NORMAL 0 LOWEST SLP 29.56 ON 3
[REMARKS]
#FINAL-02-21#