000
CXUS53 KDDC 011720
CLSGCK
CLIMATE REPORT
NATIONAL WEATHER SERVICE DODGE CITY, KANSAS
1120 AM CST TUE MAR 01 2022
...................................
...THE GARDEN CITY REGIONAL ARPT KS CLIMATE SUMMARY FOR THE SEASON, FROM
12/1/2021 TO 2/28/2022...
CLIMATE NORMAL PERIOD 1991 TO 2020
CLIMATE RECORD PERIOD 1948 TO 2022
WEATHER OBSERVED NORMAL DEPART LAST YEAR`S
VALUE DATE(S) VALUE FROM VALUE DATE(S)
NORMAL
................................................................
TEMPERATURE (F)
RECORD
HIGH 89 02/18/2016
LOW -20 02/15/2021
HIGHEST 78 12/02 MM MM 75 02/27
LOWEST -7 01/02 MM MM -20 02/15
AVG. MAXIMUM 50.2 46.5 3.7 44.0
AVG. MINIMUM 16.3 19.0 -2.7 17.0
MEAN 33.2 32.7 0.5 30.5
DAYS MAX >= 90 0 0.0 0.0 0
DAYS MAX <= 32 10 16.4 -6.4 19
DAYS MIN <= 32 88 85.1 2.9 90
DAYS MIN <= 0 4 2.9 1.1 7
PRECIPITATION (INCHES)
RECORD
MAXIMUM 4.83 2007
MINIMUM T 2018
TOTALS 0.04 1.26 -1.22 0.19
DAYS >= .01 2 9.1 -7.1 5
DAYS >= .10 0 3.3 -3.3 0
DAYS >= .50 0 0.6 -0.6 0
DAYS >= 1.00 0 0.1 -0.1 0
GREATEST
24 HR. TOTAL 0.03 01/25 TO 01/25 0.09 01/25 TO 01/25
DEGREE DAYS
HEATING TOTAL 2830 2909 -79 3061
SINCE 7/1 3628 3994 -366 4149
COOLING TOTAL 0 0 0 0
SINCE 1/1 0 0 0 0
................................................................
WIND (MPH)
AVERAGE WIND SPEED 12.0
RESULTANT WIND SPEED/DIRECTION 3/330
HIGHEST WIND SPEED/DIRECTION 62/230 DATE 12/15
HIGHEST GUST SPEED/DIRECTION 89/220 DATE 12/15
SKY COVER
POSSIBLE SUNSHINE (PERCENT) MM
AVERAGE SKY COVER 0.12
NUMBER OF DAYS FAIR 77
NUMBER OF DAYS PC 10
NUMBER OF DAYS CLOUDY 3
AVERAGE RH (PERCENT) 54
WEATHER CONDITIONS. NUMBER OF DAYS WITH
THUNDERSTORM 0 MIXED PRECIP 0
HEAVY RAIN 0 RAIN 0
LIGHT RAIN 0 FREEZING RAIN 0
LT FREEZING RAIN 0 HAIL 0
HEAVY SNOW 0 SNOW 3
LIGHT SNOW 9 SLEET 0
FOG 10 FOG W/VIS <= 1/4 MILE 3
HAZE 12
- INDICATES NEGATIVE NUMBERS.
R INDICATES RECORD WAS SET OR TIED.
MM INDICATES DATA IS MISSING.
T INDICATES TRACE AMOUNT.
$$