000
CXUS51 KPHI 010853
CLMGED
CLIMATE REPORT
NATIONAL WEATHER SERVICE MOUNT HOLLY NJ
453 AM EDT THU JUN 01 2023
...................................
...THE GEORGETOWN DE CLIMATE SUMMARY FOR THE MONTH OF MAY 2023...
CLIMATE NORMAL PERIOD: 1991 TO 2020
CLIMATE RECORD PERIOD: 1948 TO 2023
WEATHER OBSERVED NORMAL DEPART LAST YEAR`S
VALUE DATE(S) VALUE FROM VALUE
NORMAL
..............................................................
TEMPERATURE (F)
RECORD
HIGH 96 05/31/1991
05/19/1962
LOW 28 05/11/1966
HIGHEST 88 MM MM 95
LOWEST 43 MM MM 41
AVG. MAXIMUM 73.1 74.5 -1.4 75.1
AVG. MINIMUM 52.0 54.5 -2.5 57.5
MEAN 62.5 64.5 -2.0 66.3
DAYS MAX >= 90 0 2.0 -2.0 5
DAYS MAX <= 32 0 0.0 0.0 0
DAYS MIN <= 32 0 0.0 0.0 0
DAYS MIN <= 0 0 0.0 0.0 0
PRECIPITATION (INCHES)
RECORD
MAXIMUM 11.02 1948
MINIMUM 0.19 1964
TOTALS 3.66 3.63 0.03 3.84
DAILY AVG. 0.12 0.12 0.00 0.12
DAYS >= .01 6 11.8 -5.8 14
DAYS >= .10 5 7.0 -2.0 7
DAYS >= .50 3 2.3 0.7 2
DAYS >= 1.00 2 0.7 1.3 2
GREATEST
24 HR. TOTAL 1.25 05/29 TO 05/29 1.19
DEGREE DAYS
HEATING TOTAL 102 106 -4 90
SINCE 7/1 3390 4060 -670 MM
COOLING TOTAL 33 91 -58 136
SINCE 1/1 93 119 -26 MM
..............................................................
WIND (MPH)
AVERAGE WIND SPEED 6.6
HIGHEST WIND SPEED/DIRECTION 24/230 DATE 05/01
HIGHEST GUST SPEED/DIRECTION 32/230 DATE 05/01
32/030 05/25
SKY COVER
POSSIBLE SUNSHINE (PERCENT) MM
AVERAGE SKY COVER 0.31
NUMBER OF DAYS FAIR 17
NUMBER OF DAYS PC 12
NUMBER OF DAYS CLOUDY 2
AVERAGE RH (PERCENT) 65
WEATHER CONDITIONS. NUMBER OF DAYS WITH
THUNDERSTORM 2 MIXED PRECIP 0
HEAVY RAIN 3 RAIN 4
LIGHT RAIN 14 FREEZING RAIN 0
LT FREEZING RAIN 0 HEAVY SNOW 0
SNOW 0 LIGHT SNOW 0
SLEET 0 FOG 15
FOG W/VIS <= 1/4 MILE 1 HAZE 2
- INDICATES NEGATIVE NUMBERS.
R INDICATES RECORD WAS SET OR TIED.
MM INDICATES DATA IS MISSING.
T INDICATES TRACE AMOUNT.
$$