000
CXUS56 KOTX 011010
CF6GEG
PRELIMINARY LOCAL CLIMATOLOGICAL DATA (WS FORM: F-6)
STATION: SPOKANE WA AIRPORT
MONTH: FEBRUARY
YEAR: 2022
LATITUDE: 47 37 N
LONGITUDE: 117 32 W
TEMPERATURE IN F: :PCPN: SNOW: WIND :SUNSHINE: SKY :PK WND
================================================================================
1 2 3 4 5 6A 6B 7 8 9 10 11 12 13 14 15 16 17 18
12Z AVG MX 2MIN
DY MAX MIN AVG DEP HDD CDD WTR SNW DPTH SPD SPD DIR MIN PSBL S-S WX SPD DR
================================================================================
1 34 20 27 -4 38 0 0.00 0.0 0 8.4 16 260 M M 5 12 20 350
2 24 16 20 -11 45 0 0.06 1.3 0 6.0 13 70 M M 6 1 15 70
3 27 20 24 -7 41 0 0.00 0.0 1 5.0 9 40 M M 10 128 11 40
4 37 26 32 1 33 0 T T 1 7.6 21 180 M M 10 128 29 170
5 41 26 34 3 31 0 0.00 0.0 T 6.8 17 220 M M 8 1 21 220
6 43 26 35 3 30 0 0.00 0.0 T 2.3 8 40 M M 6 12 9 50
7 45 27 36 4 29 0 0.00 0.0 0 10.6 23 220 M M 3 1 29 210
8 43 30 37 5 28 0 0.00 0.0 0 6.1 13 220 M M 7 16 190
9 49 31 40 8 25 0 0.00 0.0 0 4.3 10 170 M M 6 14 190
10 48 32 40 8 25 0 0.00 0.0 0 5.7 14 220 M M 6 1 17 220
11 49 26 38 6 27 0 0.00 0.0 0 4.9 14 20 M M 4 17 30
12 47 25 36 4 29 0 0.00 0.0 0 2.1 7 40 M M 2 9 50
13 47 25 36 4 29 0 0.00 0.0 0 4.3 12 70 M M 5 13 60
14 42 32 37 5 28 0 0.04 T 0 6.8 20 220 M M 9 1 22 220
15 45 29 37 4 28 0 T T T 6.9 17 210 M M 7 12 22 200
16 47 27 37 4 28 0 0.00 0.0 0 7.2 16 220 M M 3 1 24 330
17 42 30 36 3 29 0 0.00 0.0 0 10.5 20 210 M M 7 25 200
18 50 31 41 8 24 0 0.00 0.0 0 6.5 15 220 M M 6 1 19 220
19 44 35 40 6 25 0 0.00 0.0 0 15.1 30 230 M M 7 37 230
20 43 30 37 3 28 0 T 0.0 0 11.8 21 210 M M 6 26 220
21 31 12 22 -12 43 0 0.19 3.7 0 16.0 30 60 M M 7 129 36 60
22 18 7 13 -21 52 0 0.00 0.0 3 15.2 26 70 M M 1 33 50
23 20 3 12 -22 53 0 0.00 0.0 3 5.0 13 230 M M 4 15 220
24 24 10 17 -18 48 0 0.04 0.8 4 4.7 12 220 M M 5 1 12 230
25 29 9 19 -16 46 0 0.00 0.0 3 3.8 10 150 M M 2 1 13 160
26 40 13 27 -8 38 0 0.00 0.0 3 4.3 9 60 M M 6 10 80
27 42 29 36 1 29 0 0.13 0.2 3 11.8 20 160 M M 10 16 28 160
28 51 36 44 8 21 0 0.72 0.0 1 15.7 26 220 M M 10 1 37 230
================================================================================
SM 1102 663 930 0 1.18 6.0 215.4 M 168
================================================================================
AV 39.4 23.7 7.7 FASTST M M 6 MAX(MPH)
MISC ----> # 30 230 # 37 230
================================================================================
NOTES:
# LAST OF SEVERAL OCCURRENCES
COLUMN 17 PEAK WIND IN M.P.H.
PRELIMINARY LOCAL CLIMATOLOGICAL DATA (WS FORM: F-6) , PAGE 2
STATION: SPOKANE WA AIRPORT
MONTH: FEBRUARY
YEAR: 2022
LATITUDE: 47 37 N
LONGITUDE: 117 32 W
[TEMPERATURE DATA] [PRECIPITATION DATA] SYMBOLS USED IN COLUMN 16
AVERAGE MONTHLY: 31.5 TOTAL FOR MONTH: 1.18 1 = FOG OR MIST
DPTR FM NORMAL: -1.4 DPTR FM NORMAL: -0.26 2 = FOG REDUCING VISIBILITY
HIGHEST: 51 ON 28 GRTST 24HR 0.82 ON 27-28 TO 1/4 MILE OR LESS
LOWEST: 3 ON 23 3 = THUNDER
SNOW, ICE PELLETS, HAIL 4 = ICE PELLETS
TOTAL MONTH: 6.0 INCHES 5 = HAIL
GRTST 24HR 3.7 ON 21-21 6 = FREEZING RAIN OR DRIZZLE
GRTST DEPTH: 4 ON 24 7 = DUSTSTORM OR SANDSTORM:
VSBY 1/2 MILE OR LESS
8 = SMOKE OR HAZE
[NO. OF DAYS WITH] [WEATHER - DAYS WITH] 9 = BLOWING SNOW
X = TORNADO
MAX 32 OR BELOW: 7 0.01 INCH OR MORE: 6
MAX 90 OR ABOVE: 0 0.10 INCH OR MORE: 3
MIN 32 OR BELOW: 26 0.50 INCH OR MORE: 1
MIN 0 OR BELOW: 0 1.00 INCH OR MORE: 0
[HDD (BASE 65) ]
TOTAL THIS MO. 930 CLEAR (SCALE 0-3) 4
DPTR FM NORMAL 31 PTCLDY (SCALE 4-7) 19
TOTAL FM JUL 1 4572 CLOUDY (SCALE 8-10) 5
DPTR FM NORMAL -148
[CDD (BASE 65) ]
TOTAL THIS MO. 0
DPTR FM NORMAL 0 [PRESSURE DATA]
TOTAL FM JAN 1 0 HIGHEST SLP M ON M
DPTR FM NORMAL 0 LOWEST SLP 29.73 ON 20
[REMARKS]
#FINAL-02-22#