382
CXUS53 KIND 010600
CF6GEZ
PRELIMINARY LOCAL CLIMATOLOGICAL DATA (WS FORM: F-6)
STATION: SHELBYVILLE IN
MONTH: JULY
YEAR: 2020
LATITUDE: 39 35 N
LONGITUDE: 85 48 W
TEMPERATURE IN F: :PCPN: SNOW: WIND :SUNSHINE: SKY :PK WND
================================================================================
1 2 3 4 5 6A 6B 7 8 9 10 11 12 13 14 15 16 17 18
12Z AVG MX 2MIN
DY MAX MIN AVG DEP HDD CDD WTR SNW DPTH SPD SPD DIR MIN PSBL S-S WX SPD DR
================================================================================
1 90 70 80 6 0 15 0.00 M M 4.3 10 100 M M 2 18 14 70
2 90 69 80 6 0 15 0.00 M M 6.4 13 60 M M 0 19 70
3 93 67 80 6 0 15 0.00 M M 2.7 12 10 M M 1 15 60
4 94 72 83 9 0 18 T M M 4.9 16 200 M M 1 3 23 210
5 94 71 83 9 0 18 0.00 M M 3.4 14 360 M M 1 8 18 350
6 93 71 82 8 0 17 0.00 M M 4.5 12 130 M M 1 138 17 120
7 92 72 82 8 0 17 T M M 3.9 17 350 M M 0 138 22 360
8 95 71 83 9 0 18 0.00 M M 3.1 15 240 M M 1 18 20 240
9 94 71 83 9 0 18 0.00 M M 6.0 17 190 M M 0 18 24 180
10 88 75 82 8 0 17 T M M 11.6 24 310 M M 3 32 290
11 91 69 80 6 0 15 0.49 M M 7.5 31 330 M M 3 3 44 330
12 86 67 77 3 0 12 0.19 M M 6.8 22 70 M M 5 33 70
13 85 61 73 -1 0 8 0.00 M M 5.4 13 350 M M 1 19 360
14 88 61 75 1 0 10 0.00 M M 2.9 10 240 M M 1 14 240
15 91 63 77 3 0 12 0.01 0.0 0 7.4 16 160 M M 1 18 23 170
16 81 70 76 2 0 11 T 0.0 0 9.4 20 230 M M 7 26 200
17 90 67 79 5 0 14 0.00 M M 3.9 13 210 M M 3 128 17 200
18 93 69 81 7 0 16 0.00 M M 7.8 16 210 M M 2 18 22 200
19 93 73 83 9 0 18 0.13 M M 9.0 28 330 M M 2 3 40 340
20 88 71 80 6 0 15 0.39 M M 4.8 14 340 M M 5 20 310
21 90 70 80 6 0 15 0.89 M M 5.7 28 290 M M 5 13 40 280
22 86 71 79 5 0 14 0.32 M M 8.3 24 240 M M 5 3 37 250
23 88 70 79 5 0 14 T M M 6.2 15 290 M M 4 18 20 260
24 87 66 77 3 0 12 0.00 M M 2.3 9 310 M M 2 1 13 290
25 88 64 76 2 0 11 0.00 M M 1.3 9 360 M M 1 18 13 320
26 92 66 79 5 0 14 0.00 M M 5.1 13 210 M M 1 18 16 200
27 92 74 83 9 0 18 0.17 M M 9.2 39 270 M M 3 3 60 270
28 87 68 78 4 0 13 0.00 M M 4.2 10 290 M M 2 128 15 270
29 88 64 76 2 0 11 0.00 M M 3.7 10 180 M M 0 18 15 190
30 75 69 72 -2 0 7 1.17 M M 5.8 16 90 M M 8 18 23 90
31 84 67 76 3 0 11 0.37 M M 7.7 15 50 M M 6 18 21 50
================================================================================
SM 2766 2129 0 439 4.13 0.0 175.2 M 77
================================================================================
AV 89.2 68.7 5.7 FASTST M M 2 MAX(MPH)
MISC ----> 39 270 60 270
================================================================================
NOTES:
# LAST OF SEVERAL OCCURRENCES
COLUMN 17 PEAK WIND IN M.P.H.
PRELIMINARY LOCAL CLIMATOLOGICAL DATA (WS FORM: F-6) , PAGE 2
STATION: SHELBYVILLE IN
MONTH: JULY
YEAR: 2020
LATITUDE: 39 35 N
LONGITUDE: 85 48 W
[TEMPERATURE DATA] [PRECIPITATION DATA] SYMBOLS USED IN COLUMN 16
AVERAGE MONTHLY: 79.0 TOTAL FOR MONTH: 4.13 1 = FOG OR MIST
DPTR FM NORMAL: 4.9 DPTR FM NORMAL: -0.58 2 = FOG REDUCING VISIBILITY
HIGHEST: 95 ON 8 GRTST 24HR 1.17 ON 30-30 TO 1/4 MILE OR LESS
LOWEST: 61 ON 14,13 3 = THUNDER
SNOW, ICE PELLETS, HAIL 4 = ICE PELLETS
TOTAL MONTH: 0.0 INCH 5 = HAIL
GRTST 24HR 0.0 6 = FREEZING RAIN OR DRIZZLE
GRTST DEPTH: 0 7 = DUSTSTORM OR SANDSTORM:
VSBY 1/2 MILE OR LESS
8 = SMOKE OR HAZE
[NO. OF DAYS WITH] [WEATHER - DAYS WITH] 9 = BLOWING SNOW
X = TORNADO
MAX 32 OR BELOW: 0 0.01 INCH OR MORE: 10
MAX 90 OR ABOVE: 17 0.10 INCH OR MORE: 9
MIN 32 OR BELOW: 0 0.50 INCH OR MORE: 2
MIN 0 OR BELOW: 0 1.00 INCH OR MORE: 1
[HDD (BASE 65) ]
TOTAL THIS MO. 0 CLEAR (SCALE 0-3) 22
DPTR FM NORMAL -1 PTCLDY (SCALE 4-7) 9
TOTAL FM JUL 1 0 CLOUDY (SCALE 8-10) 0
DPTR FM NORMAL 0
[CDD (BASE 65) ]
TOTAL THIS MO. 439
DPTR FM NORMAL 156 [PRESSURE DATA]
TOTAL FM JAN 1 884 HIGHEST SLP M ON M
DPTR FM NORMAL 311 LOWEST SLP 29.69 ON 12
[REMARKS]
#FINAL-07-20#