000
CXUS53 KFGF 010815
CF6GFK
PRELIMINARY LOCAL CLIMATOLOGICAL DATA (WS FORM: F-6)
STATION: GRAND FORKS INTL AP ND
MONTH: MAY
YEAR: 2023
LATITUDE: 47 57 N
LONGITUDE: 97 11 W
TEMPERATURE IN F: :PCPN: SNOW: WIND :SUNSHINE: SKY :PK WND
================================================================================
1 2 3 4 5 6A 6B 7 8 9 10 11 12 13 14 15 16 17 18
12Z AVG MX 2MIN
DY MAX MIN AVG DEP HDD CDD WTR SNW DPTH SPD SPD DIR MIN PSBL S-S WX SPD DR
================================================================================
1 54 35 45 -3 20 0 0.00 0.0 0 18.2 32 350 M M 3 42 350
2 62 31 47 -1 18 0 0.00 0.0 0 10.1 20 330 M M 2 27 10
3 80 33 57 8 8 0 0.00 0.0 0 10.9 21 280 M M 3 32 280
4 72 39 56 7 9 0 0.00 0.0 0 10.8 20 360 M M 2 24 360
5 71 41 56 6 9 0 0.00 0.0 0 12.0 22 90 M M 4 8 31 80
6 63 39 51 1 14 0 0.12 0.0 0 14.1 23 90 M M 6 18 30 70
7 52 49 51 1 14 0 0.60 0.0 0 12.8 18 40 M M 10 1 24 50
8 58 46 52 1 13 0 T 0.0 0 6.3 13 20 M M 10 12 15 20
9 72 40 56 5 9 0 0.00 0.0 0 7.1 16 160 M M 6 12 23 180
10 81 50 66 14 0 1 0.00 0.0 0 10.4 22 210 M M 4 33 180
11 86 54 70 18 0 5 0.00 0.0 0 7.4 21 60 M M 4 18 27 60
12 84 51 68 16 0 3 0.02 0.0 0 9.6 22 90 M M 6 3 31 80
13 78 52 65 12 0 0 0.00 0.0 0 10.1 20 120 M M 6 25 110
14 80 44 62 9 3 0 0.00 0.0 0 4.7 13 60 M M 1 17 60
15 83 46 65 11 0 0 0.00 0.0 0 9.4 18 250 M M 5 25 260
16 81 56 69 15 0 4 0.00 0.0 0 7.9 13 10 M M 7 8 17 10
17 87 48 68 13 0 3 0.05 0.0 0 12.6 40 340 M M 7 178 54 340
18 53 42 48 -7 17 0 0.06 0.0 0 10.5 22 340 M M 10 128 30 340
19 71 40 56 0 9 0 0.01 0.0 0 12.8 29 20 M M 5 1 39 20
20 79 40 60 4 5 0 0.00 0.0 0 11.7 22 210 M M 3 42 220
21 79 43 61 5 4 0 0.00 0.0 0 7.1 12 350 M M 5 16 330
22 87 44 66 9 0 1 0.00 0.0 0 6.1 17 180 M M 1 8 23 180
23 89 59 74 17 0 9 0.00 0.0 0 11.9 29 90 M M 3 8 40 80
24 70 54 62 4 3 0 0.00 0.0 0 16.6 24 90 M M 7 8 35 90
25 88 51 70 12 0 5 0.00 0.0 0 17.3 26 140 M M 2 40 150
26 90 63 77 19 0 12 0.00 0.0 0 18.4 28 190 M M 2 44 200
27 90 61 76 17 0 11 0.00 0.0 0 17.6 31 160 M M 4 46 150
28 89 58 74 15 0 9 0.00 0.0 0 15.3 28 180 M M 1 39 160
29 84 60 72 12 0 7 0.26 0.0 0 11.9 29 230 M M 5 3 41 200
30 85 57 71 11 0 6 T 0.0 0 5.9 21 210 M M 3 13 28 210
31 89 54 72 12 0 7 T 0.0 0 6.5 22 210 M M 7 1238 30 220
================================================================================
SM 2387 1480 155 83 1.12 0.0 344.0 M 144
================================================================================
AV 77.0 47.7 11.1 FASTST M M 5 MAX(MPH)
MISC ----> 40 340 54 340
================================================================================
NOTES:
# LAST OF SEVERAL OCCURRENCES
COLUMN 17 PEAK WIND IN M.P.H.
PRELIMINARY LOCAL CLIMATOLOGICAL DATA (WS FORM: F-6) , PAGE 2
STATION: GRAND FORKS INTL AP ND
MONTH: MAY
YEAR: 2023
LATITUDE: 47 57 N
LONGITUDE: 97 11 W
[TEMPERATURE DATA] [PRECIPITATION DATA] SYMBOLS USED IN COLUMN 16
AVERAGE MONTHLY: 62.4 TOTAL FOR MONTH: 1.12 1 = FOG OR MIST
DPTR FM NORMAL: 8.3 DPTR FM NORMAL: -1.68 2 = FOG REDUCING VISIBILITY
HIGHEST: 90 ON 27,26 GRTST 24HR 0.72 ON 6- 7 TO 1/4 MILE OR LESS
LOWEST: 31 ON 2 3 = THUNDER
SNOW, ICE PELLETS, HAIL 4 = ICE PELLETS
TOTAL MONTH: 0.0 INCH 5 = HAIL
GRTST 24HR 0.0 6 = FREEZING RAIN OR DRIZZLE
GRTST DEPTH: 0 7 = DUSTSTORM OR SANDSTORM:
VSBY 1/2 MILE OR LESS
8 = SMOKE OR HAZE
[NO. OF DAYS WITH] [WEATHER - DAYS WITH] 9 = BLOWING SNOW
X = TORNADO
MAX 32 OR BELOW: 0 0.01 INCH OR MORE: 7
MAX 90 OR ABOVE: 2 0.10 INCH OR MORE: 3
MIN 32 OR BELOW: 1 0.50 INCH OR MORE: 1
MIN 0 OR BELOW: 0 1.00 INCH OR MORE: 0
[HDD (BASE 65) ]
TOTAL THIS MO. 155 CLEAR (SCALE 0-3) 11
DPTR FM NORMAL -197 PTCLDY (SCALE 4-7) 17
TOTAL FM JUL 1 9645 CLOUDY (SCALE 8-10) 3
DPTR FM NORMAL 202
[CDD (BASE 65) ]
TOTAL THIS MO. 83
DPTR FM NORMAL 68 [PRESSURE DATA]
TOTAL FM JAN 1 83 HIGHEST SLP M ON M
DPTR FM NORMAL 68 LOWEST SLP 29.65 ON 29
[REMARKS]
#FINAL-05-23#