000
CXUS54 KFWD 010730
CF6GKY
PRELIMINARY LOCAL CLIMATOLOGICAL DATA (WS FORM: F-6)
STATION: ARLINGTON
MONTH: JUNE
YEAR: 2021
LATITUDE: 32 39 N
LONGITUDE: 97 6 W
TEMPERATURE IN F: :PCPN: SNOW: WIND :SUNSHINE: SKY :PK WND
================================================================================
1 2 3 4 5 6A 6B 7 8 9 10 11 12 13 14 15 16 17 18
12Z AVG MX 2MIN
DY MAX MIN AVG DEP HDD CDD WTR SNW DPTH SPD SPD DIR MIN PSBL S-S WX SPD DR
================================================================================
1 75 64 70 -9 0 5 0.04 M M 5.9 16 300 M M 7 1 22 300
2 85 62 74 -5 0 9 T M M 3.5 14 290 M M 2 1 20 260
3 83 65 74 -6 0 9 0.00 M M 3.7 12 140 M M 0 14 120
4 85 67 76 -4 0 11 0.23 M M 5.4 13 120 M M 5 18 16 120
5 88 72 80 0 0 15 0.04 M M 4.7 17 150 M M 6 13 23 200
6 90 72 81 1 0 16 0.00 M M 8.9 17 140 M M 5 23 120
7 85 70 78 -3 0 13 0.13 M M 7.5 18 300 M M 6 13 29 240
8 91 74 83 2 0 18 0.02 M M 9.2 25 130 M M 4 138 33 130
9 94 80 87 6 0 22 0.00 M M 10.3 17 170 M M 5 24 150
10 94 80 87 6 0 22 0.00 M M 10.4 17 150 M M 5 23 160
11 95 79 87 6 0 22 0.00 M M 11.7 21 150 M M 2 30 170
12 95 78 87 5 0 22 0.00 M M 5.7 18 190 M M 1 29 180
13 100 75 88 6 0 23 0.00 M M 2.7 10 130 M M 1 3 14 110
14 98 77 88 6 0 23 0.13 M M 3.6 22 280 M M 2 3 31 280
15 98 73 86 4 0 21 0.00 M M 3.3 13 40 M M 0 18 17 30
16 99 71 85 3 0 20 0.00 M M 3.4 13 150 M M 0 17 150
17 100 73 87 5 0 22 0.00 M M 3.6 12 120 M M 1 16 120
18 96 77 87 5 0 22 0.00 M M 7.2 16 110 M M 1 21 150
19 97 68 83 0 0 18 0.00 M M 5.3 15 130 M M 0 19 130
20 98 78 88 5 0 23 0.00 M M 10.8 20 150 M M 0 28 150
21 95 70 83 0 0 18 0.53 M M 12.5 32 350 M M 5 3 41 340
22 88 71 80 -3 0 15 0.00 0.0 0 8.6 14 120 M M 5 20 90
23 97 78 88 5 0 23 0.00 M M 10.8 17 150 M M 4 28 150
24 98 80 89 6 0 24 0.00 M M 13.1 21 150 M M 1 28 160
25 97 80 89 6 0 24 0.00 M M 13.6 24 140 M M 1 34 140
26 97 80 89 6 0 24 0.00 M M 12.7 23 140 M M 4 33 110
27 95 80 88 4 0 23 0.01 M M 8.0 20 130 M M 3 3 25 110
28 90 75 83 -1 0 18 0.43 M M 5.7 22 90 M M 6 29 60
29 91 76 84 0 0 19 0.66 M M 8.5 26 150 M M 6 13 34 150
30 94 76 85 1 0 20 T M M 3.8 13 120 M M 3 18 16 120
================================================================================
SM 2788 2221 0 564 2.22 0.0 224.1 M 91
================================================================================
AV 92.9 74.0 7.5 FASTST M M 3 MAX(MPH)
MISC ----> 32 350 41 340
================================================================================
NOTES:
# LAST OF SEVERAL OCCURRENCES
COLUMN 17 PEAK WIND IN M.P.H.
PRELIMINARY LOCAL CLIMATOLOGICAL DATA (WS FORM: F-6) , PAGE 2
STATION: ARLINGTON
MONTH: JUNE
YEAR: 2021
LATITUDE: 32 39 N
LONGITUDE: 97 6 W
[TEMPERATURE DATA] [PRECIPITATION DATA] SYMBOLS USED IN COLUMN 16
AVERAGE MONTHLY: 83.5 TOTAL FOR MONTH: 2.22 1 = FOG OR MIST
DPTR FM NORMAL: 1.6 DPTR FM NORMAL: -1.32 2 = FOG REDUCING VISIBILITY
HIGHEST: 100 ON 17,13 GRTST 24HR 1.35 ON 31- 1 TO 1/4 MILE OR LESS
LOWEST: 62 ON 2 3 = THUNDER
SNOW, ICE PELLETS, HAIL 4 = ICE PELLETS
TOTAL MONTH: 0.0 INCH 5 = HAIL
GRTST 24HR 0.0 6 = FREEZING RAIN OR DRIZZLE
GRTST DEPTH: 0 7 = DUSTSTORM OR SANDSTORM:
VSBY 1/2 MILE OR LESS
8 = SMOKE OR HAZE
[NO. OF DAYS WITH] [WEATHER - DAYS WITH] 9 = BLOWING SNOW
X = TORNADO
MAX 32 OR BELOW: 0 0.01 INCH OR MORE: 10
MAX 90 OR ABOVE: 23 0.10 INCH OR MORE: 6
MIN 32 OR BELOW: 0 0.50 INCH OR MORE: 2
MIN 0 OR BELOW: 0 1.00 INCH OR MORE: 0
[HDD (BASE 65) ]
TOTAL THIS MO. 0 CLEAR (SCALE 0-3) 15
DPTR FM NORMAL 0 PTCLDY (SCALE 4-7) 15
TOTAL FM JUL 1 1975 CLOUDY (SCALE 8-10) 0
DPTR FM NORMAL -150
[CDD (BASE 65) ]
TOTAL THIS MO. 564
DPTR FM NORMAL 57 [PRESSURE DATA]
TOTAL FM JAN 1 1009 HIGHEST SLP M ON M
DPTR FM NORMAL 52 LOWEST SLP 29.68 ON 20
[REMARKS]
#FINAL-06-21#