000
CXUS54 KFWD 070343
CF6GKY
PRELIMINARY LOCAL CLIMATOLOGICAL DATA (WS FORM: F-6)
STATION: ARLINGTON
MONTH: NOVEMBER
YEAR: 2020
LATITUDE: 32 39 N
LONGITUDE: 97 6 W
TEMPERATURE IN F: :PCPN: SNOW: WIND :SUNSHINE: SKY :PK WND
================================================================================
1 2 3 4 5 6A 6B 7 8 9 10 11 12 13 14 15 16 17 18
12Z AVG MX 2MIN
DY MAX MIN AVG DEP HDD CDD WTR SNW DPTH SPD SPD DIR MIN PSBL S-S WX SPD DR
================================================================================
1 75 44 60 -2 5 0 0.00 M M 6.9 21 360 M M 0 1 29 350
2 74 37 56 -6 9 0 0.00 M M 3.2 12 130 M M 0 16 130
3 80 40 60 -1 5 0 0.00 M M 6.6 16 170 M M 0 23 150
4 78 50 64 3 1 0 0.00 M M 10.6 23 180 M M 0 29 180
5 81 59 70 10 0 5 0.00 M M 9.2 17 160 M M 2 29 170
6 78 61 70 10 0 5 0.00 M M 8.1 18 140 M M 5 1 24 140
7 79 51 65 5 0 0 0.00 M M 5.5 15 120 M M 0 21 130
8 74 54 64 5 1 0 0.00 M M 9.0 20 140 M M 4 1 24 140
9 83 60 72 13 0 7 0.00 M M 11.4 22 170 M M 4 1 32 150
10 78 53 66 7 0 1 T M M 8.8 18 170 M M 4 27 150
11 77 42 60 2 5 0 0.00 M M 2.6 10 20 M M 0 13 20
12 83 49 66 8 0 1 0.00 M M 6.2 18 170 M M 1 28 150
13 78 59 69 11 0 4 0.00 M M 5.5 18 350 M M 3 23 360
14 85 65 75 18 0 10 T M M 12.5 24 190 M M 5 39 180
15 77 39 58 1 7 0 0.00 M M 10.3 31 340 M M 0 41 310
16 73 33 53 -3 12 0 0.00 M M 2.3 13 140 M M 0 16 160
17 76 36 56 0 9 0 0.00 M M 3.1 15 100 M M 0 21 100
18 78 43 61 5 4 0 0.00 M M 9.8 18 150 M M 0 27 140
19 79 57 68 13 0 3 0.00 M M 12.4 23 150 M M 3 34 160
20 78 58 68 13 0 3 0.00 M M 9.0 16 160 M M 4 1 25 130
21 81 55 68 14 0 3 0.00 M M 6.4 14 190 M M 6 1 21 200
22 64 49 57 3 8 0 T M M 9.6 21 360 M M 7 27 350
23 62 47 55 1 10 0 0.00 M M 9.4 18 160 M M 9 29 140
24 77 54 66 13 0 1 0.42 M M 12.2 23 300 M M 7 138 38 270
25 68 40 54 1 11 0 0.00 M M 6.0 23 300 M M 0 32 320
26 76 38 57 5 8 0 0.00 M M 5.9 18 160 M M 0 25 160
27 66 55 61 9 4 0 0.00 M M 10.1 20 360 M M 5 1 27 10
28 59 50 55 3 10 0 0.52 M M 7.5 16 40 M M 9 1 21 40
29 54 46 50 -1 15 0 0.03 M M 11.7 28 330 M M 8 1 36 310
30 53 28 41 -10 24 0 0.00 M M 9.2 25 340 M M 0 39 330
================================================================================
SM 2224 1452 148 43 0.97 M 241.0 M 86
================================================================================
AV 74.1 48.4 8.0 FASTST M M 3 MAX(MPH)
MISC ----> 31 340 41 310
================================================================================
NOTES:
# LAST OF SEVERAL OCCURRENCES
COLUMN 17 PEAK WIND IN M.P.H.
PRELIMINARY LOCAL CLIMATOLOGICAL DATA (WS FORM: F-6) , PAGE 2
STATION: ARLINGTON
MONTH: NOVEMBER
YEAR: 2020
LATITUDE: 32 39 N
LONGITUDE: 97 6 W
[TEMPERATURE DATA] [PRECIPITATION DATA] SYMBOLS USED IN COLUMN 16
AVERAGE MONTHLY: 61.3 TOTAL FOR MONTH: 0.97 1 = FOG OR MIST
DPTR FM NORMAL: 4.7 DPTR FM NORMAL: -1.62 2 = FOG REDUCING VISIBILITY
HIGHEST: 85 ON 14 GRTST 24HR 0.55 ON 28-29 TO 1/4 MILE OR LESS
LOWEST: 28 ON 30 3 = THUNDER
SNOW, ICE PELLETS, HAIL 4 = ICE PELLETS
TOTAL MONTH: M 5 = HAIL
GRTST 24HR M ON M 6 = FREEZING RAIN OR DRIZZLE
GRTST DEPTH: M ON M 7 = DUSTSTORM OR SANDSTORM:
VSBY 1/2 MILE OR LESS
8 = SMOKE OR HAZE
[NO. OF DAYS WITH] [WEATHER - DAYS WITH] 9 = BLOWING SNOW
X = TORNADO
MAX 32 OR BELOW: 0 0.01 INCH OR MORE: 3
MAX 90 OR ABOVE: 0 0.10 INCH OR MORE: 2
MIN 32 OR BELOW: 1 0.50 INCH OR MORE: 1
MIN 0 OR BELOW: 0 1.00 INCH OR MORE: 0
[HDD (BASE 65) ]
TOTAL THIS MO. 148 CLEAR (SCALE 0-3) 16
DPTR FM NORMAL -131 PTCLDY (SCALE 4-7) 12
TOTAL FM JUL 1 271 CLOUDY (SCALE 8-10) 2
DPTR FM NORMAL -82
[CDD (BASE 65) ]
TOTAL THIS MO. 43
DPTR FM NORMAL 18 [PRESSURE DATA]
TOTAL FM JAN 1 3096 HIGHEST SLP 30.54 ON 2
DPTR FM NORMAL 483 LOWEST SLP 29.68 ON 14
[REMARKS]
#FINAL-11-20#