000
CXUS54 KFWD 010730
CF6GKY
PRELIMINARY LOCAL CLIMATOLOGICAL DATA (WS FORM: F-6)
STATION: ARLINGTON
MONTH: SEPTEMBER
YEAR: 2020
LATITUDE: 32 39 N
LONGITUDE: 97 6 W
TEMPERATURE IN F: :PCPN: SNOW: WIND :SUNSHINE: SKY :PK WND
================================================================================
1 2 3 4 5 6A 6B 7 8 9 10 11 12 13 14 15 16 17 18
12Z AVG MX 2MIN
DY MAX MIN AVG DEP HDD CDD WTR SNW DPTH SPD SPD DIR MIN PSBL S-S WX SPD DR
================================================================================
1 96 73 85 3 0 20 1.52 0.0 0 13.7 38 320 M M 5 13 49 330
2 82 73 78 -4 0 13 0.45 0.0 0 5.0 14 200 M M 4 13 21 220
3 84 73 79 -3 0 14 0.41 0.0 0 5.7 14 140 M M 6 13 17 150
4 88 74 81 0 0 16 0.00 0.0 0 4.3 12 120 M M 4 15 140
5 92 74 83 2 0 18 0.32 0.0 0 2.4 25 170 M M 2 13 40 160
6 92 72 82 1 0 17 0.00 0.0 0 4.7 13 150 M M 3 1 19 180
7 95 75 85 5 0 20 0.00 0.0 0 8.6 17 130 M M 1 24 150
8 93 77 85 5 0 20 T 0.0 0 11.7 23 120 M M 1 31 170
9 86 59 73 -7 0 8 2.14 0.0 0 8.5 18 150 M M 8 13 28 150
10 71 57 64 -16 1 0 0.18 0.0 0 10.0 17 330 M M 10 1 23 310
11 81 66 74 -5 0 9 0.00 0.0 0 5.8 14 320 M M 7 17 320
12 90 68 79 0 0 14 0.00 0.0 0 4.1 10 310 M M 1 14 290
13 90 70 80 2 0 15 0.00 0.0 0 8.8 17 350 M M 1 24 350
14 91 72 82 4 0 17 0.00 0.0 0 8.3 16 360 M M 4 22 360
15 91 77 84 6 0 19 0.00 0.0 0 7.0 15 20 M M 6 20 10
16 89 71 80 2 0 15 T 0.0 0 3.6 14 10 M M 1 17 20
17 92 70 81 4 0 16 0.00 0.0 0 6.5 15 360 M M 4 3 22 10
18 89 68 79 2 0 14 0.00 0.0 0 7.7 15 20 M M 1 24 60
19 83 63 73 -3 0 8 0.00 0.0 0 6.8 14 20 M M 0 20 20
20 85 59 72 -4 0 7 0.00 0.0 0 6.9 17 30 M M 1 22 20
21 77 69 73 -3 0 8 0.09 0.0 0 10.1 17 30 M M 10 18 24 40
22 74 69 72 -3 0 7 0.10 0.0 0 8.6 13 40 M M 10 18 15 60
23 75 67 71 -4 0 6 T 0.0 0 8.2 16 350 M M 10 1 19 350
24 79 63 71 -4 0 6 0.00 0.0 0 6.9 15 350 M M 6 20 350
25 86 57 72 -2 0 7 0.00 0.0 0 6.0 13 150 M M 1 1 18 170
26 89 63 76 2 0 11 0.00 0.0 0 9.3 20 150 M M 0 27 140
27 91 68 80 6 0 15 0.00 0.0 0 13.1 27 330 M M 6 46 360
28 80 54 67 -6 0 2 0.00 0.0 0 14.9 33 360 M M 5 46 360
29 84 47 66 -7 0 1 0.00 0.0 0 5.6 21 320 M M 0 30 310
30 93 49 71 -1 0 6 0.00 0.0 0 4.7 13 160 M M 0 18 180
================================================================================
SM 2588 1997 1 349 5.21 0.0 227.5 M 118
================================================================================
AV 86.3 66.6 7.6 FASTST M M 4 MAX(MPH)
MISC ----> # 38 320 # 49 330
================================================================================
NOTES:
# LAST OF SEVERAL OCCURRENCES
COLUMN 17 PEAK WIND IN M.P.H.
PRELIMINARY LOCAL CLIMATOLOGICAL DATA (WS FORM: F-6) , PAGE 2
STATION: ARLINGTON
MONTH: SEPTEMBER
YEAR: 2020
LATITUDE: 32 39 N
LONGITUDE: 97 6 W
[TEMPERATURE DATA] [PRECIPITATION DATA] SYMBOLS USED IN COLUMN 16
AVERAGE MONTHLY: 76.4 TOTAL FOR MONTH: 5.21 1 = FOG OR MIST
DPTR FM NORMAL: -1.1 DPTR FM NORMAL: 1.45 2 = FOG REDUCING VISIBILITY
HIGHEST: 96 ON 1 GRTST 24HR 2.14 ON 9- 9 TO 1/4 MILE OR LESS
LOWEST: 47 ON 29 3 = THUNDER
SNOW, ICE PELLETS, HAIL 4 = ICE PELLETS
TOTAL MONTH: 0.0 INCH 5 = HAIL
GRTST 24HR 0.0 6 = FREEZING RAIN OR DRIZZLE
GRTST DEPTH: 0 7 = DUSTSTORM OR SANDSTORM:
VSBY 1/2 MILE OR LESS
8 = SMOKE OR HAZE
[NO. OF DAYS WITH] [WEATHER - DAYS WITH] 9 = BLOWING SNOW
X = TORNADO
MAX 32 OR BELOW: 0 0.01 INCH OR MORE: 8
MAX 90 OR ABOVE: 12 0.10 INCH OR MORE: 7
MIN 32 OR BELOW: 0 0.50 INCH OR MORE: 2
MIN 0 OR BELOW: 0 1.00 INCH OR MORE: 2
[HDD (BASE 65) ]
TOTAL THIS MO. 1 CLEAR (SCALE 0-3) 14
DPTR FM NORMAL -3 PTCLDY (SCALE 4-7) 11
TOTAL FM JUL 1 1 CLOUDY (SCALE 8-10) 5
DPTR FM NORMAL -3
[CDD (BASE 65) ]
TOTAL THIS MO. 349
DPTR FM NORMAL -30 [PRESSURE DATA]
TOTAL FM JAN 1 2893 HIGHEST SLP M ON M
DPTR FM NORMAL 442 LOWEST SLP 29.69 ON 1
[REMARKS]
#FINAL-09-20#