000
CXUS53 KGLD 021424
CLMGLD
CLIMATE REPORT
NATIONAL WEATHER SERVICE
824 AM MDT THU NOV 02 2023
...................................
...THE GOODLAND KS CLIMATE SUMMARY FOR THE MONTH OF OCTOBER 2023...
CLIMATE NORMAL PERIOD: 1991 TO 2020
CLIMATE RECORD PERIOD: 1895 TO 2023
WEATHER OBSERVED NORMAL DEPART LAST YEAR`S
VALUE DATE(S) VALUE FROM VALUE DATE(S)
NORMAL
................................................................
TEMPERATURE (F)
RECORD
HIGH 96 10/17/1926
LOW 0 10/27/2020
10/27/2020
HIGHEST 88 10/20 87 1 86 10/01
10/02
LOWEST 11 10/30 22 -11 26 10/17
10/18
AVG. MAXIMUM 67.4 66.6 0.8 71.6
AVG. MINIMUM 35.9 37.1 -1.2 38.1
MEAN 51.7 51.8 -0.1 54.9
DAYS MAX >= 90 0 0.9 -0.9 0
DAYS MAX <= 32 1 0.6 0.4 0
DAYS MIN <= 32 12 8.8 3.2 8
DAYS MIN <= 0 0 0.0 0.0 0
PRECIPITATION (INCHES)
RECORD
MAXIMUM 4.94 1930
MINIMUM 0.00 1910
TOTALS 0.38 1.41 -1.03 0.11
DAILY AVG. 0.01 0.05 -0.04 0.00
DAYS >= .01 5 5.6 -0.6 2
DAYS >= .10 1 3.0 -2.0 0
DAYS >= .50 0 0.8 -0.8 0
DAYS >= 1.00 0 0.3 -0.3 0
GREATEST
24 HR. TOTAL 0.21 10/02 TO 10/03 0.11
STORM TOTAL 0.12
(MM/DD(HH))
SNOWFALL (INCHES)
RECORDS
TOTAL 19.5 1997
TOTALS 1.4 2.0 -0.6 0.0
SINCE 7/1 1.4 2.2 -0.8 T
SNOWDEPTH AVG. T 0
DAYS >= 1.0 1 0.5 0.5 0
GREATEST
SNOW DEPTH T 0
24 HR TOTAL 1.4
DEGREE DAYS
HEATING TOTAL 424 418 6 316
SINCE 7/1 452 530 -78 370
COOLING TOTAL 18 10 8 11
SINCE 1/1 956 989 -33 1352
................................................................
WIND (MPH)
AVERAGE WIND SPEED 10.7
HIGHEST WIND SPEED/DIRECTION 41/340 DATE 10/13
HIGHEST GUST SPEED/DIRECTION 59/340 DATE 10/13
SKY COVER
AVERAGE SKY COVER 0.21
AVERAGE RH (PERCENT) 57
WEATHER CONDITIONS. NUMBER OF DAYS WITH
THUNDERSTORM 2 MIXED PRECIP 0
HEAVY RAIN 1 RAIN 0
LIGHT RAIN 6 FREEZING RAIN 0
LT FREEZING RAIN 0 HAIL 0
HEAVY SNOW 0 SNOW 0
LIGHT SNOW 2 SLEET 0
FOG 8 FOG W/VIS <= 1/4 MILE 2
HAZE 3
- INDICATES NEGATIVE NUMBERS.
R INDICATES RECORD WAS SET OR TIED.
MM INDICATES DATA IS MISSING.
T INDICATES TRACE AMOUNT.
$$