000
CXUS53 KAPX 010730
CF6GLR
PRELIMINARY LOCAL CLIMATOLOGICAL DATA (WS FORM: F-6)
STATION: GAYLORD
MONTH: SEPTEMBER
YEAR: 2022
LATITUDE: 45 0 N
LONGITUDE: 84 42 W
TEMPERATURE IN F: :PCPN: SNOW: WIND :SUNSHINE: SKY :PK WND
================================================================================
1 2 3 4 5 6A 6B 7 8 9 10 11 12 13 14 15 16 17 18
12Z AVG MX 2MIN
DY MAX MIN AVG DEP HDD CDD WTR SNW DPTH SPD SPD DIR MIN PSBL S-S WX SPD DR
================================================================================
1 82 45 64 2 1 0 0.00 M M 5.3 15 240 M M 1 22 260
2 87 66 77 15 0 12 0.00 M M 12.0 22 210 M M 0 30 210
3 75 59 67 5 0 2 0.06 M M 6.9 14 220 M M 6 3 18 30
4 69 50 60 -1 5 0 0.00 M M 6.5 15 40 M M 3 20 30
5 75 49 62 1 3 0 0.00 M M 5.3 13 40 M M 2 19 70
6 79 43 61 0 4 0 0.00 M M 3.4 12 50 M M 0 18 360
7 80 45 63 3 2 0 0.00 M M 1.6 9 320 M M 0 14 290
8 83 50 67 7 0 2 0.00 M M 4.2 10 180 M M 1 12 M M
9 85 61 73 13 0 8 0.00 M M 9.1 17 220 M M 0 27 210
10 83 61 72 12 0 7 0.00 M M 5.8 12 230 M M 3 22 210
11 66 60 63 4 2 0 0.25 M M 5.8 14 40 M M 10 18 21 40
12 67 60 64 5 1 0 0.37 M M 6.3 16 200 M M 10 18 21 50
13 74 59 67 8 0 2 0.41 M M 3.8 9 280 M M 6 1 15 280
14 68 50 59 1 6 0 0.00 M M 4.3 10 310 M M 3 17 330
15 70 44 57 -1 8 0 0.00 M M 6.5 16 180 M M 0 22 180
16 83 62 73 15 0 8 0.00 M M 6.8 14 220 M M 2 20 230
17 82 63 73 16 0 8 0.02 M M 9.2 18 220 M M 3 30 220
18 82 66 74 17 0 9 0.00 M M 12.1 21 230 M M 4 29 250
19 75 56 66 9 0 1 T M M 6.5 14 260 M M 5 26 310
20 79 56 68 12 0 3 0.00 M M 7.1 16 190 M M 1 18 25 170
21 74 53 64 8 1 0 0.01 M M 9.4 21 260 M M 6 18 31 270
22 56 40 48 -8 17 0 0.06 M M 6.9 13 330 M M 5 30 350
23 62 33 48 -7 17 0 0.00 M M 2.1 8 270 M M 0 M M
24 54 46 50 -5 15 0 0.04 M M 6.1 17 180 M M 7 18 24 170
25 57 50 54 0 11 0 0.33 M M 4.3 12 280 M M 10 1 19 270
26 59 49 54 0 11 0 0.35 M M 5.2 13 310 M M 10 1 27 290
27 54 44 49 -5 16 0 0.25 M M 6.6 14 310 M M 10 18 26 310
28 49 33 41 -12 24 0 0.01 M M 3.7 12 30 M M 8 1 21 350
29 62 28 45 -8 20 0 0.00 M M 1.1 6 220 M M 0 M M
30 67 33 50 -2 15 0 0.00 M M 1.9 8 200 M M 0 13 200
================================================================================
SM 2138 1514 179 62 2.16 M 175.8 M 116
================================================================================
AV 71.3 50.5 5.9 FASTST M M 4 MAX(MPH)
MISC ----> 22 210 31 270
================================================================================
NOTES:
# LAST OF SEVERAL OCCURRENCES
COLUMN 17 PEAK WIND IN M.P.H.
PRELIMINARY LOCAL CLIMATOLOGICAL DATA (WS FORM: F-6) , PAGE 2
STATION: GAYLORD
MONTH: SEPTEMBER
YEAR: 2022
LATITUDE: 45 0 N
LONGITUDE: 84 42 W
[TEMPERATURE DATA] [PRECIPITATION DATA] SYMBOLS USED IN COLUMN 16
AVERAGE MONTHLY: 60.9 TOTAL FOR MONTH: 2.16 1 = FOG OR MIST
DPTR FM NORMAL: 3.3 DPTR FM NORMAL: -1.48 2 = FOG REDUCING VISIBILITY
HIGHEST: 87 ON 2 GRTST 24HR 0.69 ON 12-13 TO 1/4 MILE OR LESS
LOWEST: 28 ON 29 3 = THUNDER
SNOW, ICE PELLETS, HAIL 4 = ICE PELLETS
TOTAL MONTH: M 5 = HAIL
GRTST 24HR M ON M 6 = FREEZING RAIN OR DRIZZLE
GRTST DEPTH: M ON M 7 = DUSTSTORM OR SANDSTORM:
VSBY 1/2 MILE OR LESS
8 = SMOKE OR HAZE
[NO. OF DAYS WITH] [WEATHER - DAYS WITH] 9 = BLOWING SNOW
X = TORNADO
MAX 32 OR BELOW: 0 0.01 INCH OR MORE: 12
MAX 90 OR ABOVE: 0 0.10 INCH OR MORE: 6
MIN 32 OR BELOW: 1 0.50 INCH OR MORE: 0
MIN 0 OR BELOW: 0 1.00 INCH OR MORE: 0
[HDD (BASE 65) ]
TOTAL THIS MO. 179 CLEAR (SCALE 0-3) 16
DPTR FM NORMAL -66 PTCLDY (SCALE 4-7) 8
TOTAL FM JUL 1 213 CLOUDY (SCALE 8-10) 6
DPTR FM NORMAL -169
[CDD (BASE 65) ]
TOTAL THIS MO. 62
DPTR FM NORMAL 37 [PRESSURE DATA]
TOTAL FM JAN 1 453 HIGHEST SLP 30.56 ON 29
DPTR FM NORMAL 181 LOWEST SLP 29.56 ON 26
[REMARKS]
#FINAL-09-22#