000
CXUS54 KHGX 011410
CF6GLS
PRELIMINARY LOCAL CLIMATOLOGICAL DATA (WS FORM: F-6)
STATION: GALVESTON
MONTH: OCTOBER
YEAR: 2023
LATITUDE: 29 16 N
LONGITUDE: 94 52 W
TEMPERATURE IN F: :PCPN: SNOW: WIND :SUNSHINE: SKY :PK WND
================================================================================
1 2 3 4 5 6A 6B 7 8 9 10 11 12 13 14 15 16 17 18
12Z AVG MX 2MIN
DY MAX MIN AVG DEP HDD CDD WTR SNW DPTH SPD SPD DIR MIN PSBL S-S WX SPD DR
================================================================================
1 90 83 87 7 0 22 0.00 0.0 0 14.5 21 80 M M 0 27 90
2 90 82 86 7 0 21 0.00 0.0 0 14.1 22 100 M M 0 30 60
3 85 78 82 3 0 17 0.50 0.0 0 15.8 25 140 M M 9 138 35 140
4 88 82 85 6 0 20 0.02 0.0 0 16.8 25 140 M M 7 38 34 150
5 84 73 79 0 0 14 0.62 0.0 0 13.7 25 360 M M 5 13 33 310
6 83 71 77 -1 0 12 0.00 0.0 0 14.8 23 10 M M 3 31 360
7 77 67 72 -6 0 7 0.00 0.0 0 17.2 24 30 M M 0 33 30
8 73 62 68 -10 0 3 0.00 0.0 0 7.9 20 40 M M 0 27 30
9 80 64 72 -6 0 7 0.00 0.0 0 3.6 13 180 M M 0 17 190
10 81 69 75 -2 0 10 0.02 0.0 0 4.8 12 130 M M 2 14 130
11 75 67 71 -6 0 6 1.21 0.0 0 12.7 25 80 M M 9 1 36 50
12 79 66 73 -4 0 8 0.00 0.0 0 9.4 14 120 M M 5 19 110
13 83 74 79 3 0 14 0.00 0.0 0 8.1 15 110 M M 3 20 120
14 78 67 73 -3 0 8 T 0.0 0 17.8 28 360 M M 3 37 350
15 73 62 68 -8 0 3 0.00 0.0 0 19.9 24 350 M M 0 32 330
16 70 58 64 -12 1 0 0.00 0.0 0 14.7 25 360 M M 0 36 350
17 71 56 64 -11 1 0 0.00 0.0 0 6.7 10 140 M M 0 18 320
18 80 63 72 -3 0 7 0.00 0.0 0 8.6 15 170 M M 1 19 160
19 85 67 76 1 0 11 0.00 0.0 0 5.7 14 200 M M 0 19 270
20 89 67 78 4 0 13 0.00 0.0 0 7.4 13 210 M M 0 17 210
21 82 65 74 0 0 9 0.00 0.0 0 7.3 15 180 M M 1 18 21 190
22 85 73 79 5 0 14 0.00 0.0 0 9.5 17 120 M M 1 27 150
23 86 77 82 9 0 17 0.00 0.0 0 11.9 20 130 M M 2 26 130
24 85 77 81 8 0 16 0.00 0.0 0 14.7 20 130 M M 3 27 130
25 85 78 82 10 0 17 0.00 0.0 0 13.4 20 130 M M 7 27 120
26 84 76 80 8 0 15 0.05 0.0 0 11.7 20 130 M M 10 1 26 140
27 85 75 80 8 0 15 0.00 0.0 0 9.2 14 110 M M 2 19 110
28 85 77 81 9 0 16 0.00 0.0 0 9.6 14 120 M M 1 20 120
29 86 62 74 3 0 9 0.30 0.0 0 10.0 25 330 M M 4 1 33 350
30 62 51 57 -14 8 0 0.02 0.0 0 25.7 36 340 M M 10 1 53 350
31 59 50 55 -15 10 0 T 0.0 0 21.9 29 360 M M 7 50 350
================================================================================
SM 2498 2139 20 331 2.74 0.0 379.1 M 95
================================================================================
AV 80.6 69.0 12.2 FASTST M M 3 MAX(MPH)
MISC ----> 36 340 53 350
================================================================================
NOTES:
# LAST OF SEVERAL OCCURRENCES
COLUMN 17 PEAK WIND IN M.P.H.
PRELIMINARY LOCAL CLIMATOLOGICAL DATA (WS FORM: F-6) , PAGE 2
STATION: GALVESTON
MONTH: OCTOBER
YEAR: 2023
LATITUDE: 29 16 N
LONGITUDE: 94 52 W
[TEMPERATURE DATA] [PRECIPITATION DATA] SYMBOLS USED IN COLUMN 16
AVERAGE MONTHLY: 74.8 TOTAL FOR MONTH: 2.74 1 = FOG OR MIST
DPTR FM NORMAL: -0.5 DPTR FM NORMAL: -2.41 2 = FOG REDUCING VISIBILITY
HIGHEST: 90 ON 2, 1 GRTST 24HR 1.23 ON 10-11 TO 1/4 MILE OR LESS
LOWEST: 50 ON 31 3 = THUNDER
SNOW, ICE PELLETS, HAIL 4 = ICE PELLETS
TOTAL MONTH: 0.0 INCH 5 = HAIL
GRTST 24HR 0.0 6 = FREEZING RAIN OR DRIZZLE
GRTST DEPTH: 0 7 = DUSTSTORM OR SANDSTORM:
VSBY 1/2 MILE OR LESS
8 = SMOKE OR HAZE
[NO. OF DAYS WITH] [WEATHER - DAYS WITH] 9 = BLOWING SNOW
X = TORNADO
MAX 32 OR BELOW: 0 0.01 INCH OR MORE: 8
MAX 90 OR ABOVE: 2 0.10 INCH OR MORE: 4
MIN 32 OR BELOW: 0 0.50 INCH OR MORE: 3
MIN 0 OR BELOW: 0 1.00 INCH OR MORE: 1
[HDD (BASE 65) ]
TOTAL THIS MO. 20 CLEAR (SCALE 0-3) 20
DPTR FM NORMAL 12 PTCLDY (SCALE 4-7) 7
TOTAL FM JUL 1 20 CLOUDY (SCALE 8-10) 4
DPTR FM NORMAL 16
[CDD (BASE 65) ]
TOTAL THIS MO. 331
DPTR FM NORMAL 3 [PRESSURE DATA]
TOTAL FM JAN 1 3848 HIGHEST SLP 30.37 ON 31
DPTR FM NORMAL 413 LOWEST SLP 29.67 ON 11
[REMARKS]
#FINAL-10-23#