000
CXUS52 KJAX 010800
CF6GNV
PRELIMINARY LOCAL CLIMATOLOGICAL DATA (WS FORM: F-6)
STATION: GAINESVILLE
MONTH: MARCH
YEAR: 2023
LATITUDE: 29 40 N
LONGITUDE: 82 16 W
TEMPERATURE IN F: :PCPN: SNOW: WIND :SUNSHINE: SKY :PK WND
================================================================================
1 2 3 4 5 6A 6B 7 8 9 10 11 12 13 14 15 16 17 18
12Z AVG MX 2MIN
DY MAX MIN AVG DEP HDD CDD WTR SNW DPTH SPD SPD DIR MIN PSBL S-S WX SPD DR
================================================================================
1 85 63 74 13 0 9 0.00 0.0 0 7.2 16 240 M M 5 1 22 280
2 85 58 72 11 0 7 0.00 0.0 0 6.1 18 250 M M 4 12 26 240
3 86 54 70 9 0 5 0.00 0.0 0 11.8 31 210 M M 4 1 46 200
4 82 70 76 15 0 11 0.72 0.0 0 9.7 23 240 M M 9 1 33 230
5 86 58 72 11 0 7 0.00 0.0 0 2.8 16 50 M M 5 12 22 50
6 87 58 73 12 0 8 0.00 0.0 0 1.7 10 330 M M 3 12 15 330
7 88 59 74 13 0 9 0.00 0.0 0 6.7 17 280 M M 4 12 24 280
8 77 54 66 4 0 1 0.00 0.0 0 9.3 21 70 M M 1 12 28 50
9 79 47 63 1 2 0 0.00 0.0 0 4.3 14 110 M M 2 21 120
10 83 55 69 7 0 4 0.30 0.0 0 7.5 23 230 M M 5 1 35 230
11 79 47 63 1 2 0 0.00 0.0 0 4.7 13 350 M M 1 20 340
12 82 44 63 1 2 0 0.01 0.0 0 7.8 23 240 M M 2 32 220
13 72 56 64 2 1 0 2.38 0.0 0 6.4 32 210 M M 7 13 62 230
14 68 46 57 -5 8 0 0.00 0.0 0 7.3 16 340 M M 0 21 350
15 66 41 54 -9 11 0 0.00 0.0 0 7.1 14 60 M M 0 18 50
16 74 33 54 -9 11 0 0.00 0.0 0 3.0 13 130 M M 0 19 90
17 82 49 66 3 0 1 0.00 0.0 0 9.5 21 190 M M 1 29 220
18 74 47 61 -2 4 0 1.20 0.0 0 5.9 16 330 M M 7 13 23 210
19 63 46 55 -8 10 0 0.06 0.0 0 6.4 17 10 M M 4 27 20
20 63 36 50 -13 15 0 0.00 0.0 0 6.0 15 360 M M 0 20 10
21 72 36 54 -9 11 0 0.00 0.0 0 8.4 17 70 M M 6 23 50
22 82 60 71 7 0 6 0.00 0.0 0 4.5 14 180 M M 6 12 20 160
23 85 55 70 6 0 5 0.00 0.0 0 3.1 15 150 M M 0 1 19 140
24 86 55 71 7 0 6 0.00 0.0 0 5.9 17 240 M M 0 21 240
25 87 60 74 10 0 9 0.00 0.0 0 9.5 20 220 M M 6 1 28 240
26 88 66 77 13 0 12 0.00 0.0 0 8.6 20 230 M M 5 1 29 250
27 87 64 76 11 0 11 0.00 0.0 0 6.9 17 260 M M 5 12 25 290
28 85 64 75 10 0 10 0.01 0.0 0 6.0 28 290 M M 5 13 41 290
29 75 59 67 2 0 2 0.00 0.0 0 9.0 17 50 M M 1 24 50
30 79 50 65 0 0 0 0.00 0.0 0 6.2 16 60 M M 0 21 50
31 85 53 69 4 0 4 0.00 0.0 0 5.4 16 130 M M 1 23 120
================================================================================
SM 2472 1643 77 127 4.68 0.0 204.7 M 99
================================================================================
AV 79.7 53.0 6.6 FASTST M M 3 MAX(MPH)
MISC ----> 32 210 62 230
================================================================================
NOTES:
# LAST OF SEVERAL OCCURRENCES
COLUMN 17 PEAK WIND IN M.P.H.
PRELIMINARY LOCAL CLIMATOLOGICAL DATA (WS FORM: F-6) , PAGE 2
STATION: GAINESVILLE
MONTH: MARCH
YEAR: 2023
LATITUDE: 29 40 N
LONGITUDE: 82 16 W
[TEMPERATURE DATA] [PRECIPITATION DATA] SYMBOLS USED IN COLUMN 16
AVERAGE MONTHLY: 66.4 TOTAL FOR MONTH: 4.68 1 = FOG OR MIST
DPTR FM NORMAL: 3.7 DPTR FM NORMAL: 1.19 2 = FOG REDUCING VISIBILITY
HIGHEST: 88 ON 26, 7 GRTST 24HR 2.38 ON 13-13 TO 1/4 MILE OR LESS
LOWEST: 33 ON 16 3 = THUNDER
SNOW, ICE PELLETS, HAIL 4 = ICE PELLETS
TOTAL MONTH: 0.0 INCH 5 = HAIL
GRTST 24HR 0.0 6 = FREEZING RAIN OR DRIZZLE
GRTST DEPTH: 0 7 = DUSTSTORM OR SANDSTORM:
VSBY 1/2 MILE OR LESS
8 = SMOKE OR HAZE
[NO. OF DAYS WITH] [WEATHER - DAYS WITH] 9 = BLOWING SNOW
X = TORNADO
MAX 32 OR BELOW: 0 0.01 INCH OR MORE: 7
MAX 90 OR ABOVE: 0 0.10 INCH OR MORE: 4
MIN 32 OR BELOW: 0 0.50 INCH OR MORE: 3
MIN 0 OR BELOW: 0 1.00 INCH OR MORE: 2
[HDD (BASE 65) ]
TOTAL THIS MO. 77 CLEAR (SCALE 0-3) 15
DPTR FM NORMAL -55 PTCLDY (SCALE 4-7) 15
TOTAL FM JUL 1 740 CLOUDY (SCALE 8-10) 1
DPTR FM NORMAL -361
[CDD (BASE 65) ]
TOTAL THIS MO. 127
DPTR FM NORMAL 65 [PRESSURE DATA]
TOTAL FM JAN 1 269 HIGHEST SLP 30.35 ON 21
DPTR FM NORMAL 163 LOWEST SLP 29.79 ON 3
[REMARKS]
#FINAL-03-23#