000
CXUS54 KOUN 010910
CF6GOK
PRELIMINARY LOCAL CLIMATOLOGICAL DATA (WS FORM: F-6)
STATION: GUTHRIE MUNICIPAL
MONTH: FEBRUARY
YEAR: 2023
LATITUDE: 35 50 N
LONGITUDE: 97 25 W
TEMPERATURE IN F: :PCPN: SNOW: WIND :SUNSHINE: SKY :PK WND
================================================================================
1 2 3 4 5 6A 6B 7 8 9 10 11 12 13 14 15 16 17 18
12Z AVG MX 2MIN
DY MAX MIN AVG DEP HDD CDD WTR SNW DPTH SPD SPD DIR MIN PSBL S-S WX SPD DR
================================================================================
1 30 13 22 -18 43 0 T M M 1.4 8 120 M M 1 11 140
2 48 27 38 -2 27 0 0.04 M M 3.6 9 360 M M 4 16 15 320
3 51 21 36 -4 29 0 0.00 M M 7.7 17 200 M M 0 22 190
4 62 40 51 11 14 0 0.00 M M 14.7 30 200 M M 0 42 200
5 66 26 46 6 19 0 0.00 M M 4.7 13 120 M M 0 18 140
6 71 44 58 18 7 0 0.14 M M 14.0 26 180 M M 1 13 35 180
7 45 38 42 1 23 0 0.25 M M 5.1 14 60 M M 10 1 19 60
8 40 32 36 -5 29 0 0.29 M M 8.1 20 290 M M 10 1 28 350
9 52 31 42 1 23 0 T M M 9.6 18 360 M M 3 1 31 350
10 44 25 35 -6 30 0 T M M 7.5 20 360 M M 5 27 350
11 51 17 34 -7 31 0 0.00 M M 3.1 9 250 M M 0 12 250
12 66 30 48 6 17 0 0.00 M M 10.8 25 220 M M 0 36 210
13 64 28 46 4 19 0 0.00 M M 6.0 22 170 M M 0 31 180
14 65 41 53 11 12 0 0.19 M M 14.7 36 210 M M 4 13 48 200
15 60 35 48 6 17 0 0.00 M M 9.6 18 70 M M 2 27 10
16 36 24 30 -13 35 0 0.00 M M 12.6 21 330 M M 7 35 310
17 48 16 32 -11 33 0 0.00 M M 6.3 16 240 M M 0 20 250
18 47 31 39 -4 26 0 T M M 14.3 23 180 M M 2 31 220
19 70 42 56 13 9 0 T M M 13.6 23 230 M M 0 34 240
20 61 45 53 9 12 0 0.00 0.0 M 5.9 17 230 M M 0 24 230
21 72 38 55 11 10 0 0.00 0.0 M 9.3 23 200 M M 0 31 190
22 72 29 51 7 14 0 0.14 0.0 M 14.4 28 210 M M 3 1 42 200
23 36 20 28 -16 37 0 0.00 M M 8.2 16 330 M M 0 25 310
24 30 22 26 -19 39 0 0.00 M M 6.7 14 40 M M 7 23 10
25 44 27 36 -9 29 0 T M M 3.9 17 180 M M 10 18 21 190
26 66 43 55 10 10 0 0.06 M M 15.2 37 200 M M 9 138 52 170
27 71 48 60 14 5 0 0.00 M M 12.4 31 250 M M 1 8 47 230
28 76 39 58 12 7 0 0.00 M M 10.3 22 220 M M 0 29 220
================================================================================
SM 1544 872 606 0 1.11 0.0 253.7 M 79
================================================================================
AV 55.1 31.1 9.1 FASTST M M 3 MAX(MPH)
MISC ----> 37 200 52 170
================================================================================
NOTES:
# LAST OF SEVERAL OCCURRENCES
COLUMN 17 PEAK WIND IN M.P.H.
PRELIMINARY LOCAL CLIMATOLOGICAL DATA (WS FORM: F-6) , PAGE 2
STATION: GUTHRIE MUNICIPAL
MONTH: FEBRUARY
YEAR: 2023
LATITUDE: 35 50 N
LONGITUDE: 97 25 W
[TEMPERATURE DATA] [PRECIPITATION DATA] SYMBOLS USED IN COLUMN 16
AVERAGE MONTHLY: 43.1 TOTAL FOR MONTH: 1.11 1 = FOG OR MIST
DPTR FM NORMAL: 0.6 DPTR FM NORMAL: -0.14 2 = FOG REDUCING VISIBILITY
HIGHEST: 76 ON 28 GRTST 24HR 0.38 ON 6- 7 TO 1/4 MILE OR LESS
LOWEST: 13 ON 1 3 = THUNDER
SNOW, ICE PELLETS, HAIL 4 = ICE PELLETS
TOTAL MONTH: 0.0 INCH 5 = HAIL
GRTST 24HR 0.0 6 = FREEZING RAIN OR DRIZZLE
GRTST DEPTH: M ON M 7 = DUSTSTORM OR SANDSTORM:
VSBY 1/2 MILE OR LESS
8 = SMOKE OR HAZE
[NO. OF DAYS WITH] [WEATHER - DAYS WITH] 9 = BLOWING SNOW
X = TORNADO
MAX 32 OR BELOW: 2 0.01 INCH OR MORE: 7
MAX 90 OR ABOVE: 0 0.10 INCH OR MORE: 5
MIN 32 OR BELOW: 17 0.50 INCH OR MORE: 0
MIN 0 OR BELOW: 0 1.00 INCH OR MORE: 0
[HDD (BASE 65) ]
TOTAL THIS MO. 606 CLEAR (SCALE 0-3) 19
DPTR FM NORMAL -27 PTCLDY (SCALE 4-7) 5
TOTAL FM JUL 1 2776 CLOUDY (SCALE 8-10) 4
DPTR FM NORMAL -101
[CDD (BASE 65) ]
TOTAL THIS MO. 0
DPTR FM NORMAL -1 [PRESSURE DATA]
TOTAL FM JAN 1 0 HIGHEST SLP 30.63 ON 3
DPTR FM NORMAL 0 LOWEST SLP 29.22 ON 14
[REMARKS]
#FINAL-02-23#