000
CXUS53 KGRB 151613
CF6GRB
PRELIMINARY LOCAL CLIMATOLOGICAL DATA (WS FORM: F-6)
STATION: GREEN BAY WI
MONTH: JANUARY
YEAR: 2022
LATITUDE: 44 28 N
LONGITUDE: 88 8 W
TEMPERATURE IN F: :PCPN: SNOW: WIND :SUNSHINE: SKY :PK WND
================================================================================
1 2 3 4 5 6A 6B 7 8 9 10 11 12 13 14 15 16 17 18
12Z AVG MX 2MIN
DY MAX MIN AVG DEP HDD CDD WTR SNW DPTH SPD SPD DIR MIN PSBL S-S WX SPD DR
================================================================================
1 26 12 19 -1 46 0 0.00 0.0 3 14.3 22 20 M M 10 27 20
2 18 2 10 -10 55 0 0.00 0.0 3 6.5 12 260 M M 2 15 350
3 21 1 11 -9 54 0 0.00 0.0 3 7.6 16 210 M M 0 24 210
4 32 11 22 2 43 0 0.00 0.0 3 6.1 14 160 M M 1 8 18 170
5 29 16 23 4 42 0 0.15 3.1 6 11.6 24 260 M M 10 12 32 270
6 19 9 14 -5 51 0 0.05 1.1 6 10.7 20 300 M M 9 18 25 310
7 19 2 11 -8 54 0 T T 6 6.5 14 300 M M 6 18 300
8 26 9 18 -1 47 0 T T 6 12.6 21 190 M M 9 1 32 210
9 27 1 14 -5 51 0 0.01 T 5 16.1 32 290 M M 3 18 44 280
10 5 -10 -2 -21 67 0 0.00 0.0 5 8.0 18 270 M M 0 23 290
11 29 -9 10 -8 55 0 0.00 0.0 4 8.8 21 200 M M 2 31 210
12 33 27 30 12 35 0 0.00 0.0 4 6.7 16 280 M M 8 22 260
13 34 18 26 8 39 0 T T 4 7.5 28 50 M M 10 128 33 50
14 18 10 14 -4 51 0 T T 4 17.5 31 50 M M 9 39 60
15 14 -3 6 -12 59 0 T 0.2 4 8.0 21 30 M M 6 8 26 30
16 21 -4 9 -9 56 0 T T 4 6.4 14 200 M M 4 19 210
17 28 20 24 6 41 0 0.00 0.0 4 10.4 17 280 M M 10 23 320
18 37 26 32 14 33 0 0.00 0.0 3 10.2 22 170 M M 8 33 210
19 37 4 21 3 44 0 0.00 0.0 3 15.9 29 280 M M 4 40 260
20 10 -6 2 -16 63 0 0.00 0.0 3 6.5 14 320 M M 0 19 310
21 18 -10 4 -14 61 0 0.00 0.0 3 8.7 22 190 M M 0 34 190
22 24 11 18 0 47 0 0.05 0.8 4 15.1 28 280 M M 9 8 38 270
23 12 0 6 -12 59 0 0.01 0.1 5 7.5 14 260 M M 3 18 270
24 19 -1 9 -9 56 0 0.05 2.2 7 6.8 16 310 M M 6 18 20 340
25 7 -9 -1 -19 66 0 0.00 0.0 6 10.7 16 290 M M 0 21 280
26 11 -17 -3 -21 68 0 0.00 0.0 5 10.9 22 200 M M 0 34 200
27 29 7 18 0 47 0 T T 5 11.6 24 340 M M 6 8 34 310
28 18 -8 5 -13 60 0 0.00 0.0 5 4.4 12 260 M M 3 15 290
29 21 11 16 -2 49 0 T T 5 5.3 13 190 M M 10 19 190
30 28 15 22 4 43 0 0.00 0.0 5 6.0 15 20 M M 8 18 10
31 33 10 22 4 43 0 0.00 0.0 4 9.7 23 150 M M 4 30 170
================================================================================
SM 703 145 1585 0 0.32 7.5 294.6 M 160
================================================================================
AV 22.7 4.7 9.5 FASTST M M 5 MAX(MPH)
MISC ----> 32 290 44 280
================================================================================
NOTES:
# LAST OF SEVERAL OCCURRENCES
COLUMN 17 PEAK WIND IN M.P.H.
PRELIMINARY LOCAL CLIMATOLOGICAL DATA (WS FORM: F-6) , PAGE 2
STATION: GREEN BAY WI
MONTH: JANUARY
YEAR: 2022
LATITUDE: 44 28 N
LONGITUDE: 88 8 W
[TEMPERATURE DATA] [PRECIPITATION DATA] SYMBOLS USED IN COLUMN 16
AVERAGE MONTHLY: 13.7 TOTAL FOR MONTH: 0.32 1 = FOG OR MIST
DPTR FM NORMAL: -4.6 DPTR FM NORMAL: -1.07 2 = FOG REDUCING VISIBILITY
HIGHEST: 37 ON 19,18 GRTST 24HR 0.15 ON 5- 5 TO 1/4 MILE OR LESS
LOWEST: -17 ON 26 3 = THUNDER
SNOW, ICE PELLETS, HAIL 4 = ICE PELLETS
TOTAL MONTH: 7.5 INCHES 5 = HAIL
GRTST 24HR 3.1 ON 5- 5 6 = FREEZING RAIN OR DRIZZLE
GRTST DEPTH: 7 ON 24 7 = DUSTSTORM OR SANDSTORM:
VSBY 1/2 MILE OR LESS
8 = SMOKE OR HAZE
[NO. OF DAYS WITH] [WEATHER - DAYS WITH] 9 = BLOWING SNOW
X = TORNADO
MAX 32 OR BELOW: 26 0.01 INCH OR MORE: 6
MAX 90 OR ABOVE: 0 0.10 INCH OR MORE: 1
MIN 32 OR BELOW: 31 0.50 INCH OR MORE: 0
MIN 0 OR BELOW: 11 1.00 INCH OR MORE: 0
[HDD (BASE 65) ]
TOTAL THIS MO. 1585 CLEAR (SCALE 0-3) 11
DPTR FM NORMAL 137 PTCLDY (SCALE 4-7) 10
TOTAL FM JUL 1 3984 CLOUDY (SCALE 8-10) 10
DPTR FM NORMAL -297
[CDD (BASE 65) ]
TOTAL THIS MO. 0
DPTR FM NORMAL 0 [PRESSURE DATA]
TOTAL FM JAN 1 0 HIGHEST SLP 30.67 ON 20
DPTR FM NORMAL 0 LOWEST SLP 29.38 ON 5
[REMARKS]
#FINAL-01-22#