000
CXUS53 KGID 011254
CLMGRI
CLIMATE REPORT
NATIONAL WEATHER SERVICE HASTINGS NE
754 AM CDT SUN OCT 01 2023
...................................
...THE GRAND ISLAND NE CLIMATE SUMMARY FOR THE MONTH OF SEPTEMBER 2023...
CLIMATE NORMAL PERIOD 1991 TO 2020
CLIMATE RECORD PERIOD 1895 TO 2023
WEATHER OBSERVED NORMAL DEPART LAST YEAR`S
VALUE DATE(S) VALUE FROM VALUE DATE(S)
NORMAL
................................................................
TEMPERATURE (F)
RECORD
HIGH 109 09/06/1931
LOW 20 09/30/1920
HIGHEST 101 09/02 95 6 100 09/20
LOWEST 46 09/17 35 11 41 09/26
09/28
AVG. MAXIMUM 84.9 79.3 5.6 84.7
AVG. MINIMUM 57.0 53.9 3.1 55.7
MEAN 70.9 66.6 4.3 70.2
DAYS MAX >= 90 9 4.3 4.7 10
DAYS MAX <= 32 0 0.0 0.0 0
DAYS MIN <= 32 0 0.2 -0.2 0
DAYS MIN <= 0 0 0.0 0.0 0
PRECIPITATION (INCHES)
RECORD
MAXIMUM 9.00 1965
MINIMUM 0.01 1998
TOTALS 1.55 2.00 -0.45 1.29
DAILY AVG. 0.05 0.07 -0.02 0.04
DAYS >= .01 4 6.8 -2.8 7
DAYS >= .10 3 4.1 -1.1 2
DAYS >= .50 1 1.3 -0.3 1
DAYS >= 1.00 0 0.4 -0.4 0
GREATEST
24 HR. TOTAL 1.05 09/21 TO 09/22
SNOWFALL (INCHES)
RECORDS
TOTAL 3.8 1985
TOTALS 0.0 0.1 -0.1 0.0
SINCE 7/1 0.0 0.1 -0.1 MM
DAYS >= 1.0 0 0.0 0.0 0
GREATEST
SNOW DEPTH 0 0
24 HR TOTAL MM
DEGREE DAYS
HEATING TOTAL 8 83 -75 30
SINCE 7/1 8 89 -81 MM
COOLING TOTAL 194 131 63 194
SINCE 1/1 1302 1139 163 MM
................................................................
WIND (MPH)
AVERAGE WIND SPEED 9.1
HIGHEST WIND SPEED/DIRECTION 31/320 DATE 09/05
HIGHEST GUST SPEED/DIRECTION 42/300 DATE 09/05
SKY COVER
POSSIBLE SUNSHINE (PERCENT) MM
AVERAGE SKY COVER 0.17
NUMBER OF DAYS FAIR 23
NUMBER OF DAYS PC 6
NUMBER OF DAYS CLOUDY 1
AVERAGE RH (PERCENT) 60
WEATHER CONDITIONS. NUMBER OF DAYS WITH
THUNDERSTORM 2 MIXED PRECIP 0
HEAVY RAIN 1 RAIN 2
LIGHT RAIN 6 FREEZING RAIN 0
LT FREEZING RAIN 0 HAIL 0
HEAVY SNOW 0 SNOW 0
LIGHT SNOW 0 SLEET 0
FOG 11 FOG W/VIS <= 1/4 MILE 0
HAZE 7
- INDICATES NEGATIVE NUMBERS.
R INDICATES RECORD WAS SET OR TIED.
MM INDICATES DATA IS MISSING.
T INDICATES TRACE AMOUNT.
$$