000
CXUS53 KIWX 010910
CF6GSH
PRELIMINARY LOCAL CLIMATOLOGICAL DATA (WS FORM: F-6)
STATION: GOSHEN
MONTH: JANUARY
YEAR: 2024
LATITUDE: 41 31 N
LONGITUDE: 85 47 W
TEMPERATURE IN F: :PCPN: SNOW: WIND :SUNSHINE: SKY :PK WND
================================================================================
1 2 3 4 5 6A 6B 7 8 9 10 11 12 13 14 15 16 17 18
12Z AVG MX 2MIN
DY MAX MIN AVG DEP HDD CDD WTR SNW DPTH SPD SPD DIR MIN PSBL S-S WX SPD DR
================================================================================
1 38 32 35 9 30 0 0.00 M M 9.8 16 260 M M 10 18 21 270
2 36 30 33 7 32 0 0.00 M M 13.4 22 220 M M 8 28 220
3 35 31 33 7 32 0 T M M 7.0 14 360 M M 10 168 17 220
4 32 24 28 2 37 0 0.00 0.0 0 7.0 14 10 M M 9 19 350
5 34 21 28 2 37 0 0.00 0.0 0 6.1 13 80 M M 5 17 80
6 33 27 30 4 35 0 0.01 M M 5.8 13 90 M M 10 1 17 90
7 33 31 32 6 33 0 0.04 M M 9.7 18 260 M M 10 1 26 260
8 34 31 33 8 32 0 T M M 9.2 20 100 M M 9 27 100
9 37 31 34 9 31 0 0.77 M M 13.4 28 100 M M 10 1 37 100
10 34 30 32 7 33 0 0.02 M M 14.7 24 300 M M 10 1 33 290
11 34 28 31 6 34 0 T M M 10.1 23 260 M M 10 1 32 260
12 34 29 32 7 33 0 0.50 M M 16.5 37 230 M M 9 12 48 220
13 29 8 19 -6 46 0 T M M 23.1 38 220 M M 10 128 52 220
14 8 -7 1 -24 64 0 T M M 17.6 31 260 M M 6 18 43 240
15 5 -9 -2 -27 67 0 0.00 M M 9.6 16 240 M M 2 20 250
16 5 -1 2 -23 63 0 T M M 15.1 22 230 M M 4 8 29 250
17 22 0 11 -14 54 0 0.00 M M 14.7 23 230 M M 3 31 220
18 24 20 22 -2 43 0 0.04 M M 5.2 13 230 M M 10 18 17 250
19 21 9 15 -9 50 0 0.03 M M 9.6 16 250 M M 9 1 23 250
20 22 -5 9 -15 56 0 T M M 10.2 21 290 M M 7 18 29 280
21 17 -3 7 -17 58 0 T M M 7.7 14 180 M M 2 1 19 180
22 32 16 24 0 41 0 0.12 M M 14.2 21 220 M M 8 16 27 220
23 37 32 35 11 30 0 0.27 M M 7.2 14 140 M M 10 12 20 130
24 38 33 36 12 29 0 0.31 M M 3.7 10 110 M M 10 12 14 130
25 38 33 36 12 29 0 0.60 M M 5.0 14 30 M M 10 12 20 30
26 39 34 37 13 28 0 0.30 0.0 M 2.5 14 50 M M 10 12 19 40
27 40 33 37 13 28 0 0.06 M M 4.1 14 30 M M 10 12 19 30
28 39 32 36 11 29 0 0.20 M M 13.5 20 350 M M 10 1 28 360
29 33 31 32 7 33 0 T M M 11.1 20 200 M M 10 1 26 200
30 36 31 34 9 31 0 0.02 M M 8.1 18 200 M M 10 16 26 200
31 40 34 37 12 28 0 0.00 0.0 M 10.2 22 240 M M 10 1 29 220
================================================================================
SM 939 666 1206 0 3.29 0.0 315.1 M 261
================================================================================
AV 30.3 21.5 10.2 FASTST M M 8 MAX(MPH)
MISC ----> 38 220 52 220
================================================================================
NOTES:
# LAST OF SEVERAL OCCURRENCES
COLUMN 17 PEAK WIND IN M.P.H.
PRELIMINARY LOCAL CLIMATOLOGICAL DATA (WS FORM: F-6) , PAGE 2
STATION: GOSHEN
MONTH: JANUARY
YEAR: 2024
LATITUDE: 41 31 N
LONGITUDE: 85 47 W
[TEMPERATURE DATA] [PRECIPITATION DATA] SYMBOLS USED IN COLUMN 16
AVERAGE MONTHLY: 25.9 TOTAL FOR MONTH: 3.29 1 = FOG OR MIST
DPTR FM NORMAL: 0.9 DPTR FM NORMAL: 1.56 2 = FOG REDUCING VISIBILITY
HIGHEST: 40 ON 31,27 GRTST 24HR 1.34 ON 9-10 TO 1/4 MILE OR LESS
LOWEST: -9 ON 15 3 = THUNDER
SNOW, ICE PELLETS, HAIL 4 = ICE PELLETS
TOTAL MONTH: 0.0 INCH 5 = HAIL
GRTST 24HR 0.0 6 = FREEZING RAIN OR DRIZZLE
GRTST DEPTH: 0 7 = DUSTSTORM OR SANDSTORM:
VSBY 1/2 MILE OR LESS
8 = SMOKE OR HAZE
[NO. OF DAYS WITH] [WEATHER - DAYS WITH] 9 = BLOWING SNOW
X = TORNADO
MAX 32 OR BELOW: 11 0.01 INCH OR MORE: 15
MAX 90 OR ABOVE: 0 0.10 INCH OR MORE: 8
MIN 32 OR BELOW: 26 0.50 INCH OR MORE: 3
MIN 0 OR BELOW: 6 1.00 INCH OR MORE: 0
[HDD (BASE 65) ]
TOTAL THIS MO. 1206 CLEAR (SCALE 0-3) 3
DPTR FM NORMAL -34 PTCLDY (SCALE 4-7) 5
TOTAL FM JUL 1 2867 CLOUDY (SCALE 8-10) 23
DPTR FM NORMAL -707
[CDD (BASE 65) ]
TOTAL THIS MO. 0
DPTR FM NORMAL 0 [PRESSURE DATA]
TOTAL FM JAN 1 0 HIGHEST SLP M ON M
DPTR FM NORMAL 0 LOWEST SLP 28.93 ON 9
[REMARKS]
#FINAL-01-24#