000
CXGM50 PGUM 020639
CF6GSN
PRELIMINARY LOCAL CLIMATOLOGICAL DATA (WS FORM: F-6)
STATION: SAIPAN/ISLEY_(CGS) MP
MONTH: FEBRUARY
YEAR: 2022
LATITUDE: 15 7 N
LONGITUDE: 145-44 E
TEMPERATURE IN F: :PCPN: SNOW: WIND :SUNSHINE: SKY :PK WND
================================================================================
1 2 3 4 5 6A 6B 7 8 9 10 11 12 13 14 15 16 17 18
12Z AVG MX 2MIN
DY MAX MIN AVG DEP HDD CDD WTR SNW DPTH SPD SPD DIR MIN PSBL S-S WX SPD DR
================================================================================
1 85 74 80 1 0 15 T 0.0 0 9.2 17 30 M M 2 20 30
2 83 75 79 0 0 14 0.27 0.0 0 16.1 25 60 M M 8 34 40
3 85 75 80 1 0 15 0.00 0.0 0 18.1 25 50 M M 7 32 50
4 86 77 82 3 0 17 0.00 0.0 0 16.4 22 70 M M 4 27 60
5 86 75 81 2 0 16 0.00 0.0 0 12.4 17 70 M M 2 21 60
6 86 76 81 2 0 16 0.01 0.0 0 15.2 22 50 M M 3 29 50
7 84 77 81 2 0 16 0.01 0.0 0 15.6 26 70 M M 5 32 70
8 86 77 82 3 0 17 0.01 0.0 0 21.2 28 70 M M 6 33 40
9 87 77 82 3 0 17 0.02 0.0 0 19.3 25 80 M M 7 31 60
10 86 77 82 3 0 17 0.00 0.0 0 15.3 23 70 M M 4 28 70
11 88 76 82 3 0 17 0.00 0.0 0 11.8 18 80 M M 3 22 80
12 87 74 81 2 0 16 0.01 0.0 0 13.1 22 40 M M 3 26 50
13 84 72 78 -1 0 13 0.00 0.0 0 17.6 29 60 M M 3 35 40
14 86 75 81 2 0 16 0.00 0.0 0 15.6 23 80 M M 3 28 70
15 86 74 80 1 0 15 T 0.0 0 8.1 15 80 M M 4 19 90
16 87 73 80 1 0 15 0.00 0.0 0 12.4 20 70 M M 1 24 90
17 88 77 83 4 0 18 0.00 0.0 0 12.7 22 80 M M 3 26 70
18 87 77 82 3 0 17 0.01 0.0 0 14.7 24 80 M M 5 29 80
19 88 77 83 4 0 18 0.13 0.0 0 15.2 28 80 M M 5 36 80
20 88 77 83 4 0 18 T 0.0 0 12.0 18 140 M M 2 26 140
21 87 76 82 3 0 17 T 0.0 0 12.9 21 60 M M 2 25 50
22 88 77 83 4 0 18 0.02 0.0 0 18.1 24 40 M M 4 30 60
23 88 75 82 3 0 17 0.31 0.0 0 17.5 26 50 M M 7 34 60
24 80 75 78 -1 0 13 0.42 0.0 0 19.1 28 60 M M 9 38 70
25 87 77 82 3 0 17 0.00 0.0 0 15.4 21 80 M M 3 24 70
26 87 76 82 3 0 17 0.04 0.0 0 19.6 28 60 M M 7 35 40
27 87 77 82 3 0 17 0.01 0.0 0 17.3 24 70 M M 5 30 50
28 87 76 82 3 0 17 0.09 0.0 0 20.3 28 70 M M 4 33 70
================================================================================
SM 2414 2121 0 456 1.36 0.0 432.2 M 121
================================================================================
AV 86.2 75.8 15.4 FASTST M M 4 MAX(MPH)
MISC ----> 29 60 38 70
================================================================================
NOTES:
# LAST OF SEVERAL OCCURRENCES
COLUMN 17 PEAK WIND IN M.P.H.
PRELIMINARY LOCAL CLIMATOLOGICAL DATA (WS FORM: F-6) , PAGE 2
STATION: SAIPAN/ISLEY_(CGS) MP
MONTH: FEBRUARY
YEAR: 2022
LATITUDE: 15 7 N
LONGITUDE: 145-44 E
[TEMPERATURE DATA] [PRECIPITATION DATA] SYMBOLS USED IN COLUMN 16
AVERAGE MONTHLY: 81.0 TOTAL FOR MONTH: 1.36 1 = FOG OR MIST
DPTR FM NORMAL: 1.9 DPTR FM NORMAL: -1.14 2 = FOG REDUCING VISIBILITY
HIGHEST: 88 ON 23,22 GRTST 24HR 0.64 ON 23-24 TO 1/4 MILE OR LESS
LOWEST: 72 ON 13 3 = THUNDER
SNOW, ICE PELLETS, HAIL 4 = ICE PELLETS
TOTAL MONTH: 0.0 INCH 5 = HAIL
GRTST 24HR 0.0 6 = FREEZING RAIN OR DRIZZLE
GRTST DEPTH: 0 7 = DUSTSTORM OR SANDSTORM:
VSBY 1/2 MILE OR LESS
8 = SMOKE OR HAZE
[NO. OF DAYS WITH] [WEATHER - DAYS WITH] 9 = BLOWING SNOW
X = TORNADO
MAX 32 OR BELOW: 0 0.01 INCH OR MORE: 14
MAX 90 OR ABOVE: 0 0.10 INCH OR MORE: 4
MIN 32 OR BELOW: 0 0.50 INCH OR MORE: 0
MIN 0 OR BELOW: 0 1.00 INCH OR MORE: 0
[HDD (BASE 65) ]
TOTAL THIS MO. 0 CLEAR (SCALE 0-3) 10
DPTR FM NORMAL 0 PTCLDY (SCALE 4-7) 17
TOTAL FM JUL 1 0 CLOUDY (SCALE 8-10) 1
DPTR FM NORMAL 0
[CDD (BASE 65) ]
TOTAL THIS MO. 456
DPTR FM NORMAL 63 [PRESSURE DATA]
TOTAL FM JAN 1 938 HIGHEST SLP 30.02 ON 1
DPTR FM NORMAL 98 LOWEST SLP 29.92 ON 1
[REMARKS]
#FINAL-02-22#