000
CXUS52 KRAH 012034
CF6GSO
PRELIMINARY LOCAL CLIMATOLOGICAL DATA (WS FORM: F-6)
STATION: GREENSBORO NC
MONTH: NOVEMBER
YEAR: 2022
LATITUDE: 36 4 N
LONGITUDE: 79 57 W
TEMPERATURE IN F: :PCPN: SNOW: WIND :SUNSHINE: SKY :PK WND
================================================================================
1 2 3 4 5 6A 6B 7 8 9 10 11 12 13 14 15 16 17 18
12Z AVG MX 2MIN
DY MAX MIN AVG DEP HDD CDD WTR SNW DPTH SPD SPD DIR MIN PSBL S-S WX SPD DR
================================================================================
1 75 53 64 10 1 0 0.00 0.0 0 3.2 10 350 M M 6 12 16 330
2 70 53 62 8 3 0 0.00 0.0 0 4.9 15 60 M M 9 19 60
3 70 50 60 6 5 0 0.00 0.0 0 6.1 16 60 M M 3 28 30
4 74 52 63 10 2 0 0.00 0.0 0 5.5 13 110 M M 5 12 16 110
5 79 63 71 18 0 6 0.01 0.0 0 12.1 21 180 M M 9 1 26 180
6 76 63 70 17 0 5 0.05 0.0 0 7.6 17 170 M M 9 1 21 180
7 82 61 72 20 0 7 0.00 0.0 0 5.3 12 20 M M 5 12 17 40
8 66 50 58 6 7 0 0.00 0.0 0 12.7 25 50 M M 1 30 60
9 63 44 54 2 11 0 0.00 0.0 0 10.8 18 60 M M 4 24 50
10 64 50 57 6 8 0 0.10 0.0 0 11.5 17 60 M M 10 1 21 40
11 76 59 68 17 0 3 1.88 0.0 0 12.1 29 230 M M 9 1 41 230
12 70 57 64 13 1 0 T 0.0 0 7.5 17 200 M M 7 1 22 210
13 57 33 45 -5 20 0 0.00 0.0 0 7.8 20 310 M M 4 25 320
14 49 29 39 -11 26 0 0.00 0.0 0 4.5 12 60 M M 5 15 50
15 42 38 40 -10 25 0 0.72 0.0 0 8.3 17 50 M M 10 1 22 10
16 51 33 42 -8 23 0 0.00 0.0 0 4.8 13 310 M M 8 12 17 320
17 46 27 37 -12 28 0 0.00 0.0 0 6.0 18 310 M M 1 25 320
18 49 24 37 -12 28 0 0.00 0.0 0 5.1 17 250 M M 1 23 260
19 52 29 41 -8 24 0 0.00 0.0 0 4.2 15 290 M M 6 20 290
20 46 28 37 -11 28 0 0.00 0.0 0 7.8 16 300 M M 7 21 290
21 51 23 37 -11 28 0 0.00 0.0 0 2.4 12 210 M M 3 14 190
22 59 28 44 -4 21 0 0.00 0.0 0 2.3 10 20 M M 6 14 40
23 65 33 49 2 16 0 0.00 0.0 0 2.3 12 60 M M 3 17 120
24 63 34 49 2 16 0 0.00 0.0 0 2.9 12 120 M M 8 14 120
25 67 41 54 7 11 0 0.38 0.0 0 6.9 25 320 M M 7 18 32 320
26 64 34 49 2 16 0 0.00 0.0 0 4.0 10 210 M M 6 13 200
27 69 47 58 12 7 0 1.05 0.0 0 10.0 30 240 M M 7 12 36 230
28 63 42 53 7 12 0 0.00 0.0 0 7.0 17 310 M M 3 21 300
29 59 39 49 3 16 0 0.00 0.0 0 4.4 12 140 M M 5 8 16 200
30 60 39 50 4 15 0 0.95 0.0 0 11.7 26 310 M M 8 1 36 320
================================================================================
SM 1877 1256 398 21 5.14 0.0 201.7 M 175
================================================================================
AV 62.6 41.9 6.7 FASTST M M 6 MAX(MPH)
MISC ----> 30 240 41 230
================================================================================
NOTES:
# LAST OF SEVERAL OCCURRENCES
COLUMN 17 PEAK WIND IN M.P.H.
PRELIMINARY LOCAL CLIMATOLOGICAL DATA (WS FORM: F-6) , PAGE 2
STATION: GREENSBORO NC
MONTH: NOVEMBER
YEAR: 2022
LATITUDE: 36 4 N
LONGITUDE: 79 57 W
[TEMPERATURE DATA] [PRECIPITATION DATA] SYMBOLS USED IN COLUMN 16
AVERAGE MONTHLY: 52.2 TOTAL FOR MONTH: 5.14 1 = FOG OR MIST
DPTR FM NORMAL: 2.5 DPTR FM NORMAL: 1.87 2 = FOG REDUCING VISIBILITY
HIGHEST: 82 ON 7 GRTST 24HR 1.97 ON 10-11 TO 1/4 MILE OR LESS
LOWEST: 23 ON 21 3 = THUNDER
SNOW, ICE PELLETS, HAIL 4 = ICE PELLETS
TOTAL MONTH: 0.0 INCH 5 = HAIL
GRTST 24HR 0.0 6 = FREEZING RAIN OR DRIZZLE
GRTST DEPTH: 0 7 = DUSTSTORM OR SANDSTORM:
VSBY 1/2 MILE OR LESS
8 = SMOKE OR HAZE
[NO. OF DAYS WITH] [WEATHER - DAYS WITH] 9 = BLOWING SNOW
X = TORNADO
MAX 32 OR BELOW: 0 0.01 INCH OR MORE: 8
MAX 90 OR ABOVE: 0 0.10 INCH OR MORE: 6
MIN 32 OR BELOW: 7 0.50 INCH OR MORE: 4
MIN 0 OR BELOW: 0 1.00 INCH OR MORE: 2
[HDD (BASE 65) ]
TOTAL THIS MO. 398 CLEAR (SCALE 0-3) 7
DPTR FM NORMAL -63 PTCLDY (SCALE 4-7) 17
TOTAL FM JUL 1 675 CLOUDY (SCALE 8-10) 6
DPTR FM NORMAL 6
[CDD (BASE 65) ]
TOTAL THIS MO. 21
DPTR FM NORMAL 18 [PRESSURE DATA]
TOTAL FM JAN 1 1604 HIGHEST SLP 30.54 ON 9
DPTR FM NORMAL 52 LOWEST SLP 29.54 ON 27
[REMARKS]
#FINAL-11-22#