000
CXUS52 KGSP 010917
CF6GSP
PRELIMINARY LOCAL CLIMATOLOGICAL DATA (WS FORM: F-6)
STATION: GREENVILLE-SPARTANBURG SC
MONTH: NOVEMBER
YEAR: 2023
LATITUDE: 34 54 N
LONGITUDE: 82 13 W
TEMPERATURE IN F: :PCPN: SNOW: WIND :SUNSHINE: SKY :PK WND
================================================================================
1 2 3 4 5 6A 6B 7 8 9 10 11 12 13 14 15 16 17 18
12Z AVG MX 2MIN
DY MAX MIN AVG DEP HDD CDD WTR SNW DPTH SPD SPD DIR MIN PSBL S-S WX SPD DR
================================================================================
1 53 31 42 -14 23 0 0.00 0.0 0 5.6 15 340 M M 0 27 340
2 54 27 41 -15 24 0 0.00 0.0 0 2.6 10 80 M M 0 8 15 90
3 63 27 45 -10 20 0 0.00 0.0 0 2.3 7 170 M M 0 12 160
4 73 27 50 -5 15 0 0.00 0.0 0 2.7 9 130 M M 0 8 13 120
5 77 36 57 2 8 0 0.00 0.0 0 1.7 9 120 M M 0 15 110
6 77 42 60 6 5 0 0.00 0.0 0 4.8 15 210 M M 0 19 230
7 81 46 64 10 1 0 0.00 0.0 0 5.7 14 210 M M 0 8 23 220
8 82 48 65 11 0 0 0.00 0.0 0 4.5 14 190 M M 0 18 130
9 84 57 71 18 0 6 0.00 0.0 0 7.0 13 230 M M 0 19 200
10 69 51 60 7 5 0 0.02 0.0 0 7.0 18 40 M M 6 18 26 50
11 53 47 50 -3 15 0 0.19 0.0 0 6.8 12 30 M M 10 1 15 30
12 63 41 52 0 13 0 T 0.0 0 5.4 15 60 M M 5 23 50
13 67 36 52 0 13 0 0.00 0.0 0 2.9 8 210 M M 0 8 14 160
14 68 40 54 2 11 0 0.00 0.0 0 5.0 14 60 M M 0 20 60
15 60 45 53 1 12 0 T 0.0 0 7.2 15 40 M M 5 20 20
16 69 49 59 8 6 0 0.00 0.0 0 4.5 12 60 M M 7 8 15 60
17 68 50 59 8 6 0 0.04 0.0 0 4.0 10 80 M M 9 1 14 90
18 74 50 62 11 3 0 0.00 0.0 0 4.9 14 10 M M 1 12 21 340
19 66 42 54 3 11 0 0.00 0.0 0 4.3 10 70 M M 4 15 60
20 62 50 56 6 9 0 T 0.0 0 7.6 14 50 M M 8 19 30
21 54 45 50 0 15 0 0.79 0.0 0 7.0 17 20 M M 10 1 34 230
22 64 46 55 5 10 0 0.01 0.0 0 5.0 17 360 M M 4 1 28 350
23 60 33 47 -3 18 0 0.00 0.0 0 4.4 12 200 M M 0 16 210
24 61 38 50 1 15 0 0.00 0.0 0 2.1 8 40 M M 0 13 70
25 54 34 44 -5 21 0 0.00 0.0 0 5.6 17 60 M M 0 23 60
26 46 31 39 -10 26 0 0.03 0.0 0 4.2 13 50 M M 7 1 16 60
27 58 33 46 -2 19 0 0.00 0.0 0 4.8 13 360 M M 3 12 20 330
28 54 26 40 -8 25 0 0.00 0.0 0 4.0 14 10 M M 0 18 20
29 50 21 36 -12 29 0 0.00 0.0 0 4.6 14 240 M M 0 19 230
30 61 29 45 -3 20 0 0.00 0.0 0 4.5 13 180 M M 0 19 180
================================================================================
SM 1925 1178 398 6 1.08 0.0 142.7 M 79
================================================================================
AV 64.2 39.3 4.8 FASTST M M 3 MAX(MPH)
MISC ----> 18 40 34 230
================================================================================
NOTES:
# LAST OF SEVERAL OCCURRENCES
COLUMN 17 PEAK WIND IN M.P.H.
PRELIMINARY LOCAL CLIMATOLOGICAL DATA (WS FORM: F-6) , PAGE 2
STATION: GREENVILLE-SPARTANBURG SC
MONTH: NOVEMBER
YEAR: 2023
LATITUDE: 34 54 N
LONGITUDE: 82 13 W
[TEMPERATURE DATA] [PRECIPITATION DATA] SYMBOLS USED IN COLUMN 16
AVERAGE MONTHLY: 51.7 TOTAL FOR MONTH: 1.08 1 = FOG OR MIST
DPTR FM NORMAL: 0.1 DPTR FM NORMAL: -2.76 2 = FOG REDUCING VISIBILITY
HIGHEST: 84 ON 9 GRTST 24HR 0.79 ON 21-21 TO 1/4 MILE OR LESS
LOWEST: 21 ON 29 3 = THUNDER
SNOW, ICE PELLETS, HAIL 4 = ICE PELLETS
TOTAL MONTH: 0.0 INCH 5 = HAIL
GRTST 24HR 0.0 6 = FREEZING RAIN OR DRIZZLE
GRTST DEPTH: 0 7 = DUSTSTORM OR SANDSTORM:
VSBY 1/2 MILE OR LESS
8 = SMOKE OR HAZE
[NO. OF DAYS WITH] [WEATHER - DAYS WITH] 9 = BLOWING SNOW
X = TORNADO
MAX 32 OR BELOW: 0 0.01 INCH OR MORE: 6
MAX 90 OR ABOVE: 0 0.10 INCH OR MORE: 2
MIN 32 OR BELOW: 8 0.50 INCH OR MORE: 1
MIN 0 OR BELOW: 0 1.00 INCH OR MORE: 0
[HDD (BASE 65) ]
TOTAL THIS MO. 398 CLEAR (SCALE 0-3) 18
DPTR FM NORMAL -7 PTCLDY (SCALE 4-7) 8
TOTAL FM JUL 1 526 CLOUDY (SCALE 8-10) 4
DPTR FM NORMAL -41
[CDD (BASE 65) ]
TOTAL THIS MO. 6
DPTR FM NORMAL 2 [PRESSURE DATA]
TOTAL FM JAN 1 1602 HIGHEST SLP 30.55 ON 2
DPTR FM NORMAL -117 LOWEST SLP 29.77 ON 22
[REMARKS]
#FINAL-11-23#