000
CXUS56 KTFX 161541
CF6GTF
PRELIMINARY LOCAL CLIMATOLOGICAL DATA (WS FORM: F-6)
STATION: GREAT FALLS MT
MONTH: NOVEMBER
YEAR: 2023
LATITUDE: 47 28 N
LONGITUDE: 111 22 W
TEMPERATURE IN F: :PCPN: SNOW: WIND :SUNSHINE: SKY :PK WND
================================================================================
1 2 3 4 5 6A 6B 7 8 9 10 11 12 13 14 15 16 17 18
12Z AVG MX 2MIN
DY MAX MIN AVG DEP HDD CDD WTR SNW DPTH SPD SPD DIR MIN PSBL S-S WX SPD DR
================================================================================
1 55 31 43 5 22 0 0.00 0.0 1 11.5 20 220 M M 0 26 230
2 52 39 46 8 19 0 0.03 0.0 0 13.3 23 230 M M 9 12 31 220
3 57 34 46 8 19 0 T 0.0 0 12.9 28 230 M M 3 12 36 270
4 57 35 46 9 19 0 T 0.0 0 14.6 30 220 M M 3 40 220
5 57 41 49 12 16 0 0.00 0.0 0 17.0 32 240 M M 2 43 250
6 56 34 45 8 20 0 T 0.0 0 8.2 30 260 M M 4 41 270
7 53 39 46 10 19 0 0.00 0.0 0 18.9 35 240 M M 2 46 240
8 49 25 37 1 28 0 0.00 0.0 0 14.4 30 250 M M 1 37 260
9 49 22 36 0 29 0 0.00 0.0 0 9.7 22 240 M M 0 27 230
10 50 28 39 4 26 0 0.00 0.0 0 14.7 28 220 M M 4 36 220
11 57 34 46 11 19 0 0.00 0.0 0 23.1 40 220 M M 0 52 230
12 56 31 44 9 21 0 0.00 0.0 0 12.1 26 230 M M 0 32 230
13 63 38 51 17 14 0 0.00 0.0 0 14.5 28 220 M M 0 36 220
14 52 36 44 10 21 0 0.00 0.0 0 14.2 29 230 M M 0 38 230
15 61 32 47 13 18 0 0.12 0.6 1 12.1 28 240 M M 3 1 35 250
16 41 28 35 1 30 0 0.04 T 1 10.0 17 240 M M 5 1 23 240
17 56 33 45 12 20 0 0.00 0.0 0 15.1 25 230 M M 0 34 230
18 58 31 45 12 20 0 0.00 0.0 0 13.6 25 220 M M 0 34 230
19 56 33 45 13 20 0 0.00 0.0 0 15.1 29 240 M M 0 37 230
20 47 30 39 7 26 0 0.00 0.0 0 13.7 22 240 M M 0 27 230
21 55 36 46 14 19 0 0.00 0.0 0 22.5 36 220 M M 0 48 220
22 53 29 41 9 24 0 T 0.1 0 16.2 32 230 M M 6 1 43 230
23 29 22 26 -5 39 0 0.02 0.3 T 8.5 15 50 M M 10 126 19 50
24 23 10 17 -14 48 0 0.00 T T 4.8 12 50 M M 9 14 50
25 40 12 26 -5 39 0 0.00 0.0 T 12.7 24 220 M M 2 31 210
26 38 18 28 -2 37 0 0.00 0.0 0 8.6 14 220 M M 3 18 230
27 44 21 33 3 32 0 0.00 0.0 0 16.1 28 220 M M 0 38 220
28 52 29 41 11 24 0 0.00 0.0 0 16.4 25 230 M M 0 33 240
29 48 15 32 2 33 0 0.00 0.0 0 10.3 18 360 M M 0 8 25 210
30 31 12 22 -7 43 0 0.00 0.0 0 2.3 7 200 M M 3 1 9 240
================================================================================
SM 1495 858 764 0 0.21 1.0 397.1 M 69
================================================================================
AV 49.8 28.6 13.2 FASTST M M 2 MAX(MPH)
MISC ----> 40 220 52 230
================================================================================
NOTES:
# LAST OF SEVERAL OCCURRENCES
COLUMN 17 PEAK WIND IN M.P.H.
PRELIMINARY LOCAL CLIMATOLOGICAL DATA (WS FORM: F-6) , PAGE 2
STATION: GREAT FALLS MT
MONTH: NOVEMBER
YEAR: 2023
LATITUDE: 47 28 N
LONGITUDE: 111 22 W
[TEMPERATURE DATA] [PRECIPITATION DATA] SYMBOLS USED IN COLUMN 16
AVERAGE MONTHLY: 39.2 TOTAL FOR MONTH: 0.21 1 = FOG OR MIST
DPTR FM NORMAL: 5.6 DPTR FM NORMAL: -0.47 2 = FOG REDUCING VISIBILITY
HIGHEST: 63 ON 13 GRTST 24HR 0.16 ON 15-16 TO 1/4 MILE OR LESS
LOWEST: 10 ON 24 3 = THUNDER
SNOW, ICE PELLETS, HAIL 4 = ICE PELLETS
TOTAL MONTH: 1.0 INCH 5 = HAIL
GRTST 24HR 0.6 ON 15-15 6 = FREEZING RAIN OR DRIZZLE
GRTST DEPTH: 3 ON M 7 = DUSTSTORM OR SANDSTORM:
VSBY 1/2 MILE OR LESS
8 = SMOKE OR HAZE
[NO. OF DAYS WITH] [WEATHER - DAYS WITH] 9 = BLOWING SNOW
X = TORNADO
MAX 32 OR BELOW: 3 0.01 INCH OR MORE: 4
MAX 90 OR ABOVE: 0 0.10 INCH OR MORE: 1
MIN 32 OR BELOW: 18 0.50 INCH OR MORE: 0
MIN 0 OR BELOW: 0 1.00 INCH OR MORE: 0
[HDD (BASE 65) ]
TOTAL THIS MO. 764 CLEAR (SCALE 0-3) 22
DPTR FM NORMAL -176 PTCLDY (SCALE 4-7) 5
TOTAL FM JUL 1 1606 CLOUDY (SCALE 8-10) 3
DPTR FM NORMAL -335
[CDD (BASE 65) ]
TOTAL THIS MO. 0
DPTR FM NORMAL 0 [PRESSURE DATA]
TOTAL FM JAN 1 337 HIGHEST SLP 30.61 ON 23
DPTR FM NORMAL 27 LOWEST SLP 29.57 ON 6
[REMARKS]
#FINAL-11-23#