000
CXUS54 KFWD 010837
CF6GVT
PRELIMINARY LOCAL CLIMATOLOGICAL DATA (WS FORM: F-6)
STATION: GREENVILLE
MONTH: FEBRUARY
YEAR: 2024
LATITUDE: 33 4 N
LONGITUDE: 96 4 W
TEMPERATURE IN F: :PCPN: SNOW: WIND :SUNSHINE: SKY :PK WND
================================================================================
1 2 3 4 5 6A 6B 7 8 9 10 11 12 13 14 15 16 17 18
12Z AVG MX 2MIN
DY MAX MIN AVG DEP HDD CDD WTR SNW DPTH SPD SPD DIR MIN PSBL S-S WX SPD DR
================================================================================
1 70 39 55 8 10 0 0.00 M M 8.4 21 160 M M 0 25 160
2 66 51 59 12 6 0 0.01 M M 9.5 17 140 M M 8 1 28 140
3 62 53 58 11 7 0 0.20 M M 8.8 16 70 M M 8 1 35 170
4 63 47 55 8 10 0 0.00 M M 10.7 21 310 M M 10 18 26 310
5 62 45 54 7 11 0 0.00 M M 11.9 17 340 M M 4 29 350
6 66 34 50 3 15 0 0.00 M M 3.5 7 150 M M 0 8 M M
7 69 43 56 8 9 0 0.00 M M 10.0 16 150 M M 1 21 140
8 69 55 62 14 3 0 0.00 M M 10.0 16 190 M M 4 25 190
9 72 50 61 13 4 0 0.00 M M 6.8 16 200 M M 7 18 20 200
10 59 52 56 8 9 0 0.00 M M 2.4 10 70 M M 10 1 M M
11 54 42 48 0 17 0 0.60 M M 9.8 20 270 M M 10 1 22 320
12 54 36 45 -3 20 0 0.00 M M 12.8 24 310 M M 6 1 31 310
13 62 27 45 -4 20 0 0.52 M M 3.5 10 180 M M 0 1 17 240
14 67 34 51 2 14 0 0.32 M M 8.1 16 180 M M 0 20 160
15 69 42 56 7 9 0 0.08 M M 7.7 12 200 M M 0 M M
16 71 39 55 6 10 0 0.02 M M 14.6 24 360 M M 3 31 360
17 46 33 40 -10 25 0 0.00 M M 14.7 20 360 M M 6 29 360
18 52 25 39 -11 26 0 0.00 M M 2.6 8 350 M M 0 M M
19 64 26 45 -5 20 0 0.00 M M 8.2 22 180 M M 0 26 180
20 77 35 56 6 9 0 0.00 M M 7.4 16 190 M M 0 21 190
21 80 58 69 19 0 4 0.00 M M 17.1 23 170 M M 2 30 190
22 81 61 71 20 0 6 0.00 M M 15.0 22 190 M M 3 30 190
23 71 49 60 9 5 0 0.00 M M 10.2 20 350 M M 0 24 340
24 75 44 60 9 5 0 0.00 M M 6.2 12 240 M M 0 8 17 280
25 79 49 64 12 1 0 0.00 M M 14.5 24 190 M M 0 31 200
26 86 61 74 22 0 9 0.00 M M 14.1 20 180 M M 1 26 180
27 77 67 72 20 0 7 0.00 M M 17.1 22 210 M M 5 30 210
28 71 38 55 3 10 0 0.00 M M 14.0 26 350 M M 2 35 350
29 51 40 46 -6 19 0 0.01 M M 7.3 15 90 M M 8 21 80
================================================================================
SM 1945 1275 294 26 1.76 M 287.0 M 98
================================================================================
AV 67.1 44.0 9.9 FASTST M M 3 MAX(MPH)
MISC ----> 26 350 # 35 170
================================================================================
NOTES:
# LAST OF SEVERAL OCCURRENCES
COLUMN 17 PEAK WIND IN M.P.H.
PRELIMINARY LOCAL CLIMATOLOGICAL DATA (WS FORM: F-6) , PAGE 2
STATION: GREENVILLE
MONTH: FEBRUARY
YEAR: 2024
LATITUDE: 33 4 N
LONGITUDE: 96 4 W
[TEMPERATURE DATA] [PRECIPITATION DATA] SYMBOLS USED IN COLUMN 16
AVERAGE MONTHLY: 55.5 TOTAL FOR MONTH: 1.76 1 = FOG OR MIST
DPTR FM NORMAL: 6.3 DPTR FM NORMAL: -1.68 2 = FOG REDUCING VISIBILITY
HIGHEST: 86 ON 26 GRTST 24HR 0.60 ON 11-11 TO 1/4 MILE OR LESS
LOWEST: 25 ON 18 3 = THUNDER
SNOW, ICE PELLETS, HAIL 4 = ICE PELLETS
TOTAL MONTH: M 5 = HAIL
GRTST 24HR M ON M 6 = FREEZING RAIN OR DRIZZLE
GRTST DEPTH: M ON M 7 = DUSTSTORM OR SANDSTORM:
VSBY 1/2 MILE OR LESS
8 = SMOKE OR HAZE
[NO. OF DAYS WITH] [WEATHER - DAYS WITH] 9 = BLOWING SNOW
X = TORNADO
MAX 32 OR BELOW: 0 0.01 INCH OR MORE: 8
MAX 90 OR ABOVE: 0 0.10 INCH OR MORE: 4
MIN 32 OR BELOW: 3 0.50 INCH OR MORE: 2
MIN 0 OR BELOW: 0 1.00 INCH OR MORE: 0
[HDD (BASE 65) ]
TOTAL THIS MO. 294 CLEAR (SCALE 0-3) 15
DPTR FM NORMAL -153 PTCLDY (SCALE 4-7) 11
TOTAL FM JUL 1 1905 CLOUDY (SCALE 8-10) 3
DPTR FM NORMAL -127
[CDD (BASE 65) ]
TOTAL THIS MO. 26
DPTR FM NORMAL 21 [PRESSURE DATA]
TOTAL FM JAN 1 26 HIGHEST SLP M ON M
DPTR FM NORMAL 18 LOWEST SLP M ON M
[REMARKS]
#FINAL-02-24#